{"id":2367,"date":"2021-01-26T04:18:52","date_gmt":"2021-01-26T04:18:52","guid":{"rendered":"http:\/\/chuongdesigner.name.vn\/aodai\/?post_type=product&#038;p=2367"},"modified":"2022-02-21T10:03:42","modified_gmt":"2022-02-21T10:03:42","slug":"vai-ve-phuong-hoang","status":"publish","type":"product","link":"https:\/\/thietbitmg.com\/demo\/aodai\/product\/vai-ve-phuong-hoang\/","title":{"rendered":"H\u00ecnh Ph\u01b0\u1ee3ng Ho\u00e0ng"},"content":{"rendered":"<p>V\u1ea3i \u00e1o d\u00e0i v\u1ebd tr\u00ean n\u1ec1n v\u1ea3i L\u1ee5a, m\u1ec1m, r\u1ee7, co d\u00e3n. H\u1ecda ti\u1ebft v\u1ebd s\u1eafc n\u00e9t, m\u1eabu m\u00e3 \u0111a d\u1ea1ng phong ph\u00fa, v\u1ea3i \u00e1o d\u00e0i v\u1ebd \u0111\u01b0\u1ee3c v\u1ebd b\u1edfi c\u00e1c ngh\u1ec7 nh\u00e2n n\u1ed5i ti\u1ebfng trong l\u00e0ng \u00e1o d\u00e0i Vi\u1ec7t Nam<\/p>\n<p class=\"red\">\u2192 M\u00e0u s\u1eafc v\u1ea3i gi\u1ed1ng t\u1eeb 90% \u0111\u1ebfn 98% so v\u1edbi h\u00ecnh \u1ea3nh.<\/p>\n<p><a class=\"ui-link\" href=\"http:\/\/www.vaiaodaire.com\/chia-se-kinh-nghiem\/kinh-nghiem-chon-ao-dai-dong-phuc-21\">\u2192 C\u00e1ch ch\u1ecdn v\u1ea3i \u00e1o d\u00e0i \u0111\u1ed3ng ph\u1ee5c.<\/a><\/p>\n","protected":false},"excerpt":{"rendered":"<table cellspacing=\"0\">\n<tbody>\n<tr>\n<td class=\"title\">M\u00e3 V\u1ea3i<\/td>\n<td><b>V3D 10227<\/b> | <strong>M\u00e3 m\u00e0u:<\/strong>\u00a0tr\u00ean h\u00ecnh<\/td>\n<\/tr>\n<tr>\n<td class=\"title\">Danh m\u1ee5c<\/td>\n<td><a class=\"ui-link\" title=\"V\u1ea3i \u00e1o d\u00e0i K\u1ebft\" href=\"http:\/\/www.vaiaodaire.com\/vai-ao-dai\/vai-ao-dai-ket-23\" data-ajax=\"false\">V\u1ea3i \u00e1o d\u00e0i K\u1ebft.<\/a><\/td>\n<\/tr>\n<tr>\n<td class=\"title\">Kh\u1ed5 v\u1ea3i<\/td>\n<td>\u00c1o: 1,55m x 2,2m .<\/td>\n<\/tr>\n<tr>\n<td class=\"title\">Gi\u00e1 ti\u1ec1n<\/td>\n<td class=\"priceList\"><span style=\"color: #00a859;\"><strong>3,000,000 \u0111\/\u00c1o.<\/strong><\/span> \u2192 <span style=\"color: #ed1c24;\"><strong>3,150,000 \u0111\/B\u1ed9<\/strong><\/span>.<\/td>\n<\/tr>\n<tr>\n<td class=\"title\">T\u00ecnh tr\u1ea1ng<\/td>\n<td>H\u00e0ng c\u00f3 s\u1eb5n.<\/td>\n<\/tr>\n<\/tbody>\n<\/table>\n","protected":false},"featured_media":2368,"comment_status":"open","ping_status":"closed","template":"","meta":[],"_links":{"self":[{"href":"https:\/\/thietbitmg.com\/demo\/aodai\/wp-json\/wp\/v2\/product\/2367"}],"collection":[{"href":"https:\/\/thietbitmg.com\/demo\/aodai\/wp-json\/wp\/v2\/product"}],"about":[{"href":"https:\/\/thietbitmg.com\/demo\/aodai\/wp-json\/wp\/v2\/types\/product"}],"replies":[{"embeddable":true,"href":"https:\/\/thietbitmg.com\/demo\/aodai\/wp-json\/wp\/v2\/comments?post=2367"}],"wp:featuredmedia":[{"embeddable":true,"href":"https:\/\/thietbitmg.com\/demo\/aodai\/wp-json\/wp\/v2\/media\/2368"}],"wp:attachment":[{"href":"https:\/\/thietbitmg.com\/demo\/aodai\/wp-json\/wp\/v2\/media?parent=2367"}],"curies":[{"name":"wp","href":"https:\/\/api.w.org\/{rel}","templated":true}]}}