{"id":1416,"date":"2020-09-24T02:02:51","date_gmt":"2020-09-24T02:02:51","guid":{"rendered":"http:\/\/chuongdesigner.name.vn\/noithat\/?post_type=product&#038;p=1416"},"modified":"2021-08-04T08:44:07","modified_gmt":"2021-08-04T08:44:07","slug":"mau-ban-tho-treo-tuong-dep-btg2012","status":"publish","type":"product","link":"https:\/\/thietbitmg.com\/demo\/banthogo\/mau-ban-tho-treo-tuong-dep-btg2012\/","title":{"rendered":"M\u1eabu B\u00e0n Th\u1edd Treo T\u01b0\u1eddng \u0110\u1eb9p BTG2012"},"content":{"rendered":"<p>Th\u01b0\u01a1ng hi\u1ec7u\u00a0<em><strong>B\u00e0n th\u1edd g\u1ed7 T\u00e2m Ph\u00e1t<\/strong><\/em>\u00a0\u0111ang l\u00e0 m\u1ed9t trong nh\u1eefng th\u01b0\u01a1ng hi\u1ec7u uy t\u00edn \u2013 ch\u1ea5t l\u01b0\u1ee3ng tr\u00ean th\u1ecb tr\u01b0\u1eddng n\u1ed9i th\u1ea5t ph\u00f2ng th\u1edd t\u1ea1i mi\u1ec1n B\u1eafc. T\u1ea5t c\u00e1c c\u00e1c kh\u00e1ch h\u00e0ng khi \u0111\u1ebfn v\u1edbi ch\u00fang t\u00f4i \u0111\u1ec1u \u0111\u00e1nh gi\u00e1 h\u00e0i l\u00f2ng v\u1ec1 m\u1eabu m\u00e3, ch\u1ea5t l\u01b0\u1ee3ng, gi\u00e1 th\u00e0nh s\u1ea3n ph\u1ea9m c\u0169ng nh\u01b0 cung c\u00e1ch ph\u1ee5c v\u1ee5 nhi\u1ec7t t\u00ecnh c\u1ee7a \u0111\u1ed9i ng\u0169 k\u1ef9 thu\u1eadt. H\u00f4m nay ch\u00fang t\u00f4i gi\u1edbi thi\u1ec7u \u0111\u1ebfn kh\u00e1ch h\u00e0ng\u00a0<em><strong><a href=\"https:\/\/banthogo.vn\/ban-tho-treo-tuong\">m\u1eabu b\u00e0n th\u1edd treo t\u01b0\u1eddng \u0111\u1eb9p<\/a>\u00a0BTG2012<\/strong><\/em>\u00a0r\u1ea5t \u0111\u01b0\u1ee3c \u01b0a chu\u1ed9ng hi\u1ec7n nay.<\/p>\n<figure id=\"attachment_3104\" class=\"wp-caption aligncenter\" aria-describedby=\"caption-attachment-3104\"><img loading=\"lazy\" class=\"wp-image-3104 size-full\" title=\"M\u1eabu B\u00e0n Th\u1edd Treo T\u01b0\u1eddng \u0110\u1eb9p BTG2012 - \u1ea2nh 1\" src=\"https:\/\/banthogo.vn\/wp-content\/uploads\/2020\/04\/mau-ban-tho-treo-tuong-dep-btg2012-02.jpg\" sizes=\"(max-width: 600px) 100vw, 600px\" srcset=\"https:\/\/banthogo.vn\/wp-content\/uploads\/2020\/04\/mau-ban-tho-treo-tuong-dep-btg2012-02.jpg 600w, https:\/\/banthogo.vn\/wp-content\/uploads\/2020\/04\/mau-ban-tho-treo-tuong-dep-btg2012-02-247x247.jpg 247w, https:\/\/banthogo.vn\/wp-content\/uploads\/2020\/04\/mau-ban-tho-treo-tuong-dep-btg2012-02-100x100.jpg 100w, https:\/\/banthogo.vn\/wp-content\/uploads\/2020\/04\/mau-ban-tho-treo-tuong-dep-btg2012-02-510x510.jpg 510w, https:\/\/banthogo.vn\/wp-content\/uploads\/2020\/04\/mau-ban-tho-treo-tuong-dep-btg2012-02-150x150.jpg 150w, https:\/\/banthogo.vn\/wp-content\/uploads\/2020\/04\/mau-ban-tho-treo-tuong-dep-btg2012-02-300x300.jpg 300w\" alt=\"M\u1eabu B\u00e0n Th\u1edd Treo T\u01b0\u1eddng \u0110\u1eb9p BTG2012 - \u1ea2nh 1\" width=\"600\" height=\"600\" \/><figcaption id=\"caption-attachment-3104\" class=\"wp-caption-text\">B\u00e0n th\u1edd treo t\u01b0\u1eddng BTG2012 \u0111\u01b0\u1ee3c nhi\u1ec1u kh\u00e1ch h\u00e0ng l\u1ef1a ch\u1ecdn<\/figcaption><\/figure>\n<h2><span id=\"Thong-tin-ve-mau-ban-tho-treo-tuong-dep-BTG2012\"><strong>Th\u00f4ng tin v\u1ec1 m\u1eabu b\u00e0n th\u1edd treo t\u01b0\u1eddng \u0111\u1eb9p BTG2012<\/strong><\/span><\/h2>\n<table>\n<tbody>\n<tr>\n<td>K\u00edch th\u01b0\u1edbc<\/td>\n<td>S\u00e2u 48 \u2013 Ngang 69<\/td>\n<\/tr>\n<tr>\n<td>KT kh\u00e1c<\/td>\n<td>41\u00d761, 48\u00d781, 48\u00d789, 61\u00d7107<\/td>\n<\/tr>\n<tr>\n<td>Ch\u1ea5t li\u1ec7u<\/td>\n<td>G\u1ed7 S\u1ed3i<\/td>\n<\/tr>\n<tr>\n<td>Ch\u1ea5t li\u1ec7u kh\u00e1c<\/td>\n<td>G\u1ed7 M\u00edt, g\u1ed7 G\u00f5, g\u1ed7 G\u1ee5, g\u1ed7 H\u01b0\u01a1ng<\/td>\n<\/tr>\n<tr>\n<td>M\u00e0u s\u1eafc<\/td>\n<td>\n<div>Tu\u1ef3 ch\u1ecdn ho\u1eb7c Theo y\u00eau c\u1ea7u<\/div>\n<\/td>\n<\/tr>\n<\/tbody>\n<\/table>\n<h3><span id=\"Ve-thiet-ke-san-pham\"><strong>V\u1ec1 thi\u1ebft k\u1ebf s\u1ea3n ph\u1ea9m<\/strong><\/span><\/h3>\n<p>S\u1ea3n ph\u1ea9m\u00a0<em><strong>m\u1eabu b\u00e0n th\u1edd treo t\u01b0\u1eddng \u0111\u1eb9p BTG2012<\/strong><\/em>\u00a0\u0111\u01b0\u1ee3c s\u1ea3n xu\u1ea5t v\u00e0 ph\u00e2n ph\u1ed1i \u0111\u1ed9c quy\u1ec1n b\u1edfi th\u01b0\u01a1ng hi\u1ec7u\u00a0<strong>B\u00e0n th\u1edd g\u1ed7 T\u00e2m Ph\u00e1t<\/strong>. V\u1edbi c\u1ea5u tr\u00fac 2 ph\u1ea7n ri\u00eang bi\u1ec7t l\u00e0 ph\u1ea7n b\u00e0n th\u1edd v\u00e0 t\u1ea5m ch\u1ed1ng \u00e1m kh\u00f3i. Ngo\u00e0i ra n\u1ebfu kh\u00e1ch h\u00e0ng c\u1ea7n kh\u00f4ng gian th\u1edd y\u00ean t\u0129nh th\u00ec n\u00ean l\u1eafp th\u00eam 2 v\u00e1ch ng\u0103n 2 b\u00ean \u0111\u1ec3 ch\u1eafn b\u1ee5i, ch\u1eafn s\u00e1ng v\u00e0 ch\u1eafn gi\u00f3.<\/p>\n<figure id=\"attachment_7166\" class=\"wp-caption aligncenter\" aria-describedby=\"caption-attachment-7166\"><img loading=\"lazy\" class=\"size-full wp-image-7166\" title=\"M\u1eabu B\u00e0n Th\u1edd Treo T\u01b0\u1eddng \u0110\u1eb9p BTG2012 9\" src=\"https:\/\/banthogo.vn\/wp-content\/uploads\/2021\/06\/mau-trang-tho-dep-15.jpg\" sizes=\"(max-width: 650px) 100vw, 650px\" srcset=\"https:\/\/banthogo.vn\/wp-content\/uploads\/2021\/06\/mau-trang-tho-dep-15.jpg 650w, https:\/\/banthogo.vn\/wp-content\/uploads\/2021\/06\/mau-trang-tho-dep-15-300x300.jpg 300w, https:\/\/banthogo.vn\/wp-content\/uploads\/2021\/06\/mau-trang-tho-dep-15-150x150.jpg 150w, https:\/\/banthogo.vn\/wp-content\/uploads\/2021\/06\/mau-trang-tho-dep-15-247x247.jpg 247w, https:\/\/banthogo.vn\/wp-content\/uploads\/2021\/06\/mau-trang-tho-dep-15-510x510.jpg 510w, https:\/\/banthogo.vn\/wp-content\/uploads\/2021\/06\/mau-trang-tho-dep-15-100x100.jpg 100w\" alt=\"M\u1eabu trang th\u1edd treo t\u01b0\u1eddng k\u1ebft h\u1ee3p v\u1edbi v\u00e1ch ng\u0103n\" width=\"650\" height=\"650\" \/><figcaption id=\"caption-attachment-7166\" class=\"wp-caption-text\">M\u1eabu trang th\u1edd treo t\u01b0\u1eddng k\u1ebft h\u1ee3p v\u1edbi v\u00e1ch ng\u0103n<\/figcaption><\/figure>\n<p>Ph\u1ea7n b\u00e0n th\u1edd \u0111\u01b0\u1ee3c g\u1eafn c\u1ed1 \u0111\u1ecbnh ch\u1eafc ch\u1eafn tr\u00ean t\u01b0\u1eddng nh\u00e0 c\u00f3 ph\u1ea7n m\u1eb7t tr\u01a1n nh\u1eb5n, gia c\u00f4ng t\u1ec9 m\u1ec9 v\u00e0 s\u01a1n b\u00f3ng PU r\u1ea5t b\u1eaft m\u1eaft. Ch\u00e2n b\u00e0n th\u1edd \u0111i\u00eau kh\u1eafc h\u1ecda ti\u1ebft hai b\u00ean \u0111\u1ec3 t\u1ea1o \u0111i\u1ec3m nh\u1ea5n v\u00e0 \u0111\u01b0\u1ee3c thi\u1ebft k\u1ebf th\u00eam ph\u1ea7n ng\u0103n nh\u1ecf \u0111\u1ec3 \u0111\u1ed3 th\u1edd c\u00fang nh\u01b0 h\u01b0\u01a1ng, ti\u1ec1n v\u00e0ng, n\u1ebfn\u2026<\/p>\n","protected":false},"excerpt":{"rendered":"<p>Lo\u1ea1i b\u1ecf ho\u00e0n to\u00e0n b\u1ee5i b\u1ea9n v\u00e0 d\u1ea7u th\u1eeba. C\u1ea5p \u1ea9m cho da su\u1ed1t 24 gi\u1edd. L\u00e0m d\u1ecbu v\u00e0 gi\u1ea3m k\u00edch \u1ee9ng. Kh\u00f4ng c\u1ed3n.<\/p>\n","protected":false},"featured_media":1983,"comment_status":"open","ping_status":"closed","template":"","meta":[],"_links":{"self":[{"href":"https:\/\/thietbitmg.com\/demo\/banthogo\/wp-json\/wp\/v2\/product\/1416"}],"collection":[{"href":"https:\/\/thietbitmg.com\/demo\/banthogo\/wp-json\/wp\/v2\/product"}],"about":[{"href":"https:\/\/thietbitmg.com\/demo\/banthogo\/wp-json\/wp\/v2\/types\/product"}],"replies":[{"embeddable":true,"href":"https:\/\/thietbitmg.com\/demo\/banthogo\/wp-json\/wp\/v2\/comments?post=1416"}],"wp:featuredmedia":[{"embeddable":true,"href":"https:\/\/thietbitmg.com\/demo\/banthogo\/wp-json\/wp\/v2\/media\/1983"}],"wp:attachment":[{"href":"https:\/\/thietbitmg.com\/demo\/banthogo\/wp-json\/wp\/v2\/media?parent=1416"}],"curies":[{"name":"wp","href":"https:\/\/api.w.org\/{rel}","templated":true}]}}