{"id":5703,"date":"2021-12-07T13:21:55","date_gmt":"2021-12-07T13:21:55","guid":{"rendered":"https:\/\/chuongdesigner.name.vn\/coolmate\/?post_type=product&#038;p=5703"},"modified":"2021-12-07T14:49:39","modified_gmt":"2021-12-07T14:49:39","slug":"ao-polo-cotton-compact-prime-everyday-mac-la-mat-5","status":"publish","type":"product","link":"https:\/\/thietbitmg.com\/demo\/coolmate\/ao-polo-cotton-compact-prime-everyday-mac-la-mat-5\/","title":{"rendered":"\u00c1o Polo Cotton Compact Prime-Everyday &#8211; m\u1eb7c l\u00e0 m\u00e1t 5"},"content":{"rendered":"<p>D\u00f2ng\u00a0<strong>\u00e1o Polo nam<\/strong>\u00a0l\u00e0 nh\u1eefng s\u1ea3n ph\u1ea9m\u00a0<strong>Coolmate<\/strong>\u00a0t\u1eadp trung \u0111\u1ec3 cho ra nh\u1eefng m\u1eabu m\u1edbi, t\u1eeb nh\u1eefng ng\u00e0y \u0111\u1ea7u ti\u00ean v\u1edbi d\u00f2ng\u00a0<strong>\u00e1o<\/strong>\u00a0<strong>Polo Pique<\/strong>\u00a0ph\u00f9 h\u1ee3p v\u1edbi c\u00e1c ch\u00e0ng \u0111i l\u00e0m c\u00f4ng s\u1edf ki\u1ec3u d\u00e1ng regular fit \u0111\u1ebfn d\u00f2ng s\u1ea3n ph\u1ea9m\u00a0<strong>\u00e1o Polo Fitsoft<\/strong>\u00a0kh\u00e1ng khu\u1ea9n, r\u1ed3i\u00a0<strong>Polo Coolmax<\/strong>\u00a0v\u1edbi d\u00f2ng v\u1ea3i 100% Coolmax ch\u1ed1ng nh\u0103n. V\u00e0 sau 1 th\u1eddi gian d\u00e0i nghi\u00ean c\u1ee9u, Coolmate \u0111\u00e3 cho ra m\u1eaft d\u00f2ng\u00a0<strong>\u00e1o Polo Cotton Compact<\/strong>\u00a0v\u1edbi ki\u1ec3u may ph\u1ea7n c\u1ed5 s\u1eed d\u1ee5ng v\u1ea3i ch\u00ednh compact \u0111\u1ec3 t\u1ea1o \u0111\u1ed9 \u0111\u1ed3ng nh\u1ea5t cho chi\u1ebfc \u00e1o c\u1ee7a b\u1ea1n. N\u1ebfu b\u1ea1n l\u00e0 fan trung th\u00e0nh c\u1ee7a chi\u1ebfc \u00e1o thun Cotton Compact th\u00ec ng\u1ea1i g\u00ec th\u1eed cho m\u00ecnh chi\u1ebfc \u00e1o Polo n\u00e0y nh\u00e9!<\/p>\n<p><img src=\"https:\/\/mcdn.coolmate.me\/image\/August2021\/XANH_BONG_DEM_(10).jpg\" alt=\"\" width=\"1000\" \/><\/p>\n<div class=\"info-box\">Nh\u1eefng chi\u1ebfc \u00e1o polo c\u1ee7a Coolmate s\u1eed d\u1ee5ng ch\u1ea5t li\u1ec7u cotton compact, m\u1ed9t d\u1ea1ng cotton ch\u1ea5t l\u01b0\u1ee3ng cao \u0111em \u0111\u1ebfn cho ng\u01b0\u1eddi m\u1eb7c tr\u1ea3i nghi\u1ec7m tuy\u1ec7t v\u1eddi nh\u1ea5t. &#8220;Cotton Compact&#8221; l\u00e0 c\u00e2u tr\u1ea3 l\u1eddi cho c\u00e1c b\u1ea1n \u0111ang t\u00ecm ki\u1ebfm cho m\u00ecnh m\u1ed9t chi\u1ebfc \u00e1o thun m\u1eb7c l\u00ean nh\u00ecn \u0111\u1eb9p trai h\u01a1n m\u1ed9t ch\u00fat, b\u1ec1n h\u01a1n v\u00e0 tho\u00e1ng m\u00e1t h\u01a1n.<\/div>\n<p>V\u00e0\u00a0<strong>chi\u1ebfc \u00e1o Polo Cotton Compact Prime-Everyday<\/strong>\u00a0ra m\u1eaft ch\u00ednh l\u00e0 s\u1ef1 c\u1ea3i ti\u1ebfn Coolmate mu\u1ed1n d\u00e0nh cho b\u1ea1n, b\u1edfi \u0111\u00f3 l\u00e0 s\u1ef1 k\u1ebft h\u1ee3p gi\u1eefa\u00a0<strong>\u0111\u1ed9 v\u1eeba v\u1eb7n<\/strong>\u00a0trong form d\u00e1nh nh\u01b0 m\u1ed9t chi\u1ebfc \u00e1o thun v\u00e0\u00a0<strong>s\u1ef1 tho\u1ea3i m\u00e1i<\/strong>\u00a0\u0111\u1ebfn t\u1eeb ch\u1ea5t li\u1ec7u Cotton Compact ch\u1ea5t l\u01b0\u1ee3ng cao, chi\u1ebfc\u00a0<strong>\u00e1o Polo Cotton Compact Prime-Everyday<\/strong>\u00a0ch\u00ednh l\u00e0 chi\u1ebfc \u00e1o cho c\u00e2u tr\u1ea3 l\u1eddi c\u1ee7a nh\u1eefng ch\u00e0ng trai mu\u1ed1n t\u1ed1i \u01b0u th\u1eddi gian trong m\u1ed7i bu\u1ed5i s\u00e1ng b\u1edfi s\u1ef1 ti\u1ec7n l\u1ee3i v\u00e0 &#8220;s\u1eb5n s\u00e0ng \u0111\u1ec3 m\u1eb7c&#8221;. C\u00f9ng t\u00ecm hi\u1ec3u v\u00ec sao chi\u1ebfc \u00e1o Polo n\u00e0y l\u1ea1i c\u00f3 s\u1ef1 \u0111\u1eb7c bi\u1ec7t \u0111\u1ebfn th\u1ebf nh\u00e9!<\/p>\n<p><img src=\"https:\/\/mcdn.coolmate.me\/image\/August2021\/XANH_BONG_DEM_(9).jpg\" alt=\"\" width=\"1000\" \/><\/p>\n<p>Nh\u1eefng chi\u1ebfc\u00a0\u00e1o polo d\u1ea7n tr\u1edf th\u00e0nh m\u00f3n \u0111\u1ed3 kh\u00f4ng th\u1ec3 thi\u1ebfu trong t\u1ee7 \u0111\u1ed3\u00a0c\u1ee7a nam gi\u1edbi. Nh\u00ecn c\u00e1ch c\u00e1c th\u01b0\u01a1ng hi\u1ec7u t\u1ea1o ra nh\u1eefng chi\u1ebfc\u00a0\u00e1o polo \u0111\u1eb3ng c\u1ea5p\u00a0l\u00e0 \u0111\u00e3 \u0111\u1ee7 hi\u1ec3u s\u1ee9c h\u00fat c\u0169ng nh\u01b0 \u0111\u1ed9 \u01b0u chu\u1ed9ng c\u1ee7a m\u1eb7t h\u00e0ng th\u1eddi trang n\u00e0y. Th\u1eadt kh\u00f4ng qu\u00e1 kh\u00f3 hi\u1ec3u b\u1edfi v\u00ec\u00a0s\u1ee9c h\u00fat nam t\u00ednh \u0111\u1ea7y m\u1ea1nh m\u1ebd c\u1ee7a \u00e1o thun polo\u00a0mang \u0111\u1ebfn cho c\u00e1c ch\u00e0ng trai. L\u1ea1i c\u00e0ng kh\u00f4ng qu\u00e1 kh\u00f3 \u0111\u1ec3\u00a0m\u1eb7c \u0111\u1eb9p c\u00f9ng polo\u00a0d\u00f9 cho c\u00e1c c\u00e1nh m\u00e0y r\u00e2u c\u00f3 \u0111ang theo \u0111u\u1ed5i phong c\u00e1ch l\u1ecbch l\u00e3m, n\u0103ng \u0111\u1ed9ng hay c\u1ed5 \u0111i\u1ec3n.<\/p>\n<p>Xem th\u00eam\u00a0h\u01b0\u1edbng d\u1eabn l\u1ef1a ch\u1ecdn \u00e1o polo ph\u00f9 h\u1ee3p v\u1edbi d\u00e1ng ng\u01b0\u1eddi\u00a0hay\u00a0nh\u1eefng ti\u00eau ch\u00ed quan tr\u1ecdng khi l\u1ef1a m\u1ed9t chi\u1ebfc \u00e1o thun polo\u00a0ho\u1eb7c\u00a0c\u00e1ch l\u1ef1a v\u00e0 ph\u1ed1i thun polo, \u0111\u1ec3 c\u00f3 th\u00eam nh\u1eefng th\u00f4ng tin c\u1ea7n thi\u1ebft, tr\u00e1nh nhi\u1ec1u tr\u01b0\u1eddng h\u1ee3p mua v\u1ec1 l\u1ea1i kh\u00f4ng \u0111\u01b0\u1ee3c nh\u01b0 \u00fd mu\u1ed1n. Nh\u01b0ng \u0111i\u1ec1u quan tr\u1ecdng nh\u1ea5t v\u1eabn l\u00e0 ph\u1ea3i c\u00f3 m\u1ed9t chi\u1ebfc \u00e1o polo.<\/p>\n<p><strong>T\u1ef1 h\u00e0o s\u1ea3n xu\u1ea5t t\u1ea1i Vi\u1ec7t Nam!<\/strong><\/p>\n","protected":false},"excerpt":{"rendered":"<ul>\n<li class=\"product-features__item\">Ch\u1ea5t li\u1ec7u: 95% Cotton Compact &#8211; 5% Spandex ch\u1ed1ng nh\u0103n hi\u1ec7u qu\u1ea3<\/li>\n<li class=\"product-features__item\">Ki\u1ec3u d\u00e1ng \u00e1o v\u1eeba v\u1eb7n v\u00e0 ph\u00f9 h\u1ee3p v\u1edbi d\u00e1ng nam gi\u1edbi Vi\u1ec7t<\/li>\n<li class=\"product-features__item\">C\u1ed5 \u00e1o may b\u1eb1ng ch\u00ednh v\u1ea3i Cotton Compact t\u1ea1o s\u1ef1 \u0111\u1ed3ng b\u1ed9 v\u00e0 ch\u1ec9n chu cho ng\u01b0\u1eddi m\u1eb7c<\/li>\n<li class=\"product-features__item\">May: Ho\u00e0n thi\u1ec7n c\u1ef1c k\u1ef3 k\u1ef9 t\u1eebng \u0111\u01b0\u1eddng may b\u1edfi nh\u1eefng th\u1ee3 may l\u00e0nh ngh\u1ec1 nh\u1ea5t<\/li>\n<li class=\"product-features__item\">M\u1ed9t chi\u1ebfc \u00e1o Polo nam th\u1ef1c s\u1ef1 ch\u1ea5t l\u01b0\u1ee3ng, t\u1ef1 h\u00e0o s\u1ea3n xu\u1ea5t t\u1ea1i Qu\u1eadn 12, H\u1ed3 Ch\u00ed Minh, Vi\u1ec7t Nam<\/li>\n<\/ul>\n","protected":false},"featured_media":5727,"comment_status":"open","ping_status":"closed","template":"","meta":[],"_links":{"self":[{"href":"https:\/\/thietbitmg.com\/demo\/coolmate\/wp-json\/wp\/v2\/product\/5703"}],"collection":[{"href":"https:\/\/thietbitmg.com\/demo\/coolmate\/wp-json\/wp\/v2\/product"}],"about":[{"href":"https:\/\/thietbitmg.com\/demo\/coolmate\/wp-json\/wp\/v2\/types\/product"}],"replies":[{"embeddable":true,"href":"https:\/\/thietbitmg.com\/demo\/coolmate\/wp-json\/wp\/v2\/comments?post=5703"}],"wp:featuredmedia":[{"embeddable":true,"href":"https:\/\/thietbitmg.com\/demo\/coolmate\/wp-json\/wp\/v2\/media\/5727"}],"wp:attachment":[{"href":"https:\/\/thietbitmg.com\/demo\/coolmate\/wp-json\/wp\/v2\/media?parent=5703"}],"curies":[{"name":"wp","href":"https:\/\/api.w.org\/{rel}","templated":true}]}}