{"id":841,"date":"2020-09-14T16:12:27","date_gmt":"2020-09-14T16:12:27","guid":{"rendered":"http:\/\/chuongdesigner.name.vn\/noithat\/?page_id=841"},"modified":"2022-08-28T09:53:45","modified_gmt":"2022-08-28T09:53:45","slug":"thong-tin-lien-he","status":"publish","type":"page","link":"https:\/\/thietbitmg.com\/demo\/demonoithat\/thong-tin-lien-he\/","title":{"rendered":"TH\u00d4NG TIN LI\u00caN H\u1ec6"},"content":{"rendered":"<hr \/>\n<h1 class=\"entry-title mb-0\" style=\"text-align: center;\"><span data-text-color=\"alert\">TH\u00d4NG TIN LI\u00caN H\u1ec6<\/span><\/h1>\n\t<div class=\"box has-hover   has-hover box-text-bottom\" >\n\n\t\t<div class=\"box-image\" style=\"width:25%;\">\n\t\t\t\t\t\t<div class=\"\" >\n\t\t\t\t<img width=\"595\" height=\"31\" src=\"https:\/\/thietbitmg.com\/demo\/demonoithat\/wp-content\/uploads\/2020\/09\/1.png\" class=\"attachment- size-\" alt=\"\" loading=\"lazy\" srcset=\"https:\/\/thietbitmg.com\/demo\/demonoithat\/wp-content\/uploads\/2020\/09\/1.png 595w, https:\/\/thietbitmg.com\/demo\/demonoithat\/wp-content\/uploads\/2020\/09\/1-510x27.png 510w\" sizes=\"(max-width: 595px) 100vw, 595px\" \/>\t\t\t\t\t\t\t\t\t\t\t<\/div>\n\t\t\t\t\t<\/div>\n\n\t\t<div class=\"box-text text-center\" >\n\t\t\t<div class=\"box-text-inner\">\n\t\t\t\t\n<div class=\"row\"  id=\"row-33326572\">\n\n\t<div id=\"col-342077011\" class=\"col medium-6 small-12 large-6\"  >\n\t\t\t\t<div class=\"col-inner\"  >\n\t\t\t\n\t\t\t\n\t<div id=\"text-1903176780\" class=\"text\">\n\t\t\n<p style=\"text-align: left;\"><span style=\"color: #000000;\"><strong>C\u00f4ng ty CP ki\u1ebfn tr\u00fac x\u00e2y d\u1ef1ng v\u00e0 N\u1ed9i Th\u1ea5t An L\u1ed9c<\/strong>\u00a0chuy\u00ean nh\u1eadn c\u00e1c d\u1ef1 \u00e1n\u00a0<strong>thi\u1ebft k\u1ebf ki\u1ebfn tr\u00fac,\u00a0<a style=\"color: #000000;\" href=\"https:\/\/anlocgroup.com\/thiet-ke-noi-that\/\">thi\u1ebft k\u1ebf v\u00e0 thi c\u00f4ng n\u1ed9i th\u1ea5t<\/a><\/strong>\u00a0cho c\u00e1c lo\u1ea1i h\u00ecnh nh\u00e0 \u1edf nh\u01b0: Bi\u1ec7t th\u1ef1, nh\u00e0 ph\u1ed1, chung c\u01b0, nh\u00e0 li\u1ec1n k\u1ec1, v\u0103n ph\u00f2ng, nh\u00e0 h\u00e0ng, kh\u00e1ch s\u1ea1n, qu\u00e1n cafe, tr\u01b0\u1eddng h\u1ecdc, c\u1eeda h\u00e0ng b\u00e1n l\u1ebb,\u2026<\/span><\/p>\n<p style=\"text-align: left;\"><span style=\"color: #000000;\">C\u00e1c m\u1eabu thi\u1ebft k\u1ebf c\u1ee7a ch\u00fang t\u00f4i \u0111\u1ec1u to\u00e1t l\u00ean v\u1ebb \u0111\u1eb9p hi\u1ec7n \u0111\u1ea1i, sang tr\u1ecdng v\u00e0 quy\u1ebfn r\u0169. \u0110\u1ec3 thi\u1ebft k\u1ebf n\u1ed9i th\u1ea5t h\u00e3y g\u1ecdi ngay cho ch\u00fang t\u00f4i theo s\u1ed1 hotline:\u00a0<a style=\"color: #000000;\" href=\"tel:0966 176 288\"><strong>0966 176 288<\/strong><\/a>\u00a0ho\u1eb7c \u0111\u1ec3 l\u1ea1i th\u00f4ng tin li\u00ean h\u1ec7 theo m\u1eabu b\u00ean d\u01b0\u1edbi:<\/span><\/p>\n<noscript class=\"ninja-forms-noscript-message\">\n    L\u01b0u \u00fd: C\u1ea7n ph\u1ea3i c\u00f3 JavaScript v\u1edbi n\u1ed9i dung n\u00e0y.<\/noscript><div id=\"nf-form-1-cont\" class=\"nf-form-cont\" aria-live=\"polite\" aria-labelledby=\"nf-form-title-1\" aria-describedby=\"nf-form-errors-1\" role=\"form\">\n\n    <div class=\"nf-loading-spinner\"><\/div>\n\n<\/div>\n        <!-- TODO: Move to Template File. -->\n        <script>var formDisplay=1;var nfForms=nfForms||[];var form=[];form.id='1';form.settings={\"objectType\":\"Form Setting\",\"editActive\":true,\"title\":\"\",\"key\":\"\",\"created_at\":\"2020-09-14 04:18:38\",\"default_label_pos\":\"above\",\"conditions\":[],\"show_title\":\"1\",\"clear_complete\":\"1\",\"hide_complete\":\"1\",\"wrapper_class\":\"\",\"element_class\":\"\",\"add_submit\":\"1\",\"logged_in\":\"\",\"not_logged_in_msg\":\"\",\"sub_limit_number\":\"\",\"sub_limit_msg\":\"\",\"calculations\":[],\"formContentData\":[\"name\",\"phone_1600057162163\",\"textarea_1600070268689\",\"yeu_cau_tu_van_1600057530391\"],\"container_styles_background-color\":\"\",\"container_styles_border\":\"\",\"container_styles_border-style\":\"\",\"container_styles_border-color\":\"\",\"container_styles_color\":\"\",\"container_styles_height\":\"\",\"container_styles_width\":\"\",\"container_styles_font-size\":\"\",\"container_styles_margin\":\"\",\"container_styles_padding\":\"\",\"container_styles_display\":\"\",\"container_styles_float\":\"\",\"container_styles_show_advanced_css\":\"0\",\"container_styles_advanced\":\"\",\"title_styles_background-color\":\"\",\"title_styles_border\":\"\",\"title_styles_border-style\":\"\",\"title_styles_border-color\":\"\",\"title_styles_color\":\"\",\"title_styles_height\":\"\",\"title_styles_width\":\"\",\"title_styles_font-size\":\"\",\"title_styles_margin\":\"\",\"title_styles_padding\":\"\",\"title_styles_display\":\"\",\"title_styles_float\":\"\",\"title_styles_show_advanced_css\":\"0\",\"title_styles_advanced\":\"\",\"row_styles_background-color\":\"\",\"row_styles_border\":\"\",\"row_styles_border-style\":\"\",\"row_styles_border-color\":\"\",\"row_styles_color\":\"\",\"row_styles_height\":\"\",\"row_styles_width\":\"\",\"row_styles_font-size\":\"\",\"row_styles_margin\":\"\",\"row_styles_padding\":\"\",\"row_styles_display\":\"\",\"row_styles_show_advanced_css\":\"0\",\"row_styles_advanced\":\"\",\"row-odd_styles_background-color\":\"\",\"row-odd_styles_border\":\"\",\"row-odd_styles_border-style\":\"\",\"row-odd_styles_border-color\":\"\",\"row-odd_styles_color\":\"\",\"row-odd_styles_height\":\"\",\"row-odd_styles_width\":\"\",\"row-odd_styles_font-size\":\"\",\"row-odd_styles_margin\":\"\",\"row-odd_styles_padding\":\"\",\"row-odd_styles_display\":\"\",\"row-odd_styles_show_advanced_css\":\"0\",\"row-odd_styles_advanced\":\"\",\"success-msg_styles_background-color\":\"\",\"success-msg_styles_border\":\"\",\"success-msg_styles_border-style\":\"\",\"success-msg_styles_border-color\":\"\",\"success-msg_styles_color\":\"\",\"success-msg_styles_height\":\"\",\"success-msg_styles_width\":\"\",\"success-msg_styles_font-size\":\"\",\"success-msg_styles_margin\":\"\",\"success-msg_styles_padding\":\"\",\"success-msg_styles_display\":\"\",\"success-msg_styles_show_advanced_css\":\"0\",\"success-msg_styles_advanced\":\"\",\"error_msg_styles_background-color\":\"\",\"error_msg_styles_border\":\"\",\"error_msg_styles_border-style\":\"\",\"error_msg_styles_border-color\":\"\",\"error_msg_styles_color\":\"\",\"error_msg_styles_height\":\"\",\"error_msg_styles_width\":\"\",\"error_msg_styles_font-size\":\"\",\"error_msg_styles_margin\":\"\",\"error_msg_styles_padding\":\"\",\"error_msg_styles_display\":\"\",\"error_msg_styles_show_advanced_css\":\"0\",\"error_msg_styles_advanced\":\"\",\"allow_public_link\":0,\"embed_form\":\"\",\"currency\":\"\",\"unique_field_error\":\"A form with this value has already been submitted.\",\"changeEmailErrorMsg\":\"H\\u00e3y nh\\u1eadp m\\u1ed9t \\u0111\\u1ecba ch\\u1ec9 email h\\u1ee3p l\\u1ec7!\",\"changeDateErrorMsg\":\"Please enter a valid date!\",\"confirmFieldErrorMsg\":\"Nh\\u1eefng tr\\u01b0\\u1eddng n\\u00e0y ph\\u1ea3i kh\\u1edbp!\",\"fieldNumberNumMinError\":\"L\\u1ed7i s\\u1ed1 t\\u1ed1i thi\\u1ec3u\",\"fieldNumberNumMaxError\":\"L\\u1ed7i s\\u1ed1 t\\u1ed1i \\u0111a\",\"fieldNumberIncrementBy\":\"H\\u00e3y t\\u0103ng theo \",\"formErrorsCorrectErrors\":\"H\\u00e3y s\\u1eeda l\\u1ed7i tr\\u01b0\\u1edbc khi g\\u1eedi m\\u1eabu n\\u00e0y.\",\"validateRequiredField\":\"\\u0110\\u00e2y l\\u00e0 m\\u1ed9t tr\\u01b0\\u1eddng b\\u1eaft bu\\u1ed9c.\",\"honeypotHoneypotError\":\"L\\u1ed7i Honeypot\",\"fieldsMarkedRequired\":\"C\\u00e1c tr\\u01b0\\u1eddng \\u0111\\u01b0\\u1ee3c \\u0111\\u00e1nh d\\u1ea5u <span class=\\\"ninja-forms-req-symbol\\\">*<\\\/span> l\\u00e0 b\\u1eaft bu\\u1ed9c\",\"drawerDisabled\":false,\"ninjaForms\":\"Ninja Forms\",\"fieldTextareaRTEInsertLink\":\"Ch\\u00e8n li\\u00ean k\\u1ebft\",\"fieldTextareaRTEInsertMedia\":\"Ch\\u00e8n ph\\u01b0\\u01a1ng ti\\u1ec7n\",\"fieldTextareaRTESelectAFile\":\"Ch\\u1ecdn t\\u1eadp tin\",\"formHoneypot\":\"N\\u1ebfu b\\u1ea1n l\\u00e0 ng\\u01b0\\u1eddi \\u0111ang xem tr\\u01b0\\u1eddng n\\u00e0y, h\\u00e3y \\u0111\\u1ec3 tr\\u1ed1ng n\\u00f3.\",\"fileUploadOldCodeFileUploadInProgress\":\"\\u0110ang t\\u1ea3i t\\u1eadp tin l\\u00ean.\",\"fileUploadOldCodeFileUpload\":\"T\\u1ea2I T\\u1eacP TIN L\\u00caN\",\"currencySymbol\":false,\"thousands_sep\":\".\",\"decimal_point\":\".\",\"siteLocale\":\"vi\",\"dateFormat\":\"m\\\/d\\\/Y\",\"startOfWeek\":\"1\",\"of\":\"c\\u1ee7a\",\"previousMonth\":\"Previous Month\",\"nextMonth\":\"Next Month\",\"months\":[\"January\",\"February\",\"March\",\"April\",\"May\",\"June\",\"July\",\"August\",\"September\",\"October\",\"November\",\"December\"],\"monthsShort\":[\"Jan\",\"Feb\",\"Mar\",\"Apr\",\"May\",\"Jun\",\"Jul\",\"Aug\",\"Sep\",\"Oct\",\"Nov\",\"Dec\"],\"weekdays\":[\"Sunday\",\"Monday\",\"Tuesday\",\"Wednesday\",\"Thursday\",\"Friday\",\"Saturday\"],\"weekdaysShort\":[\"Sun\",\"Mon\",\"Tue\",\"Wed\",\"Thu\",\"Fri\",\"Sat\"],\"weekdaysMin\":[\"Su\",\"Mo\",\"Tu\",\"We\",\"Th\",\"Fr\",\"Sa\"],\"currency_symbol\":\"\",\"beforeForm\":\"\",\"beforeFields\":\"\",\"afterFields\":\"\",\"afterForm\":\"\"};form.fields=[{\"objectType\":\"Field\",\"objectDomain\":\"fields\",\"editActive\":false,\"order\":1,\"label\":\"\",\"key\":\"name\",\"type\":\"textbox\",\"created_at\":\"2020-09-14 04:18:39\",\"label_pos\":\"above\",\"required\":0,\"placeholder\":\"\",\"default\":\"H\\u1ecd v\\u00e0 t\\u00ean\",\"wrapper_class\":\"\",\"element_class\":\"\",\"container_class\":\"\",\"input_limit\":\"\",\"input_limit_type\":\"characters\",\"input_limit_msg\":\"Character(s) left\",\"manual_key\":\"\",\"disable_input\":\"\",\"admin_label\":\"\",\"help_text\":\"\",\"desc_text\":\"\",\"disable_browser_autocomplete\":\"\",\"mask\":\"\",\"custom_mask\":\"\",\"wrap_styles_background-color\":\"\",\"wrap_styles_border\":\"\",\"wrap_styles_border-style\":\"\",\"wrap_styles_border-color\":\"\",\"wrap_styles_color\":\"\",\"wrap_styles_height\":\"\",\"wrap_styles_width\":\"\",\"wrap_styles_font-size\":\"\",\"wrap_styles_margin\":\"\",\"wrap_styles_padding\":\"\",\"wrap_styles_display\":\"\",\"wrap_styles_float\":\"\",\"wrap_styles_show_advanced_css\":0,\"wrap_styles_advanced\":\"\",\"label_styles_background-color\":\"\",\"label_styles_border\":\"\",\"label_styles_border-style\":\"\",\"label_styles_border-color\":\"\",\"label_styles_color\":\"\",\"label_styles_height\":\"\",\"label_styles_width\":\"\",\"label_styles_font-size\":\"\",\"label_styles_margin\":\"\",\"label_styles_padding\":\"\",\"label_styles_display\":\"\",\"label_styles_float\":\"\",\"label_styles_show_advanced_css\":0,\"label_styles_advanced\":\"\",\"element_styles_background-color\":\"\",\"element_styles_border\":\"\",\"element_styles_border-style\":\"\",\"element_styles_border-color\":\"\",\"element_styles_color\":\"\",\"element_styles_height\":\"\",\"element_styles_width\":\"\",\"element_styles_font-size\":\"\",\"element_styles_margin\":\"\",\"element_styles_padding\":\"\",\"element_styles_display\":\"\",\"element_styles_float\":\"\",\"element_styles_show_advanced_css\":0,\"element_styles_advanced\":\"\",\"cellcid\":\"c3277\",\"custom_name_attribute\":\"\",\"personally_identifiable\":\"\",\"value\":\"H\\u1ecd v\\u00e0 t\\u00ean\",\"drawerDisabled\":false,\"id\":1,\"beforeField\":\"\",\"afterField\":\"\",\"parentType\":\"textbox\",\"element_templates\":[\"textbox\",\"input\"],\"old_classname\":\"\",\"wrap_template\":\"wrap\"},{\"objectType\":\"Field\",\"objectDomain\":\"fields\",\"editActive\":false,\"order\":2,\"label\":\"\",\"type\":\"phone\",\"key\":\"phone_1600057162163\",\"label_pos\":\"above\",\"required\":false,\"default\":\"\\u0110i\\u1ec7n tho\\u1ea1i\",\"placeholder\":\"\",\"container_class\":\"\",\"element_class\":\"\",\"input_limit\":\"\",\"input_limit_type\":\"characters\",\"input_limit_msg\":\"K\\u00fd t\\u1ef1 c\\u00f2n l\\u1ea1i\",\"manual_key\":false,\"admin_label\":\"\",\"help_text\":\"\",\"mask\":\"\",\"custom_mask\":\"\",\"custom_name_attribute\":\"phone\",\"personally_identifiable\":1,\"value\":\"\\u0110i\\u1ec7n tho\\u1ea1i\",\"drawerDisabled\":false,\"id\":5,\"beforeField\":\"\",\"afterField\":\"\",\"parentType\":\"textbox\",\"element_templates\":[\"tel\",\"textbox\",\"input\"],\"old_classname\":\"\",\"wrap_template\":\"wrap\"},{\"objectType\":\"Field\",\"objectDomain\":\"fields\",\"editActive\":false,\"order\":3,\"type\":\"textarea\",\"label\":\"\",\"key\":\"textarea_1600070268689\",\"label_pos\":\"above\",\"required\":false,\"default\":\"N\\u1ed9i dung t\\u01b0 v\\u1ea5n\",\"placeholder\":\"\",\"container_class\":\"\",\"element_class\":\"\",\"input_limit\":\"\",\"input_limit_type\":\"characters\",\"input_limit_msg\":\"K\\u00fd t\\u1ef1 c\\u00f2n l\\u1ea1i\",\"manual_key\":false,\"admin_label\":\"\",\"help_text\":\"\",\"textarea_rte\":\"\",\"disable_rte_mobile\":\"\",\"textarea_media\":\"\",\"value\":\"N\\u1ed9i dung t\\u01b0 v\\u1ea5n\",\"drawerDisabled\":false,\"id\":6,\"beforeField\":\"\",\"afterField\":\"\",\"parentType\":\"textarea\",\"element_templates\":[\"textarea\",\"input\"],\"old_classname\":\"\",\"wrap_template\":\"wrap\"},{\"objectType\":\"Field\",\"objectDomain\":\"fields\",\"editActive\":false,\"order\":4,\"label\":\"Y\\u00caU C\\u1ea6U T\\u01af V\\u1ea4N\",\"key\":\"yeu_cau_tu_van_1600057530391\",\"type\":\"submit\",\"created_at\":\"2020-09-14 04:18:39\",\"processing_label\":\"\\u0110ang x\\u1eed l\\u00fd\",\"container_class\":\"\",\"element_class\":\"\",\"wrap_styles_background-color\":\"\",\"wrap_styles_border\":\"\",\"wrap_styles_border-style\":\"\",\"wrap_styles_border-color\":\"\",\"wrap_styles_color\":\"\",\"wrap_styles_height\":\"\",\"wrap_styles_width\":\"\",\"wrap_styles_font-size\":\"\",\"wrap_styles_margin\":\"\",\"wrap_styles_padding\":\"\",\"wrap_styles_display\":\"\",\"wrap_styles_float\":\"\",\"wrap_styles_show_advanced_css\":0,\"wrap_styles_advanced\":\"\",\"label_styles_background-color\":\"\",\"label_styles_border\":\"\",\"label_styles_border-style\":\"\",\"label_styles_border-color\":\"\",\"label_styles_color\":\"\",\"label_styles_height\":\"\",\"label_styles_width\":\"\",\"label_styles_font-size\":\"\",\"label_styles_margin\":\"\",\"label_styles_padding\":\"\",\"label_styles_display\":\"\",\"label_styles_float\":\"\",\"label_styles_show_advanced_css\":0,\"label_styles_advanced\":\"\",\"element_styles_background-color\":\"\",\"element_styles_border\":\"\",\"element_styles_border-style\":\"\",\"element_styles_border-color\":\"\",\"element_styles_color\":\"\",\"element_styles_height\":\"\",\"element_styles_width\":\"\",\"element_styles_font-size\":\"\",\"element_styles_margin\":\"\",\"element_styles_padding\":\"\",\"element_styles_display\":\"\",\"element_styles_float\":\"\",\"element_styles_show_advanced_css\":0,\"element_styles_advanced\":\"\",\"submit_element_hover_styles_background-color\":\"\",\"submit_element_hover_styles_border\":\"\",\"submit_element_hover_styles_border-style\":\"\",\"submit_element_hover_styles_border-color\":\"\",\"submit_element_hover_styles_color\":\"\",\"submit_element_hover_styles_height\":\"\",\"submit_element_hover_styles_width\":\"\",\"submit_element_hover_styles_font-size\":\"\",\"submit_element_hover_styles_margin\":\"\",\"submit_element_hover_styles_padding\":\"\",\"submit_element_hover_styles_display\":\"\",\"submit_element_hover_styles_float\":\"\",\"submit_element_hover_styles_show_advanced_css\":0,\"submit_element_hover_styles_advanced\":\"\",\"cellcid\":\"c3287\",\"drawerDisabled\":false,\"id\":4,\"beforeField\":\"\",\"afterField\":\"\",\"value\":\"\",\"label_pos\":\"above\",\"parentType\":\"textbox\",\"element_templates\":[\"submit\",\"button\",\"input\"],\"old_classname\":\"\",\"wrap_template\":\"wrap-no-label\"}];nfForms.push(form);<\/script>\n                <script id=\"nf-tmpl-cell\" type=\"text\/template\">\n            <nf-fields><\/nf-fields>\n        <\/script>\n\n        <script id=\"nf-tmpl-row\" type=\"text\/template\">\n            <nf-cells><\/nf-cells>\n        <\/script>\n\n        \n\t\t\n<style>\n#text-1903176780 {\n  text-align: left;\n}\n<\/style>\n\t<\/div>\n\t\n\t\t<\/div>\n\t\t\t\t\t<\/div>\n\n\t\n\n\t<div id=\"col-1316561155\" class=\"col medium-6 small-12 large-6\"  >\n\t\t\t\t<div class=\"col-inner\"  >\n\t\t\t\n\t\t\t\n\t<div id=\"text-1756204541\" class=\"text\">\n\t\t\n<div class=\"container section-title-container\">\n<h2 class=\"section-title section-title-normal\"><span class=\"section-title-main\">C\u00d4NG TY CP KI\u1ebeN TR\u00daC X\u00c2Y D\u1ef0NG V\u00c0 N\u1ed8I TH\u1ea4T AN L\u1ed8C<\/span><\/h2>\n<\/div>\n<div class=\"footer-address\">\n<p><strong><i class=\"icon-map-pin-fill\"><\/i>\u00a0\u0110\u1ecba Ch\u1ec9:<\/strong><\/p>\n<p><strong><i class=\"icon-star\"><\/i>\u00a0C\u01a1 s\u1edf 1:\u00a0<\/strong>S\u1ed1 11, Ng\u00f5 103 \u0110\u01b0\u1eddng Ph\u01b0\u01a1ng Canh, Xu\u00e2n Ph\u01b0\u01a1ng, Nam T\u1eeb Li\u00eam, H\u00e0 N\u1ed9i.<\/p>\n<p><strong><i class=\"icon-star\"><\/i>\u00a0C\u01a1 s\u1edf 2:\u00a0<\/strong>Bi\u1ec7t th\u1ef1 TT3-11 K\u0110T \u0110\u1ea1i Kim, P. \u0110\u1ea1i Kim, Q. Ho\u00e0ng Mai, H\u00e0 N\u1ed9i.<\/p>\n<p><strong><i class=\"icon-star\"><\/i>\u00a0C\u01a1 s\u1edf 3:<\/strong>\u00a0685\/6 L\u00ea \u0110\u1ee9c Th\u1ecd, Ph\u01b0\u1eddng 16, Qu\u1eadn G\u00f2 V\u1ea5p, TP.HCM<\/p>\n<p><strong><i class=\"icon-star\"><\/i>\u00a0X\u01b0\u1edfng s\u1ea3n xu\u1ea5t \u0111\u1ed3 g\u1ed7 c\u00f4ng nghi\u1ec7p:<\/strong>\u00a0Thanh \u0110a, Ph\u00fac Th\u1ecd, H\u00e0 N\u1ed9i.<\/p>\n<p><strong><i class=\"icon-star\"><\/i>\u00a0X\u01b0\u1edfng M\u1ed9c:<\/strong>\u00a049\/1b \u0110.164, B\u00ecnh M\u1ef9, C\u1ee7 Chi, TPHCM<\/p>\n<p><strong><i class=\"icon-phone\"><\/i>\u00a0\u0110i\u1ec7n Tho\u1ea1i:<\/strong>\u00a0<strong><a href=\"tel:02439999839\">0243 9999 839<\/a><\/strong><\/p>\n<p><strong><i class=\"icon-certificate\"><\/i>\u00a0Hotline:<\/strong>\u00a0<a href=\"tel:0966176288\">0966 176 288<\/a><\/p>\n<p><strong><i class=\"icon-envelop\"><\/i>\u00a0Email:<\/strong>\u00a0<a href=\"mailto:kientruc@anlocgroup.com\">kientruc@anlocgroup.com<\/a><\/p>\n<p><strong><i class=\"icon-feed\"><\/i>\u00a0Website:<\/strong>\u00a0<a href=\"mailto:kientrucanloc.group@gmail.com\">https:\/\/anlocgroup.com<\/a><\/p>\n<p><strong><i class=\"icon-menu\"><\/i>\u00a0M\u00e3 S\u1ed1 Thu\u1ebf:<\/strong>\u00a001082564301<\/p>\n<\/div>\n\t\t\n<style>\n#text-1756204541 {\n  line-height: 2.3;\n  text-align: left;\n}\n<\/style>\n\t<\/div>\n\t\n\t\t<\/div>\n\t\t\t\t\t<\/div>\n\n\t\n<\/div>\n\t\t\t<\/div>\n\t\t<\/div>\n\t<\/div>\n\t\n","protected":false},"excerpt":{"rendered":"<p>TH\u00d4NG TIN LI\u00caN H\u1ec6<\/p>\n","protected":false},"author":1,"featured_media":0,"parent":0,"menu_order":0,"comment_status":"closed","ping_status":"closed","template":"page-blank.php","meta":[],"_links":{"self":[{"href":"https:\/\/thietbitmg.com\/demo\/demonoithat\/wp-json\/wp\/v2\/pages\/841"}],"collection":[{"href":"https:\/\/thietbitmg.com\/demo\/demonoithat\/wp-json\/wp\/v2\/pages"}],"about":[{"href":"https:\/\/thietbitmg.com\/demo\/demonoithat\/wp-json\/wp\/v2\/types\/page"}],"author":[{"embeddable":true,"href":"https:\/\/thietbitmg.com\/demo\/demonoithat\/wp-json\/wp\/v2\/users\/1"}],"replies":[{"embeddable":true,"href":"https:\/\/thietbitmg.com\/demo\/demonoithat\/wp-json\/wp\/v2\/comments?post=841"}],"version-history":[{"count":10,"href":"https:\/\/thietbitmg.com\/demo\/demonoithat\/wp-json\/wp\/v2\/pages\/841\/revisions"}],"predecessor-version":[{"id":1579,"href":"https:\/\/thietbitmg.com\/demo\/demonoithat\/wp-json\/wp\/v2\/pages\/841\/revisions\/1579"}],"wp:attachment":[{"href":"https:\/\/thietbitmg.com\/demo\/demonoithat\/wp-json\/wp\/v2\/media?parent=841"}],"curies":[{"name":"wp","href":"https:\/\/api.w.org\/{rel}","templated":true}]}}