{"id":3332,"date":"2021-05-09T15:28:20","date_gmt":"2021-05-09T15:28:20","guid":{"rendered":"https:\/\/chuongdesigner.name.vn\/huythanweb2\/?post_type=product&#038;p=3332"},"modified":"2021-10-24T03:33:43","modified_gmt":"2021-10-24T03:33:43","slug":"laptop-lenovo-ideapad-s145-15iil-i3-1005g1","status":"publish","type":"product","link":"https:\/\/thietbitmg.com\/demo\/phongvunghean\/laptop-lenovo-ideapad-s145-15iil-i3-1005g1\/","title":{"rendered":"Laptop Lenovo IdeaPad S145 15IIL i3 1005G1"},"content":{"rendered":"<p><b>Trang b\u1ecb\u00a0<a href=\"https:\/\/fptshop.com.vn\/may-tinh-xach-tay?tinh-nang-dac-biet=cpu-intel-10th\">b\u1ed9 vi x\u1eed l\u00fd Intel th\u1ebf h\u1ec7 th\u1ee9 10<\/a>\u00a0Ice Lake m\u1edbi nh\u1ea5t, \u1ed5 c\u1ee9ng SSD c\u1ef1c nhanh, m\u00e0n h\u00ecnh l\u1edbn Full HD \u0111\u1eb9p xu\u1ea5t s\u1eafc v\u00e0 m\u1ed9t thi\u1ebft k\u1ebf v\u00f4 c\u00f9ng hi\u1ec7n \u0111\u1ea1i,\u00a0<a href=\"https:\/\/fptshop.com.vn\/may-tinh-xach-tay\/lenovo-ideapad-s145-15iil-i3-1005g1\">Lenovo IdeaPad S145 15IIL<\/a>\u00a0th\u1ef1c s\u1ef1 mang \u0111\u1ebfn cho b\u1ea1n qu\u00e1 nhi\u1ec1u \u0111i\u1ec1u trong t\u1ea7m gi\u00e1 10 tri\u1ec7u \u0111\u1ed3ng.<\/b><\/p>\n<p><b><img src=\"https:\/\/fptshop.com.vn\/Uploads\/images\/2015\/Tin-Tuc\/QuanLNH2\/lenovo-ideapad-s145-15iil-den-2.jpg\" alt=\"Lenovo IdeaPad S145-15IIL\" \/><\/b><\/p>\n<h3><b>V\u1ebb \u0111\u1eb9p c\u1ee7a s\u1ef1 \u0111\u01a1n gi\u1ea3n<\/b><\/h3>\n<p>Thi\u1ebft k\u1ebf Lenovo Ideapad S145-15IIL kh\u00f4ng h\u1ec1 c\u1ea7u k\u1ef3, nh\u01b0ng ch\u00ednh s\u1ef1 \u0111\u01a1n gi\u1ea3n, trau chu\u1ed1t t\u1ec9 m\u1ec9 t\u1eebng chi ti\u1ebft nh\u1ecf l\u1ea1i t\u1ea1o n\u00ean v\u1ebb \u0111\u1eb9p c\u1ee7a m\u00e1y. Phi\u00ean b\u1ea3n m\u00e0u \u0111en tuy\u1ec1n \u0111\u1ed3ng nh\u1ea5t v\u00e0 ng\u00f4n ng\u1eef thi\u1ebft k\u1ebf ph\u1eb3ng mang \u0111\u1ebfn n\u00e9t \u0111\u1eb9p c\u1ee7a s\u1ef1 hi\u1ec7n \u0111\u1ea1i, m\u1ea1nh m\u1ebd, ch\u00ednh x\u00e1c.\u00a0<a href=\"https:\/\/fptshop.com.vn\/may-tinh-xach-tay\/\">Laptop<\/a>\u00a0c\u00f3 b\u1ea3n l\u1ec1 g\u00f3c m\u1edf l\u00ean t\u1edbi 180 \u0111\u1ed9, cho b\u1ea1n nhi\u1ec1u l\u1ef1a ch\u1ecdn h\u01a1n trong ch\u1ebf \u0111\u1ed9 tr\u00ecnh chi\u1ebfu khi l\u00e0m vi\u1ec7c. D\u00f9 l\u00e0 m\u1ed9t m\u1eabu m\u00e1y t\u00ednh x\u00e1ch tay\u00a0<a href=\"https:\/\/fptshop.com.vn\/may-tinh-xach-tay?man-hinh=tren-15-inch\">m\u00e0n h\u00ecnh l\u1edbn 15,6 inch<\/a>\u00a0nh\u01b0ng Lenovo Ideapad S145 15IIL v\u1eabn r\u1ea5t g\u1ecdn g\u00e0ng v\u1edbi\u00a0<strong>tr\u1ecdng l\u01b0\u1ee3ng ch\u1ec9 1,85kg v\u00e0 \u0111\u1ed9 m\u1ecfng 19,9mm<\/strong>.<\/p>\n<p><img src=\"https:\/\/fptshop.com.vn\/Uploads\/images\/2015\/Tin-Tuc\/QuanLNH2\/lenovo-ideapad-s145-15iil-den-3.jpg\" alt=\"thi\u1ebft k\u1ebf Lenovo IdeaPad S145-15IIL\" \/><\/p>\n<h3><b>B\u1ed9 vi x\u1eed l\u00fd Intel th\u1ebf h\u1ec7 th\u1ee9 10 Ice Lake m\u1ea1nh m\u1ebd<\/b><\/h3>\n<p>Lenovo Ideapad S145 15IIL c\u00f3 c\u1ea5u h\u00ecnh l\u00fd t\u01b0\u1edfng cho h\u1ecdc t\u1eadp, c\u00f4ng vi\u1ec7c v\u1edbi\u00a0<a href=\"https:\/\/fptshop.com.vn\/may-tinh-xach-tay?cpu=intel-core-i3\"><strong>b\u1ed9 vi x\u1eed l\u00fd Intel Core i3<\/strong><\/a>\u00a01005G1. Con chip Intel Core i3 1005G1 \u0111\u01b0\u1ee3c s\u1ea3n xu\u1ea5t tr\u00ean ti\u1ebfn tr\u00ecnh 10nm ti\u00ean ti\u1ebfn, v\u1eeba cho hi\u1ec7u n\u0103ng xu\u1ea5t s\u1eafc, v\u1eeba r\u1ea5t ti\u1ebft ki\u1ec7m n\u0103ng l\u01b0\u1ee3ng. Ngo\u00e0i ra b\u1ea1n c\u00f2n c\u00f3\u00a0<a href=\"https:\/\/fptshop.com.vn\/may-tinh-xach-tay?ram=4-gb\">4GB RAM<\/a>\u00a0DDR4 v\u00e0\u00a0<a href=\"https:\/\/fptshop.com.vn\/may-tinh-xach-tay?o-cung=ssd-256-gb\">256GB \u1ed5 c\u1ee9ng<\/a>\u00a0th\u1ec3 r\u1eafn SSD cao c\u1ea5p. Nh\u1edd v\u1eady laptop \u0111\u1ea3m b\u1ea3o ch\u1ea1y m\u01b0\u1ee3t m\u00e0 ngay c\u1ea3 khi b\u1ea1n m\u1edf nhi\u1ec1u \u1ee9ng d\u1ee5ng c\u00f9ng l\u00fac hay ch\u1ea1y nh\u1eefng \u1ee9ng d\u1ee5ng n\u1eb7ng.<\/p>\n<p><img src=\"https:\/\/fptshop.com.vn\/Uploads\/images\/2015\/Tin-Tuc\/QuanLNH2\/lenovo-ideapad-s145-15iil-den-4.jpg\" alt=\"c\u1ea5u h\u00ecnh Lenovo IdeaPad S145-15IIL\" \/><\/p>\n<h3><b>M\u00e0n h\u00ecnh v\u00e0 \u00e2m thanh \u1ea5n t\u01b0\u1ee3ng<\/b><\/h3>\n<p>Khi b\u1ea1n xem phim, nghe nh\u1ea1c hay ch\u01a1i game tr\u00ean Lenovo Ideapad S145-15IIL, \u0111\u00f3 l\u00e0 nh\u1eefng tr\u1ea3i nghi\u1ec7m th\u00fa v\u1ecb. \u0110\u01a1n gi\u1ea3n v\u00ec laptop s\u1edf h\u1eefu m\u00e0n h\u00ecnh v\u00e0 \u00e2m thanh tuy\u1ec7t h\u1ea3o. B\u1ea1n s\u1ebd c\u00f3 m\u00e0n h\u00ecnh l\u1edbn 15,6 inch \u0111\u1ed9 ph\u00e2n gi\u1ea3i Full HD s\u1eafc n\u00e9t, \u0111i c\u00f9ng\u00a0<a href=\"https:\/\/fptshop.com.vn\/tin-tuc\/danh-gia\/cong-nghe-am-thanh-dolby-la-gi-56873\">\u00e2m thanh Dolby Audio<\/a>\u00a0cao c\u1ea5p. H\u00ecnh \u1ea3nh hi\u1ec3n th\u1ecb ch\u00e2n th\u1ef1c, \u00e2m thanh s\u1ed1ng \u0111\u1ed9ng gi\u00fap nh\u1eefng b\u1ed9 phim hay c\u00e1c t\u1ef1a game y\u00eau th\u00edch \u0111\u01b0\u1ee3c th\u1ec3 hi\u1ec7n ch\u1ea5t l\u01b0\u1ee3ng h\u01a1n, cho b\u1ea1n \u0111\u1eafm ch\u00ecm trong \u0111am m\u00ea.<\/p>\n<p><img src=\"https:\/\/fptshop.com.vn\/Uploads\/images\/2015\/Tin-Tuc\/QuanLNH2\/lenovo-ideapad-s145-15iil-den-5.jpg\" alt=\"m\u00e0n h\u00ecnh Lenovo IdeaPad S145-15IIL\" \/><\/p>\n<h3><b>T\u00edch h\u1ee3p b\u00e0n ph\u00edm s\u1ed1 \u0111\u1ea7y \u0111\u1ee7<\/b><\/h3>\n<p>D\u00f9 l\u00e0 m\u1ed9t chi\u1ebfc laptop nh\u1ecf g\u1ecdn nh\u01b0ng Lenovo Ideapad S145-15IIL v\u1eabn trang b\u1ecb b\u00e0n ph\u00edm \u0111\u1ea7y \u0111\u1ee7 v\u1edbi khu v\u1ef1c b\u00e0n ph\u00edm s\u1ed1 Numlock ti\u1ec7n l\u1ee3i. V\u1edbi nh\u1eefng ng\u01b0\u1eddi l\u00e0m c\u00f4ng vi\u1ec7c v\u0103n ph\u00f2ng, \u0111\u1eb7c bi\u1ec7t l\u00e0 ph\u1ea3i t\u00ednh to\u00e1n nhi\u1ec1u s\u1ebd c\u00f3 hi\u1ec7u su\u1ea5t l\u00e0m vi\u1ec7c n\u00e2ng cao \u0111\u00e1ng k\u1ec3 nh\u1edd b\u00e0n ph\u00edm \u0111\u1ea7y \u0111\u1ee7. C\u1ea3m gi\u00e1c g\u00f5 ph\u00edm c\u0169ng r\u1ea5t t\u1ed1t v\u1edbi b\u00e0n ph\u00edm \u0111\u01b0\u1ee3c thi\u1ebft k\u1ebf m\u0169 l\u00f5m c\u00f4ng th\u00e1i h\u1ecdc, ph\u1ea3n h\u1ed3i nhanh, g\u00f5 nh\u1ea1y.<\/p>\n","protected":false},"excerpt":{"rendered":"<ul>\n<li data-info=\"M\u00e0n h\u00ecnh\">15.6&#8243;, 1920 x 1080 Pixel, TN, 220 nits, Anti-glare LED-backlit<\/li>\n<li data-info=\"CPU\">Intel Core i3-1005G1<\/li>\n<li data-info=\"RAM\">4 GB, DDR4, 2666 MHz<\/li>\n<li data-info=\"\u1ed4 c\u1ee9ng\">SSD 256 GB<\/li>\n<li data-info=\"Card \u0111\u1ed3 h\u1ecda\">Intel UHD Graphics<\/li>\n<\/ul>\n","protected":false},"featured_media":3558,"comment_status":"open","ping_status":"closed","template":"","meta":[],"_links":{"self":[{"href":"https:\/\/thietbitmg.com\/demo\/phongvunghean\/wp-json\/wp\/v2\/product\/3332"}],"collection":[{"href":"https:\/\/thietbitmg.com\/demo\/phongvunghean\/wp-json\/wp\/v2\/product"}],"about":[{"href":"https:\/\/thietbitmg.com\/demo\/phongvunghean\/wp-json\/wp\/v2\/types\/product"}],"replies":[{"embeddable":true,"href":"https:\/\/thietbitmg.com\/demo\/phongvunghean\/wp-json\/wp\/v2\/comments?post=3332"}],"wp:featuredmedia":[{"embeddable":true,"href":"https:\/\/thietbitmg.com\/demo\/phongvunghean\/wp-json\/wp\/v2\/media\/3558"}],"wp:attachment":[{"href":"https:\/\/thietbitmg.com\/demo\/phongvunghean\/wp-json\/wp\/v2\/media?parent=3332"}],"curies":[{"name":"wp","href":"https:\/\/api.w.org\/{rel}","templated":true}]}}