{"id":1095,"date":"2020-09-19T04:06:24","date_gmt":"2020-09-19T04:06:24","guid":{"rendered":"http:\/\/chuongdesigner.name.vn\/noithat\/?post_type=product&#038;p=1095"},"modified":"2022-03-01T01:53:18","modified_gmt":"2022-03-01T01:53:18","slug":"bot-thai-cuc-sam-han-quoc-daedong-lo-100g","status":"publish","type":"product","link":"https:\/\/thietbitmg.com\/demo\/samminhthinh\/bot-thai-cuc-sam-han-quoc-daedong-lo-100g\/","title":{"rendered":"B\u1ed9t th\u00e1i c\u1ef1c s\u00e2m H\u00e0n Qu\u1ed1c Daedong l\u1ecd 100g"},"content":{"rendered":"<p style=\"font-weight: 400;\"><span style=\"color: #000000;\">\u27a2 \u0110\u1ed1i v\u1edbi nh\u1eefng ng\u01b0\u1eddi d\u00e2n H\u00e0n Qu\u1ed1c \u2013 \u0111\u1ea5t n\u01b0\u1edbc n\u1ed5i ti\u1ebfng v\u1ec1 lo\u1ea1i d\u01b0\u1ee3c li\u1ec7u qu\u00fd \u201cNh\u00e2n S\u00e2m\u201d \u0111\u00e3 \u0111\u01b0\u1ee3c l\u01b0u truy\u1ec1n t\u1eeb ng\u00e0n n\u0103m nay, \u0111\u1eddi s\u1ed1ng c\u00e0ng ph\u00e1t tri\u1ec3n h\u1ecd c\u00e0ng ch\u00fa tr\u1ecdng t\u1edbi s\u1ee9c kh\u1ecfe.\u00a0<\/span><\/p>\n<p style=\"font-weight: 400;\"><span style=\"color: #000000;\">\u27a2 V\u00e0 \u0111\u1ec3 ch\u1ee9ng minh cho \u0111i\u1ec1u \u0111\u00f3, ch\u00fang ta c\u00f3 th\u1ec3 th\u1ea5y r\u1eb1ng h\u1ecd s\u1eed d\u1ee5ng \u201cnh\u00e2n s\u00e2m\u201d v\u00e0 c\u00e1c s\u1ea3n ph\u1ea9m \u0111\u01b0\u1ee3c ch\u1ebf bi\u1ebfn t\u1eeb lo\u1ea1i d\u01b0\u1ee3c li\u1ec7u n\u00e0y h\u1ea7u nh\u01b0 m\u1ed7i ng\u00e0y. \u0110\u00f3 ch\u00ednh l\u00e0 l\u00fd do khi\u1ebfn cho tu\u1ed5i th\u1ecd c\u1ee7a ng\u01b0\u1eddi H\u00e0n Qu\u1ed1c ng\u00e0y c\u00e0ng t\u0103ng cao v\u00e0 \u0111\u1ea5t n\u01b0\u1edbc h\u1ecd ng\u00e0y c\u00e0ng ph\u00e1t tri\u1ec3n, m\u1ed9t ph\u1ea7n nh\u1edd v\u00e0o \u00fd th\u1ee9c gi\u1eef g\u00ecn s\u1ee9c kh\u1ecfe, t\u0103ng c\u01b0\u1eddng th\u1ec3 ch\u1ea5t v\u00e0 tr\u00ed l\u1ef1c. Tuy nhi\u00ean, kh\u00f4ng ph\u1ea3i ai c\u0169ng c\u00f3 th\u1eddi gian ch\u1ebf bi\u1ebfn c\u0169ng nh\u01b0 th\u00edch nghi v\u1edbi m\u00f9i v\u1ecb c\u1ee7a s\u00e2m. Ch\u00ednh v\u00ec th\u1ebf, s\u1ea3n ph\u1ea9m B\u1ed9t th\u00e1i c\u1ef1c s\u00e2m H\u00e0n Qu\u1ed1c Daedong \u0111\u00e3 ra \u0111\u1eddi \u0111\u1ec3 gi\u00fap ng\u01b0\u1eddi d\u00f9ng thu\u1eadn ti\u1ec7n h\u01a1n trong vi\u1ec7c s\u1eed d\u1ee5ng.\u00a0<\/span><\/p>\n<p style=\"font-weight: 400;\"><span style=\"color: #000000;\">\u27a2 <b>B\u1ed9t th\u00e1i c\u1ef1c s\u00e2m H\u00e0n Qu\u1ed1c Daedong l\u1ecd 100g<\/b> b\u00ean c\u1ea1nh mang l\u1ea1i gi\u00e1 tr\u1ecb to l\u1edbn cho s\u1ee9c kh\u1ecfe th\u00ec c\u00f2n r\u1ea5t ti\u1ec7n d\u1ee5ng.\u00a0 S\u1ea3n ph\u1ea9m \u0111\u01b0\u1ee3c s\u1eed d\u1ee5ng r\u1ea5t nhi\u1ec1u kh\u00f4ng ch\u1ec9 trong vi\u1ec7c gi\u00fap b\u1ea3o v\u1ec7 v\u00e0 t\u0103ng c\u01b0\u1eddng s\u1ee9c kh\u1ecfe m\u00e0 c\u00f2n \u0111\u01b0\u1ee3c s\u1eed d\u1ee5ng ph\u1ed5 bi\u1ebfn trong c\u00e1c ph\u01b0\u01a1ng ph\u00e1p ch\u0103m s\u00f3c s\u1eafc \u0111\u1eb9p.<\/span><\/p>\n","protected":false},"excerpt":{"rendered":"<p><span style=\"color: #000000;\">\u2721\u00a0<strong>B\u1ed9t th\u00e1i c\u1ef1c s\u00e2m H\u00e0n Qu\u1ed1c Daedong l\u1ecd 100g <\/strong>\u0111\u01b0\u1ee3c b\u00e0o ch\u1ebf t\u1eeb th\u1ea3o d\u01b0\u1ee3c t\u1ef1 nhi\u00ean v\u00f4 c\u00f9ng qu\u00fd hi\u1ebfm l\u00e0 th\u00e1i c\u1ef1c s\u00e2m &#8211; m\u1ed9t s\u1ea3n ph\u1ea9m \u0111\u01b0\u1ee3c ch\u1ebf bi\u1ebfn t\u1eeb nh\u00e2n s\u00e2m H\u00e0n Qu\u1ed1c, \u0111\u01b0\u1ee3c b\u00e0o ch\u1ebf th\u00e0nh d\u1ea1ng b\u1ed9t, \u0111\u00f3ng l\u1ecd, bao b\u00ec sang tr\u1ecdng b\u1eaft m\u1eaft th\u00edch h\u1ee3p \u0111\u1ec3 s\u1eed d\u1ee5ng l\u00e0m qu\u00e0 bi\u1ebfu t\u1eb7ng \u00fd ngh\u0129a d\u00e0nh cho s\u1ee9c kh\u1ecfe g\u1eedi \u0111\u1ebfn nh\u1eefng ng\u01b0\u1eddi th\u00e2n y\u00eau.<\/span><\/p>\n<p><span style=\"color: #000000;\">\u2721 S\u1eed d\u1ee5ng b\u1ed9t th\u00e1i c\u1ef1c s\u00e2m \u0111\u1ec1u \u0111\u1eb7n gi\u00fap b\u1ed3i b\u1ed5 to\u00e0n di\u1ec7n cho c\u01a1 th\u1ec3 v\u00e0 b\u1ed5 ng\u0169 t\u1ea1ng, t\u0103ng c\u01b0\u1eddng s\u1ee9c \u0111\u1ec1 kh\u00e1ng, t\u00e1c \u0111\u1ed9ng \u0111\u1ebfn h\u1ea7u h\u1ebft c\u01a1 quan nh\u01b0 h\u1ec7 th\u1ea7n kinh, ti\u00eau h\u00f3a, tu\u1ea7n ho\u00e0n, tim m\u1ea1ch.<\/span><\/p>\n","protected":false},"featured_media":3683,"comment_status":"open","ping_status":"closed","template":"","meta":[],"yoast_head":"<!-- This site is optimized with the Yoast SEO Premium plugin v15.9.1 - https:\/\/yoast.com\/wordpress\/plugins\/seo\/ -->\n<title>B\u1ed9t th\u00e1i c\u1ef1c s\u00e2m H\u00e0n Qu\u1ed1c Daedong l\u1ecd 100g - S\u00c2M MINH TH\u1ecaNH<\/title>\n<meta name=\"robots\" content=\"index, follow, max-snippet:-1, max-image-preview:large, max-video-preview:-1\" \/>\n<link rel=\"canonical\" href=\"https:\/\/thietbitmg.com\/demo\/samminhthinh\/bot-thai-cuc-sam-han-quoc-daedong-lo-100g\/\" \/>\n<meta property=\"og:locale\" content=\"vi_VN\" \/>\n<meta property=\"og:type\" content=\"article\" \/>\n<meta property=\"og:title\" content=\"B\u1ed9t th\u00e1i c\u1ef1c s\u00e2m H\u00e0n Qu\u1ed1c Daedong l\u1ecd 100g - S\u00c2M MINH TH\u1ecaNH\" \/>\n<meta property=\"og:description\" content=\"\u2721\u00a0B\u1ed9t th\u00e1i c\u1ef1c s\u00e2m H\u00e0n Qu\u1ed1c Daedong l\u1ecd 100g \u0111\u01b0\u1ee3c b\u00e0o ch\u1ebf t\u1eeb th\u1ea3o d\u01b0\u1ee3c t\u1ef1 nhi\u00ean v\u00f4 c\u00f9ng qu\u00fd hi\u1ebfm l\u00e0 th\u00e1i c\u1ef1c s\u00e2m - m\u1ed9t s\u1ea3n ph\u1ea9m \u0111\u01b0\u1ee3c ch\u1ebf bi\u1ebfn t\u1eeb nh\u00e2n s\u00e2m H\u00e0n Qu\u1ed1c, \u0111\u01b0\u1ee3c b\u00e0o ch\u1ebf th\u00e0nh d\u1ea1ng b\u1ed9t, \u0111\u00f3ng l\u1ecd, bao b\u00ec sang tr\u1ecdng b\u1eaft m\u1eaft th\u00edch h\u1ee3p \u0111\u1ec3 s\u1eed d\u1ee5ng l\u00e0m qu\u00e0 bi\u1ebfu t\u1eb7ng \u00fd ngh\u0129a d\u00e0nh cho s\u1ee9c kh\u1ecfe g\u1eedi \u0111\u1ebfn nh\u1eefng ng\u01b0\u1eddi th\u00e2n y\u00eau.  \u2721 S\u1eed d\u1ee5ng b\u1ed9t th\u00e1i c\u1ef1c s\u00e2m \u0111\u1ec1u \u0111\u1eb7n gi\u00fap b\u1ed3i b\u1ed5 to\u00e0n di\u1ec7n cho c\u01a1 th\u1ec3 v\u00e0 b\u1ed5 ng\u0169 t\u1ea1ng, t\u0103ng c\u01b0\u1eddng s\u1ee9c \u0111\u1ec1 kh\u00e1ng, t\u00e1c \u0111\u1ed9ng \u0111\u1ebfn h\u1ea7u h\u1ebft c\u01a1 quan nh\u01b0 h\u1ec7 th\u1ea7n kinh, ti\u00eau h\u00f3a, tu\u1ea7n ho\u00e0n, tim m\u1ea1ch.\" \/>\n<meta property=\"og:url\" content=\"https:\/\/thietbitmg.com\/demo\/samminhthinh\/bot-thai-cuc-sam-han-quoc-daedong-lo-100g\/\" \/>\n<meta property=\"og:site_name\" content=\"S\u00c2M MINH TH\u1ecaNH\" \/>\n<meta property=\"article:modified_time\" content=\"2022-03-01T01:53:18+00:00\" \/>\n<meta property=\"og:image\" content=\"https:\/\/thietbitmg.com\/demo\/samminhthinh\/wp-content\/uploads\/2020\/09\/bot-thai-cuc-sam-han-quoc-daedong-lo-100g_thumb.png\" \/>\n\t<meta property=\"og:image:width\" content=\"250\" \/>\n\t<meta property=\"og:image:height\" content=\"164\" \/>\n<meta name=\"twitter:card\" content=\"summary_large_image\" \/>\n<meta name=\"twitter:label1\" content=\"\u01af\u1edbc t\u00ednh th\u1eddi gian \u0111\u1ecdc\">\n\t<meta name=\"twitter:data1\" content=\"2 ph\u00fat\">\n<script type=\"application\/ld+json\" class=\"yoast-schema-graph\">{\"@context\":\"https:\/\/schema.org\",\"@graph\":[{\"@type\":\"WebSite\",\"@id\":\"https:\/\/thietbitmg.com\/demo\/samminhthinh\/#website\",\"url\":\"https:\/\/thietbitmg.com\/demo\/samminhthinh\/\",\"name\":\"S\\u00c2M MINH TH\\u1ecaNH\",\"description\":\"TRANG CH\\u1ee6\",\"potentialAction\":[{\"@type\":\"SearchAction\",\"target\":\"https:\/\/thietbitmg.com\/demo\/samminhthinh\/?s={search_term_string}\",\"query-input\":\"required name=search_term_string\"}],\"inLanguage\":\"vi\"},{\"@type\":\"ImageObject\",\"@id\":\"https:\/\/thietbitmg.com\/demo\/samminhthinh\/bot-thai-cuc-sam-han-quoc-daedong-lo-100g\/#primaryimage\",\"inLanguage\":\"vi\",\"url\":\"https:\/\/thietbitmg.com\/demo\/samminhthinh\/wp-content\/uploads\/2020\/09\/bot-thai-cuc-sam-han-quoc-daedong-lo-100g_thumb.png\",\"width\":250,\"height\":164},{\"@type\":\"WebPage\",\"@id\":\"https:\/\/thietbitmg.com\/demo\/samminhthinh\/bot-thai-cuc-sam-han-quoc-daedong-lo-100g\/#webpage\",\"url\":\"https:\/\/thietbitmg.com\/demo\/samminhthinh\/bot-thai-cuc-sam-han-quoc-daedong-lo-100g\/\",\"name\":\"B\\u1ed9t th\\u00e1i c\\u1ef1c s\\u00e2m H\\u00e0n Qu\\u1ed1c Daedong l\\u1ecd 100g - S\\u00c2M MINH TH\\u1ecaNH\",\"isPartOf\":{\"@id\":\"https:\/\/thietbitmg.com\/demo\/samminhthinh\/#website\"},\"primaryImageOfPage\":{\"@id\":\"https:\/\/thietbitmg.com\/demo\/samminhthinh\/bot-thai-cuc-sam-han-quoc-daedong-lo-100g\/#primaryimage\"},\"datePublished\":\"2020-09-19T04:06:24+00:00\",\"dateModified\":\"2022-03-01T01:53:18+00:00\",\"breadcrumb\":{\"@id\":\"https:\/\/thietbitmg.com\/demo\/samminhthinh\/bot-thai-cuc-sam-han-quoc-daedong-lo-100g\/#breadcrumb\"},\"inLanguage\":\"vi\",\"potentialAction\":[{\"@type\":\"ReadAction\",\"target\":[\"https:\/\/thietbitmg.com\/demo\/samminhthinh\/bot-thai-cuc-sam-han-quoc-daedong-lo-100g\/\"]}]},{\"@type\":\"BreadcrumbList\",\"@id\":\"https:\/\/thietbitmg.com\/demo\/samminhthinh\/bot-thai-cuc-sam-han-quoc-daedong-lo-100g\/#breadcrumb\",\"itemListElement\":[{\"@type\":\"ListItem\",\"position\":1,\"item\":{\"@type\":\"WebPage\",\"@id\":\"https:\/\/thietbitmg.com\/demo\/samminhthinh\/\",\"url\":\"https:\/\/thietbitmg.com\/demo\/samminhthinh\/\",\"name\":\"Home\"}},{\"@type\":\"ListItem\",\"position\":2,\"item\":{\"@type\":\"WebPage\",\"@id\":\"https:\/\/thietbitmg.com\/demo\/samminhthinh\/shop\/\",\"url\":\"https:\/\/thietbitmg.com\/demo\/samminhthinh\/shop\/\",\"name\":\"Shop\"}},{\"@type\":\"ListItem\",\"position\":3,\"item\":{\"@type\":\"WebPage\",\"@id\":\"https:\/\/thietbitmg.com\/demo\/samminhthinh\/bot-thai-cuc-sam-han-quoc-daedong-lo-100g\/\",\"url\":\"https:\/\/thietbitmg.com\/demo\/samminhthinh\/bot-thai-cuc-sam-han-quoc-daedong-lo-100g\/\",\"name\":\"B\\u1ed9t th\\u00e1i c\\u1ef1c s\\u00e2m H\\u00e0n Qu\\u1ed1c Daedong l\\u1ecd 100g\"}}]}]}<\/script>\n<!-- \/ Yoast SEO Premium plugin. -->","_links":{"self":[{"href":"https:\/\/thietbitmg.com\/demo\/samminhthinh\/wp-json\/wp\/v2\/product\/1095"}],"collection":[{"href":"https:\/\/thietbitmg.com\/demo\/samminhthinh\/wp-json\/wp\/v2\/product"}],"about":[{"href":"https:\/\/thietbitmg.com\/demo\/samminhthinh\/wp-json\/wp\/v2\/types\/product"}],"replies":[{"embeddable":true,"href":"https:\/\/thietbitmg.com\/demo\/samminhthinh\/wp-json\/wp\/v2\/comments?post=1095"}],"wp:featuredmedia":[{"embeddable":true,"href":"https:\/\/thietbitmg.com\/demo\/samminhthinh\/wp-json\/wp\/v2\/media\/3683"}],"wp:attachment":[{"href":"https:\/\/thietbitmg.com\/demo\/samminhthinh\/wp-json\/wp\/v2\/media?parent=1095"}],"curies":[{"name":"wp","href":"https:\/\/api.w.org\/{rel}","templated":true}]}}