{"id":1422,"date":"2020-09-24T02:10:18","date_gmt":"2020-09-24T02:10:18","guid":{"rendered":"http:\/\/chuongdesigner.name.vn\/noithat\/?post_type=product&#038;p=1422"},"modified":"2022-02-28T16:41:21","modified_gmt":"2022-02-28T16:41:21","slug":"sam-cu-kho-kgc-600g-28-cu-20pcs","status":"publish","type":"product","link":"https:\/\/thietbitmg.com\/demo\/samminhthinh\/sam-cu-kho-kgc-600g-28-cu-20pcs\/","title":{"rendered":"S\u00e2m c\u1ee7 kh\u00f4 KGC 600g 28 c\u1ee7 20PCS"},"content":{"rendered":"<p>\u27a2\u00a0<strong><a href=\"https:\/\/samyenthinhphat.com\/sam-cu-kho.html\" target=\"_blank\" rel=\"noopener noreferrer\">S\u00e2m c\u1ee7 kh\u00f4 KGC 600g 28 c\u1ee7 20PCS<\/a><\/strong>\u00a0&#8211; H\u1ed3ng s\u00e2m ch\u00ednh ph\u1ee7\u00a0\u0111\u01b0\u1ee3c \u0111\u00f3ng trong h\u1ed9p thi\u1ebfc \u0111\u1ecf r\u1ea5t sang tr\u1ecdng v\u1eeba \u0111\u00f3ng vai tr\u00f2 b\u1ea3o qu\u1ea3n s\u1ea3n ph\u1ea9m (ngay c\u1ea3 khi m\u1edf ra, v\u1eabn c\u00f3 th\u1ec3 b\u1ea3o qu\u1ea3n trong t\u1ee7 l\u1ea1nh v\u1edbi th\u1eddi gian d\u00e0i) v\u1eeba c\u00f3 kh\u1ea3 n\u0103ng l\u00e0m qu\u00e0 bi\u1ebfu sang tr\u1ecdng v\u00e0 \u00fd ngh\u0129a.<\/p>\n<p><img class=\"aligncenter\" title=\"S\u00e2m c\u1ee7 kh\u00f4 KGC 600g 28 c\u1ee7 20PCS - H\u1ed3ng s\u00e2m ch\u00ednh ph\u1ee7\" src=\"https:\/\/samyenthinhphat.com\/uploads\/Images\/sam-cu-kho\/hong-sam-cu-kho-kgc-600g-28-cu-20pcs-sam-chinh-phu-cheong-kwan-jang-001.jpg\" alt=\"S\u00e2m c\u1ee7 kh\u00f4 KGC 600g 28 c\u1ee7 20PCS - H\u1ed3ng s\u00e2m ch\u00ednh ph\u1ee7\" \/><\/p>\n<p>&nbsp;<\/p>\n<p>\u2742\u00a0<strong>Th\u00e0nh ph\u1ea7n ch\u00ednh c\u1ee7a S\u00e2m c\u1ee7 kh\u00f4 KGC 600g 28 c\u1ee7 20PCS :<\/strong><\/p>\n<p>\u27a2\u00a0S\u00e2m c\u1ee7 kh\u00f4 KGC 600g 28 c\u1ee7 20PCS\u00a0c\u00f3 ch\u1ee9a m\u1ed9t l\u01b0\u1ee3ng l\u1edbn ginsenosides (c\u1ee5 th\u1ec3 l\u00e0 Rg1, Rg3, Rh2, Rb1).\u00a0C\u00e1c h\u1ee3p ch\u1ea5t n\u00e0y \u0111\u1ec1u c\u00f3 t\u00e1c d\u1ee5ng ch\u1ed1ng l\u00e3o h\u00f3a v\u00e0 ph\u00f2ng ng\u1eeba kh\u1ed1i u\u00a0hi\u1ec7u qu\u1ea3.<\/p>\n","protected":false},"excerpt":{"rendered":"<p><span style=\"color: #000000;\">\u2721\u00a0<strong>S\u00e2m c\u1ee7 kh\u00f4 KGC 600g 28 c\u1ee7 20PCS &#8211; H\u1ed3ng s\u00e2m ch\u00ednh ph\u1ee7\u00a0<\/strong>l\u00e0 d\u00f2ng s\u1ea3n ph\u1ea9m \u0111\u01b0\u1ee3c \u0111\u00e1nh gi\u00e1 r\u1ea5t cao v\u1ec1 ch\u1ea5t l\u01b0\u1ee3ng hi\u1ec7n nay. T\u00e1c d\u1ee5ng c\u1ee7a s\u00e2m H\u00e0n Qu\u1ed1c \u0111\u1ed1i v\u1edbi s\u1ee9c kh\u1ecfe con ng\u01b0\u1eddi \u0111\u01b0\u1ee3c gi\u1edbi khoa h\u1ecdc th\u1ebf gi\u1edbi c\u00f4ng nh\u1eadn.<\/span><\/p>\n","protected":false},"featured_media":3673,"comment_status":"open","ping_status":"closed","template":"","meta":[],"yoast_head":"<!-- This site is optimized with the Yoast SEO Premium plugin v15.9.1 - https:\/\/yoast.com\/wordpress\/plugins\/seo\/ -->\n<title>S\u00e2m c\u1ee7 kh\u00f4 KGC 600g 28 c\u1ee7 20PCS - S\u00c2M MINH TH\u1ecaNH<\/title>\n<meta name=\"robots\" content=\"index, follow, max-snippet:-1, max-image-preview:large, max-video-preview:-1\" \/>\n<link rel=\"canonical\" href=\"https:\/\/thietbitmg.com\/demo\/samminhthinh\/sam-cu-kho-kgc-600g-28-cu-20pcs\/\" \/>\n<meta property=\"og:locale\" content=\"vi_VN\" \/>\n<meta property=\"og:type\" content=\"article\" \/>\n<meta property=\"og:title\" content=\"S\u00e2m c\u1ee7 kh\u00f4 KGC 600g 28 c\u1ee7 20PCS - S\u00c2M MINH TH\u1ecaNH\" \/>\n<meta property=\"og:description\" content=\"\u2721\u00a0S\u00e2m c\u1ee7 kh\u00f4 KGC 600g 28 c\u1ee7 20PCS - H\u1ed3ng s\u00e2m ch\u00ednh ph\u1ee7\u00a0l\u00e0 d\u00f2ng s\u1ea3n ph\u1ea9m \u0111\u01b0\u1ee3c \u0111\u00e1nh gi\u00e1 r\u1ea5t cao v\u1ec1 ch\u1ea5t l\u01b0\u1ee3ng hi\u1ec7n nay. T\u00e1c d\u1ee5ng c\u1ee7a s\u00e2m H\u00e0n Qu\u1ed1c \u0111\u1ed1i v\u1edbi s\u1ee9c kh\u1ecfe con ng\u01b0\u1eddi \u0111\u01b0\u1ee3c gi\u1edbi khoa h\u1ecdc th\u1ebf gi\u1edbi c\u00f4ng nh\u1eadn.\" \/>\n<meta property=\"og:url\" content=\"https:\/\/thietbitmg.com\/demo\/samminhthinh\/sam-cu-kho-kgc-600g-28-cu-20pcs\/\" \/>\n<meta property=\"og:site_name\" content=\"S\u00c2M MINH TH\u1ecaNH\" \/>\n<meta property=\"article:modified_time\" content=\"2022-02-28T16:41:21+00:00\" \/>\n<meta property=\"og:image\" content=\"https:\/\/thietbitmg.com\/demo\/samminhthinh\/wp-content\/uploads\/2020\/09\/sam-cu-kho-kgc-600g-28-cu-20pcs-hong-sam-chinh-phu_thumb.jpg\" \/>\n\t<meta property=\"og:image:width\" content=\"250\" \/>\n\t<meta property=\"og:image:height\" content=\"164\" \/>\n<meta name=\"twitter:card\" content=\"summary_large_image\" \/>\n<meta name=\"twitter:label1\" content=\"\u01af\u1edbc t\u00ednh th\u1eddi gian \u0111\u1ecdc\">\n\t<meta name=\"twitter:data1\" content=\"1 ph\u00fat\">\n<script type=\"application\/ld+json\" class=\"yoast-schema-graph\">{\"@context\":\"https:\/\/schema.org\",\"@graph\":[{\"@type\":\"WebSite\",\"@id\":\"https:\/\/thietbitmg.com\/demo\/samminhthinh\/#website\",\"url\":\"https:\/\/thietbitmg.com\/demo\/samminhthinh\/\",\"name\":\"S\\u00c2M MINH TH\\u1ecaNH\",\"description\":\"TRANG CH\\u1ee6\",\"potentialAction\":[{\"@type\":\"SearchAction\",\"target\":\"https:\/\/thietbitmg.com\/demo\/samminhthinh\/?s={search_term_string}\",\"query-input\":\"required name=search_term_string\"}],\"inLanguage\":\"vi\"},{\"@type\":\"ImageObject\",\"@id\":\"https:\/\/thietbitmg.com\/demo\/samminhthinh\/sam-cu-kho-kgc-600g-28-cu-20pcs\/#primaryimage\",\"inLanguage\":\"vi\",\"url\":\"https:\/\/thietbitmg.com\/demo\/samminhthinh\/wp-content\/uploads\/2020\/09\/sam-cu-kho-kgc-600g-28-cu-20pcs-hong-sam-chinh-phu_thumb.jpg\",\"width\":250,\"height\":164},{\"@type\":\"WebPage\",\"@id\":\"https:\/\/thietbitmg.com\/demo\/samminhthinh\/sam-cu-kho-kgc-600g-28-cu-20pcs\/#webpage\",\"url\":\"https:\/\/thietbitmg.com\/demo\/samminhthinh\/sam-cu-kho-kgc-600g-28-cu-20pcs\/\",\"name\":\"S\\u00e2m c\\u1ee7 kh\\u00f4 KGC 600g 28 c\\u1ee7 20PCS - S\\u00c2M MINH TH\\u1ecaNH\",\"isPartOf\":{\"@id\":\"https:\/\/thietbitmg.com\/demo\/samminhthinh\/#website\"},\"primaryImageOfPage\":{\"@id\":\"https:\/\/thietbitmg.com\/demo\/samminhthinh\/sam-cu-kho-kgc-600g-28-cu-20pcs\/#primaryimage\"},\"datePublished\":\"2020-09-24T02:10:18+00:00\",\"dateModified\":\"2022-02-28T16:41:21+00:00\",\"breadcrumb\":{\"@id\":\"https:\/\/thietbitmg.com\/demo\/samminhthinh\/sam-cu-kho-kgc-600g-28-cu-20pcs\/#breadcrumb\"},\"inLanguage\":\"vi\",\"potentialAction\":[{\"@type\":\"ReadAction\",\"target\":[\"https:\/\/thietbitmg.com\/demo\/samminhthinh\/sam-cu-kho-kgc-600g-28-cu-20pcs\/\"]}]},{\"@type\":\"BreadcrumbList\",\"@id\":\"https:\/\/thietbitmg.com\/demo\/samminhthinh\/sam-cu-kho-kgc-600g-28-cu-20pcs\/#breadcrumb\",\"itemListElement\":[{\"@type\":\"ListItem\",\"position\":1,\"item\":{\"@type\":\"WebPage\",\"@id\":\"https:\/\/thietbitmg.com\/demo\/samminhthinh\/\",\"url\":\"https:\/\/thietbitmg.com\/demo\/samminhthinh\/\",\"name\":\"Home\"}},{\"@type\":\"ListItem\",\"position\":2,\"item\":{\"@type\":\"WebPage\",\"@id\":\"https:\/\/thietbitmg.com\/demo\/samminhthinh\/shop\/\",\"url\":\"https:\/\/thietbitmg.com\/demo\/samminhthinh\/shop\/\",\"name\":\"Shop\"}},{\"@type\":\"ListItem\",\"position\":3,\"item\":{\"@type\":\"WebPage\",\"@id\":\"https:\/\/thietbitmg.com\/demo\/samminhthinh\/sam-cu-kho-kgc-600g-28-cu-20pcs\/\",\"url\":\"https:\/\/thietbitmg.com\/demo\/samminhthinh\/sam-cu-kho-kgc-600g-28-cu-20pcs\/\",\"name\":\"S\\u00e2m c\\u1ee7 kh\\u00f4 KGC 600g 28 c\\u1ee7 20PCS\"}}]}]}<\/script>\n<!-- \/ Yoast SEO Premium plugin. -->","_links":{"self":[{"href":"https:\/\/thietbitmg.com\/demo\/samminhthinh\/wp-json\/wp\/v2\/product\/1422"}],"collection":[{"href":"https:\/\/thietbitmg.com\/demo\/samminhthinh\/wp-json\/wp\/v2\/product"}],"about":[{"href":"https:\/\/thietbitmg.com\/demo\/samminhthinh\/wp-json\/wp\/v2\/types\/product"}],"replies":[{"embeddable":true,"href":"https:\/\/thietbitmg.com\/demo\/samminhthinh\/wp-json\/wp\/v2\/comments?post=1422"}],"wp:featuredmedia":[{"embeddable":true,"href":"https:\/\/thietbitmg.com\/demo\/samminhthinh\/wp-json\/wp\/v2\/media\/3673"}],"wp:attachment":[{"href":"https:\/\/thietbitmg.com\/demo\/samminhthinh\/wp-json\/wp\/v2\/media?parent=1422"}],"curies":[{"name":"wp","href":"https:\/\/api.w.org\/{rel}","templated":true}]}}