{"id":3689,"date":"2022-03-01T02:01:16","date_gmt":"2022-03-01T02:01:16","guid":{"rendered":"https:\/\/samminhthinh.com\/?post_type=product&#038;p=3689"},"modified":"2022-03-18T06:01:52","modified_gmt":"2022-03-18T06:01:52","slug":"cao-hong-sam-kana-han-quoc-hop-2-lo","status":"publish","type":"product","link":"https:\/\/thietbitmg.com\/demo\/samminhthinh\/cao-hong-sam-kana-han-quoc-hop-2-lo\/","title":{"rendered":"Cao h\u1ed3ng s\u00e2m Kana H\u00e0n Qu\u1ed1c h\u1ed9p 2 l\u1ecd"},"content":{"rendered":"<p>\u2742\u00a0<strong>Th\u00e0nh ph\u1ea7n:<\/strong><\/p>\n<p>\u27a2\u00a0Cao h\u1ed3ng s\u00e2m 6 n\u0103m tu\u1ed5i, c\u00e1c lo\u1ea1i th\u1ea3o d\u01b0\u1ee3c qu\u00fd t\u1ed1t cho s\u1ee9c kh\u1ecfe.<\/p>\n<p>\u2742\u00a0<strong>C\u00f4ng d\u1ee5ng:<\/strong><\/p>\n<p>\u2714\u00a0H\u1ed7 tr\u1ee3 t\u0103ng s\u1ee9c \u0111\u1ec1 kh\u00e1ng v\u00e0 ph\u1ee5c h\u1ed3i th\u1ec3 tr\u1ea1ng cho c\u01a1 th\u1ec3: Cao h\u1ed3ng s\u00e2m H\u00e0n Qu\u1ed1c gi\u00fap b\u1ed3i b\u1ed5 to\u00e0n di\u1ec7n, b\u1ed5 m\u00e1u,\u00a0h\u1ed7 tr\u1ee3\u00a0t\u0103ng s\u1ee9c \u0111\u1ec1 kh\u00e1ng v\u00e0 ho\u00e0n l\u1ef1c cho c\u01a1 th\u1ec3 m\u1ed9t c\u00e1ch nhanh ch\u00f3ng.<\/p>\n<p>\u2714\u00a0H\u1ed1 tr\u1ee3 ph\u00f2ng ng\u1eeba b\u1ec7nh:\u00a0Nhi\u1ec1u k\u1ebft qu\u1ea3 cho th\u1ea5y Cao h\u1ed3ng s\u00e2m H\u00e0n Qu\u1ed1c kh\u00f4ng ch\u1ec9 c\u00f3 hi\u1ec7u qu\u1ea3 trong vi\u1ec7c h\u1ed7 tr\u1ee3\u00a0ng\u0103n ng\u1eeba b\u1ec7nh m\u00e0 trong m\u1ed9t s\u1ed1 tr\u01b0\u1eddng h\u1ee3p n\u00f3 c\u00f3 th\u1ec3 h\u1ed7 tr\u1ee3\u00a0ng\u0103n ch\u1eb7n \u0111\u01b0\u1ee3c s\u1ef1 ph\u00e1t tri\u1ec3n c\u1ee7a m\u1ea7m b\u1ec7nh.<\/p>\n<p>\u2714\u00a0H\u1ed7 tr\u1ee3 \u1ed5n \u0111\u1ecbnh\u00a0tu\u1ea7n ho\u00e0n m\u00e1u: Cao h\u1ed3ng s\u00e2m H\u00e0n Qu\u1ed1c kh\u00f4ng ch\u1ec9 gi\u00fap m\u00e1u l\u01b0u th\u00f4ng t\u1ed1t m\u00e0 c\u00f2n c\u00f3 t\u00e1c d\u1ee5ng\u00a0h\u1ed7 tr\u1ee3\u00a0ng\u0103n ng\u1eeba s\u1ef1 k\u1ebft d\u00ednh ti\u1ec3u c\u1ea7u, nguy\u00ean nh\u00e2n c\u1ee7a b\u1ec7nh tim m\u1ea1ch v\u00e0 b\u1ec7nh x\u01a1 v\u1eefa \u0111\u1ed9ng m\u1ea1ch.<\/p>\n<p>\u2714\u00a0Cao h\u1ed3ng s\u00e2m H\u00e0n Qu\u1ed1c 6 n\u0103m tu\u1ed5i\u00a0h\u1ed7 tr\u1ee3\u00a0ph\u00e1t tri\u1ec3n tr\u00ed n\u00e3o, t\u0103ng tr\u00ed nh\u1edb: D\u00f9ng Cao h\u1ed3ng s\u00e2m H\u00e0n Qu\u1ed1c th\u01b0\u1eddng xuy\u00ean s\u1ebd \u0111\u01b0\u1ee3c b\u1ed5 sung l\u01b0\u1ee3ng canxi v\u00e0 k\u00edch th\u00edch tr\u00ed n\u00e3o ho\u1ea1t \u0111\u1ed9ng d\u1eabn \u0111\u1ebfn t\u0103ng\u00a0v\u00e0 ph\u00e1t tri\u1ec3n tr\u00ed nh\u1edb, \u0111\u1eb7c bi\u1ec7t \u1edf nh\u1eefng ng\u01b0\u1eddi cao tu\u1ed5i.<\/p>\n<p>\u2714\u00a0H\u1ed7 tr\u1ee3 k\u00e9o d\u00e0i tu\u1ed5i thanh xu\u00e2n\u00a0v\u00e0 l\u00e0m \u0111\u1eb9p,\u00a0h\u1ed7 tr\u1ee3\u00a0thanh l\u1ecdc c\u01a1 th\u1ec3 v\u00e0\u00a0gan: Cao h\u1ed3ng s\u00e2m c\u00f3 ch\u1ee9c n\u0103ng c\u1ea3i thi\u1ec7n l\u00e0n da tr\u1edf n\u00ean tr\u1ebb trung v\u00e0\u00a0h\u1ed7 tr\u1ee3\u00a0ng\u0103n ch\u1eb7n s\u1ef1 l\u00e3o h\u00f3a l\u00e0n\u00a0da.<\/p>\n<p>\u2714\u00a0Saponin trong Cao h\u1ed3ng s\u00e2m H\u00e0n Qu\u1ed1c l\u00e0m t\u0103ng ho\u1ea1t \u0111\u1ed9ng enzym li\u00ean quan t\u1edbi s\u1ef1 tho\u00e1i h\u00f3a,\u00a0h\u1ed7 tr\u1ee3\u00a0gan tr\u00e1nh \u0111\u01b0\u1ee3c \u0111\u1ed9c t\u00ednh c\u1ee7a th\u1ef1c ph\u1ea9m.<\/p>\n<p>\u2714\u00a0Cao H\u1ed3ng s\u00e2m\u00a0h\u1ed7 tr\u1ee3\u00a0ng\u01b0\u1eddi huy\u1ebft \u00e1p th\u1ea5p \u1ed5n \u0111\u1ecbnh huy\u1ebft \u00e1p.<\/p>\n<p>\u2714\u00a0M\u1ee9c \u0111\u1ed9 hi\u1ec7u qu\u1ea3 c\u1ee7a s\u1ea3n ph\u1ea9m t\u00f9y thu\u1ed9c v\u00e0o c\u01a1 \u0111\u1ecba v\u00e0 t\u00ecnh tr\u1ea1ng s\u1ee9c kh\u1ecfe c\u1ee7a m\u1ed7i ng\u01b0\u1eddi.<\/p>\n<p>\u2714\u00a0\u0110\u1ed1i v\u1edbi ng\u01b0\u1eddi c\u00f3 ti\u1ec1n s\u1eed b\u1ec7nh hay c\u01a1 th\u1ec3 d\u1ec5 b\u1ecb d\u1ecb \u1ee9ng v\u1edbi c\u00e1c th\u00e0nh ph\u1ea7n kh\u00e1c th\u00ec n\u00ean tham kh\u1ea3o \u00fd ki\u1ebfn b\u00e1c s\u0129 tr\u01b0\u1edbc khi s\u1eed d\u1ee5ng<\/p>\n<p>\u2714\u00a0\u0110\u00e2y l\u00e0 s\u1ea3n ph\u1ea9m b\u1ed5 sung dinh d\u01b0\u1ee1ng, kh\u00f4ng ph\u1ea3i l\u00e0 thu\u1ed1c ch\u1eefa b\u1ec7nh, kh\u00f4ng c\u00f3 ch\u1ee9c n\u0103ng thay th\u1ebf thu\u1ed1c ch\u1eefa b\u1ec7nh.<\/p>\n<p>\u2714\u00a0\u0110\u1ec3 \u0111\u1ea3m b\u1ea3o ch\u1ecdn v\u00e0 s\u1eed d\u1ee5ng \u0111\u00fang s\u1ea3n ph\u1ea9m hi\u1ec7u qu\u1ea3 nh\u1ea5t \u0111\u1ed1i v\u1edbi s\u1ee9c kh\u1ecfe c\u1ee7a m\u1ed7i kh\u00e1ch h\u00e0ng, qu\u00fd kh\u00e1ch vui l\u00f2ng xem k\u1ef9 m\u00f4 t\u1ea3, c\u00f4ng d\u1ee5ng v\u00e0 h\u01b0\u1edbng d\u1eabn s\u1eed d\u1ee5ng s\u1ea3n ph\u1ea9m ho\u1eb7c li\u00ean h\u1ec7 tr\u1ef1c ti\u1ebfp s\u1ed1 \u0110T 090.77.999.88 \u0111\u1ec3 \u0111\u01b0\u1ee3c t\u01b0 v\u1ea5n k\u1ef9 h\u01a1n.<\/p>\n","protected":false},"excerpt":{"rendered":"<p>\u2721\u00a0<strong>Cao h\u1ed3ng s\u00e2m Kana H\u00e0n Qu\u1ed1c ch\u00ednh h\u00e3ng h\u1ed9p 2 l\u1ecd x 240g:\u00a0<\/strong>S\u1ea3n ph\u1ea9m 100% t\u1eeb thi\u00ean nhi\u00ean v\u1edbi c\u00f4ng d\u1ee5ng b\u1ed3i b\u1ed5 s\u1ee9c kh\u00f3e, t\u0103ng c\u01b0\u1eddng sinh l\u1ef1c.<\/p>\n<p>\u2721\u00a0\u0110\u01b0\u1ee3c s\u1ea3n xu\u1ea5t v\u1edbi d\u00e2y chuy\u1ec1n c\u00f4ng ngh\u1ec7 hi\u1ec7n \u0111\u1ea1i \u0111\u1ea3m b\u1ea3o gi\u1eef nguy\u00ean ch\u1ea5t l\u01b0\u1ee3ng c\u1ee7a h\u1ed3ng s\u00e2m gi\u00fap b\u1ed3i b\u1ed5 c\u01a1 th\u1ec3 hi\u1ec7u qu\u1ea3.<\/p>\n<p>\u2721\u00a0S\u1ea3n ph\u1ea9m c\u00f3 bao b\u00ec \u0111\u1eb9p n\u00ean S\u1ea3n ph\u1ea9m l\u00e0 m\u00f3n qu\u00e0 tuy\u1ec7t v\u1eddi cho gia \u0111\u00ecnh, ng\u01b0\u1eddi th\u00e2n, b\u1ea1n b\u00e8 trong c\u00e1c d\u1ecbp l\u1ec5 t\u1ebft.<\/p>\n","protected":false},"featured_media":3690,"comment_status":"open","ping_status":"closed","template":"","meta":[],"yoast_head":"<!-- This site is optimized with the Yoast SEO Premium plugin v15.9.1 - https:\/\/yoast.com\/wordpress\/plugins\/seo\/ -->\n<title>Cao h\u1ed3ng s\u00e2m Kana H\u00e0n Qu\u1ed1c h\u1ed9p 2 l\u1ecd - S\u00c2M MINH TH\u1ecaNH<\/title>\n<meta name=\"robots\" content=\"index, follow, max-snippet:-1, max-image-preview:large, max-video-preview:-1\" \/>\n<link rel=\"canonical\" href=\"https:\/\/thietbitmg.com\/demo\/samminhthinh\/cao-hong-sam-kana-han-quoc-hop-2-lo\/\" \/>\n<meta property=\"og:locale\" content=\"vi_VN\" \/>\n<meta property=\"og:type\" content=\"article\" \/>\n<meta property=\"og:title\" content=\"Cao h\u1ed3ng s\u00e2m Kana H\u00e0n Qu\u1ed1c h\u1ed9p 2 l\u1ecd - S\u00c2M MINH TH\u1ecaNH\" \/>\n<meta property=\"og:description\" content=\"\u2721\u00a0Cao h\u1ed3ng s\u00e2m Kana H\u00e0n Qu\u1ed1c ch\u00ednh h\u00e3ng h\u1ed9p 2 l\u1ecd x 240g:\u00a0S\u1ea3n ph\u1ea9m 100% t\u1eeb thi\u00ean nhi\u00ean v\u1edbi c\u00f4ng d\u1ee5ng b\u1ed3i b\u1ed5 s\u1ee9c kh\u00f3e, t\u0103ng c\u01b0\u1eddng sinh l\u1ef1c.  \u2721\u00a0\u0110\u01b0\u1ee3c s\u1ea3n xu\u1ea5t v\u1edbi d\u00e2y chuy\u1ec1n c\u00f4ng ngh\u1ec7 hi\u1ec7n \u0111\u1ea1i \u0111\u1ea3m b\u1ea3o gi\u1eef nguy\u00ean ch\u1ea5t l\u01b0\u1ee3ng c\u1ee7a h\u1ed3ng s\u00e2m gi\u00fap b\u1ed3i b\u1ed5 c\u01a1 th\u1ec3 hi\u1ec7u qu\u1ea3.  \u2721\u00a0S\u1ea3n ph\u1ea9m c\u00f3 bao b\u00ec \u0111\u1eb9p n\u00ean S\u1ea3n ph\u1ea9m l\u00e0 m\u00f3n qu\u00e0 tuy\u1ec7t v\u1eddi cho gia \u0111\u00ecnh, ng\u01b0\u1eddi th\u00e2n, b\u1ea1n b\u00e8 trong c\u00e1c d\u1ecbp l\u1ec5 t\u1ebft.\" \/>\n<meta property=\"og:url\" content=\"https:\/\/thietbitmg.com\/demo\/samminhthinh\/cao-hong-sam-kana-han-quoc-hop-2-lo\/\" \/>\n<meta property=\"og:site_name\" content=\"S\u00c2M MINH TH\u1ecaNH\" \/>\n<meta property=\"article:modified_time\" content=\"2022-03-18T06:01:52+00:00\" \/>\n<meta property=\"og:image\" content=\"https:\/\/thietbitmg.com\/demo\/samminhthinh\/wp-content\/uploads\/2022\/03\/cao-hong-sam-kana-han-quoc-hop-2-lo-x-240g_thumb.jpg\" \/>\n\t<meta property=\"og:image:width\" content=\"250\" \/>\n\t<meta property=\"og:image:height\" content=\"164\" \/>\n<meta name=\"twitter:card\" content=\"summary_large_image\" \/>\n<meta name=\"twitter:label1\" content=\"\u01af\u1edbc t\u00ednh th\u1eddi gian \u0111\u1ecdc\">\n\t<meta name=\"twitter:data1\" content=\"3 ph\u00fat\">\n<script type=\"application\/ld+json\" class=\"yoast-schema-graph\">{\"@context\":\"https:\/\/schema.org\",\"@graph\":[{\"@type\":\"WebSite\",\"@id\":\"https:\/\/thietbitmg.com\/demo\/samminhthinh\/#website\",\"url\":\"https:\/\/thietbitmg.com\/demo\/samminhthinh\/\",\"name\":\"S\\u00c2M MINH TH\\u1ecaNH\",\"description\":\"TRANG CH\\u1ee6\",\"potentialAction\":[{\"@type\":\"SearchAction\",\"target\":\"https:\/\/thietbitmg.com\/demo\/samminhthinh\/?s={search_term_string}\",\"query-input\":\"required name=search_term_string\"}],\"inLanguage\":\"vi\"},{\"@type\":\"ImageObject\",\"@id\":\"https:\/\/thietbitmg.com\/demo\/samminhthinh\/cao-hong-sam-kana-han-quoc-hop-2-lo\/#primaryimage\",\"inLanguage\":\"vi\",\"url\":\"https:\/\/thietbitmg.com\/demo\/samminhthinh\/wp-content\/uploads\/2022\/03\/cao-hong-sam-kana-han-quoc-hop-2-lo-x-240g_thumb.jpg\",\"width\":250,\"height\":164},{\"@type\":\"WebPage\",\"@id\":\"https:\/\/thietbitmg.com\/demo\/samminhthinh\/cao-hong-sam-kana-han-quoc-hop-2-lo\/#webpage\",\"url\":\"https:\/\/thietbitmg.com\/demo\/samminhthinh\/cao-hong-sam-kana-han-quoc-hop-2-lo\/\",\"name\":\"Cao h\\u1ed3ng s\\u00e2m Kana H\\u00e0n Qu\\u1ed1c h\\u1ed9p 2 l\\u1ecd - S\\u00c2M MINH TH\\u1ecaNH\",\"isPartOf\":{\"@id\":\"https:\/\/thietbitmg.com\/demo\/samminhthinh\/#website\"},\"primaryImageOfPage\":{\"@id\":\"https:\/\/thietbitmg.com\/demo\/samminhthinh\/cao-hong-sam-kana-han-quoc-hop-2-lo\/#primaryimage\"},\"datePublished\":\"2022-03-01T02:01:16+00:00\",\"dateModified\":\"2022-03-18T06:01:52+00:00\",\"breadcrumb\":{\"@id\":\"https:\/\/thietbitmg.com\/demo\/samminhthinh\/cao-hong-sam-kana-han-quoc-hop-2-lo\/#breadcrumb\"},\"inLanguage\":\"vi\",\"potentialAction\":[{\"@type\":\"ReadAction\",\"target\":[\"https:\/\/thietbitmg.com\/demo\/samminhthinh\/cao-hong-sam-kana-han-quoc-hop-2-lo\/\"]}]},{\"@type\":\"BreadcrumbList\",\"@id\":\"https:\/\/thietbitmg.com\/demo\/samminhthinh\/cao-hong-sam-kana-han-quoc-hop-2-lo\/#breadcrumb\",\"itemListElement\":[{\"@type\":\"ListItem\",\"position\":1,\"item\":{\"@type\":\"WebPage\",\"@id\":\"https:\/\/thietbitmg.com\/demo\/samminhthinh\/\",\"url\":\"https:\/\/thietbitmg.com\/demo\/samminhthinh\/\",\"name\":\"Home\"}},{\"@type\":\"ListItem\",\"position\":2,\"item\":{\"@type\":\"WebPage\",\"@id\":\"https:\/\/thietbitmg.com\/demo\/samminhthinh\/shop\/\",\"url\":\"https:\/\/thietbitmg.com\/demo\/samminhthinh\/shop\/\",\"name\":\"Shop\"}},{\"@type\":\"ListItem\",\"position\":3,\"item\":{\"@type\":\"WebPage\",\"@id\":\"https:\/\/thietbitmg.com\/demo\/samminhthinh\/cao-hong-sam-kana-han-quoc-hop-2-lo\/\",\"url\":\"https:\/\/thietbitmg.com\/demo\/samminhthinh\/cao-hong-sam-kana-han-quoc-hop-2-lo\/\",\"name\":\"Cao h\\u1ed3ng s\\u00e2m Kana H\\u00e0n Qu\\u1ed1c h\\u1ed9p 2 l\\u1ecd\"}}]}]}<\/script>\n<!-- \/ Yoast SEO Premium plugin. -->","_links":{"self":[{"href":"https:\/\/thietbitmg.com\/demo\/samminhthinh\/wp-json\/wp\/v2\/product\/3689"}],"collection":[{"href":"https:\/\/thietbitmg.com\/demo\/samminhthinh\/wp-json\/wp\/v2\/product"}],"about":[{"href":"https:\/\/thietbitmg.com\/demo\/samminhthinh\/wp-json\/wp\/v2\/types\/product"}],"replies":[{"embeddable":true,"href":"https:\/\/thietbitmg.com\/demo\/samminhthinh\/wp-json\/wp\/v2\/comments?post=3689"}],"wp:featuredmedia":[{"embeddable":true,"href":"https:\/\/thietbitmg.com\/demo\/samminhthinh\/wp-json\/wp\/v2\/media\/3690"}],"wp:attachment":[{"href":"https:\/\/thietbitmg.com\/demo\/samminhthinh\/wp-json\/wp\/v2\/media?parent=3689"}],"curies":[{"name":"wp","href":"https:\/\/api.w.org\/{rel}","templated":true}]}}