{"id":3700,"date":"2022-03-01T02:07:55","date_gmt":"2022-03-01T02:07:55","guid":{"rendered":"https:\/\/samminhthinh.com\/?post_type=product&#038;p=3700"},"modified":"2022-03-01T02:07:56","modified_gmt":"2022-03-01T02:07:56","slug":"vien-dong-trung-ha-thao-han-quoc-cao-cap-hop-go-30-vien","status":"publish","type":"product","link":"https:\/\/thietbitmg.com\/demo\/samminhthinh\/vien-dong-trung-ha-thao-han-quoc-cao-cap-hop-go-30-vien\/","title":{"rendered":"Vi\u00ean \u0111\u00f4ng tr\u00f9ng h\u1ea1 th\u1ea3o H\u00e0n Qu\u1ed1c cao c\u1ea5p&hellip;"},"content":{"rendered":"<p style=\"font-weight: 400;\">\u2742 <b>Th\u00e0nh ph\u1ea7n ch\u00ednh c\u1ee7a Vi\u00ean \u0111\u00f4ng tr\u00f9ng h\u1ea1 th\u1ea3o H\u00e0n Qu\u1ed1c cao c\u1ea5p h\u1ed9p g\u1ed7 30 vi\u00ean :<\/b><\/p>\n<p style=\"font-weight: 400;\">\u27a2 Tinh ch\u1ea5t \u0111\u00f4ng tr\u00f9ng h\u1ea1 th\u1ea3o th\u00e0nh ph\u1ea7n ch\u00ednh c\u1ee7a s\u1ea3n ph\u1ea9m n\u00e0y.<br \/>\n\u27a2 Th\u00e0nh ph\u1ea7n \u0111\u00f4ng tr\u00f9ng h\u1ea1 th\u1ea3o: l\u00e0 d\u01b0\u1ee3c li\u1ec7u n\u1ed5i ti\u1ebfng trong \u0110\u00f4ng y, c\u00f3 t\u00e1c d\u1ee5ng hi\u1ec7u qu\u1ea3 \u0111\u1ed1i v\u1edbi c\u00e1c b\u1ec7nh li\u1ec7.t d\u01b0\u01a1.ng, y\u1ebfu sin.h l.\u00fd, r\u1ea5t t\u1ed1t cho ng\u01b0\u1eddi gi\u00e0 b\u1ecb \u0111au l\u01b0ng m\u1ecfi g\u1ed1i, ng\u01b0\u1eddi b\u1ecb ho hen, h\u00f4 h\u1ea5p k\u00e9m.<\/p>\n<p style=\"font-weight: 400;\">\u2742\u00a0<b><strong>T\u00e1c d\u1ee5ng ch\u00ednh c\u1ee7a\u00a0Vi\u00ean \u0111\u00f4ng tr\u00f9ng h\u1ea1 th\u1ea3o H\u00e0n Qu\u1ed1c cao c\u1ea5p h\u1ed9p g\u1ed7 30 vi\u00ean\u00a0:<\/strong><\/b><\/p>\n<p>\u2714\u00a0T\u0103ng c\u01b0\u1eddng h\u1ec7 mi\u1ec5n d\u1ecbch, ph\u00f2ng ch\u1ed1ng l\u1ea1i c\u00e1c lo\u1ea1i b\u1ec7nh t\u1eadt v\u00e0 t\u0103ng kh\u1ea3 n\u0103ng l\u00e0m l\u00e0nh b\u1ec7nh. \u0110\u1eb7c bi\u1ec7t l\u00e0 c\u00e1c b\u1ec7nh v\u1ec1 ph\u1ed5i, ho hen, vi\u00eam ph\u1ebf qu\u1ea3n m\u00e3n t\u00ednh.<br \/>\n\u2714\u00a0T\u00e1c d\u1ee5ng \u0111\u1ed1i v\u1edbi h\u1ec7 h\u00f4 h\u1ea5p: \u0111\u00f4ng tr\u00f9ng h\u1ea1 th\u1ea3o d\u1ea1ng vi\u00ean c\u00f3 t\u00e1c d\u1ee5ng r\u1ea5t t\u1ed1t \u0111\u1ed1i v\u1edbi nh\u1eefng ng\u01b0\u1eddi m\u1eafc c\u00e1c v\u1ea5n \u0111\u1ec1 v\u1ec1 h\u00f4 h\u1ea5p, \u00edt v\u1eadn \u0111\u1ed9ng, th\u01b0\u1eddng xuy\u00ean th\u1edf h\u1ed5n h\u1ec3n.<br \/>\n\u2714\u00a0\u0110\u1ed1i v\u1edbi h\u1ec7 tim m\u1ea1ch v\u00e0 th\u1ea7n kinh: \u0110\u00f4ng tr\u00f9ng h\u1ea1 th\u1ea3o d\u1ea1ng vi\u00ean c\u00f3 kh\u1ea3 n\u0103ng l\u00e0m cho nh\u1ecbp tim \u0111\u1ec1u \u0111\u1eb7n h\u01a1n, gi\u00fap \u0111i\u1ec1u h\u00f2a huy\u1ebft \u00e1p, \u0111i\u1ec1u ti\u1ebft oxy v\u00e0 c\u00e1c b\u1ec7nh v\u1ec1 tim\u00a0m\u1ea1ch. Qua \u0111\u00f3, \u1ed5n \u0111\u1ecbnh l\u01b0u l\u01b0\u1ee3ng m\u00e1u l\u00ean n\u00e3o, gi\u00fap gi\u1ea3m stress, c\u0103ng th\u1eb3ng v\u00e0 c\u00e1c ch\u1ee9ng b\u1ec7nh v\u1ec1 th\u1ea7n kinh.<br \/>\n\u2714\u00a0\u0110\u1ed1i v\u1edbi h\u1ec7 ti\u00eau h\u00f3a: \u0110\u00e2y l\u00e0 lo\u1ea1i th\u1ef1c ph\u1ea9m ch\u1ee9c n\u0103ng h\u1eefu hi\u1ec7u c\u00f3 kh\u1ea3 n\u0103ng t\u0103ng c\u01b0\u1eddng s\u1ef1 h\u1ea5p th\u1ee5 ch\u1ea5t dinh d\u01b0\u1ee1ng, gi\u00fap lo\u1ea1i b\u1ecf \u0111\u1ed9c t\u1ed1, ng\u01b0\u1eddi g\u1ea7y \u0103n ngon h\u01a1n, ng\u1ee7 ngon h\u01a1n, qua \u0111\u00f3 gi\u00e1n ti\u1ebfp c\u1ea3i thi\u1ec7n \u0111\u1eddi s\u1ed1ng v\u00e0 s\u1ee9c kh\u1ecfe\u2026<br \/>\n\u2714\u00a0Ngo\u00e0i ra, s\u1ea3n ph\u1ea9m\u00a0Vi\u00ean \u0111\u00f4ng tr\u00f9ng h\u1ea1 th\u1ea3o H\u00e0n Qu\u1ed1c cao c\u1ea5p h\u1ed9p g\u1ed7 30 vi\u00ean\u00a0c\u00f2n c\u00f3 t\u00e1c d\u1ee5ng ch\u1ed1ng li\u1ec7t d\u01b0\u01a1ng, ch\u1ed1ng xu\u1ea5t tinh s\u1edbm, gi\u00fap c\u01b0\u1eddng d\u01b0\u01a1ng v\u00e0 h\u1ea1n ch\u1ebf s\u1ef1 l\u00e3o h\u00f3a.<\/p>\n","protected":false},"excerpt":{"rendered":"<p dir=\"ltr\">\u2721\u00a0<strong>Vi\u00ean \u0111\u00f4ng tr\u00f9ng h\u1ea1 th\u1ea3o H\u00e0n Qu\u1ed1c cao c\u1ea5p h\u1ed9p g\u1ed7 30 vi\u00ean<\/strong>\u00a0\u0111\u01b0\u1ee3c b\u00e0o ch\u1ebf d\u1ea1ng vi\u00ean tr\u00f2n, chi\u1ebft xu\u1ea5t t\u1eeb \u0110\u00f4ng tr\u00f9ng h\u1ea1 th\u1ea3o, gi\u00fap b\u1ed3i b\u1ed5 s\u1ee9c kh\u1ecfe cho ng\u01b0\u1eddi l\u1edbn tu\u1ed5i, ng\u01b0\u1eddi sau \u1ed1m, t\u0103ng s\u1ee9c \u0111\u1ec1 kh\u00e1ng, b\u1ed5 th\u1eadn, ph\u1ebf ph\u1ed5i.<\/p>\n<p dir=\"ltr\">\u2721\u00a0S\u1ea3n ph\u1ea9m \u0111\u01b0\u1ee3c b\u1ea3o qu\u1ea3n trong h\u1ed9p g\u1ed7 sang tr\u1ecdng, r\u1ea5t th\u00edch h\u1ee3p l\u00e0m qu\u00e0 bi\u1ebfu t\u1eb7ng \u00fd ngh\u0129a. S\u1ea3n ph\u1ea9m thi\u1ebft th\u1ef1c d\u00e0nh cho c\u00e1c qu\u00fd \u00f4ng c\u1ea7n h\u1ed7 tr\u1ee3 ph\u1ee5c h\u1ed3i sinh l\u1ef1c ph\u00e1i m\u1ea1nh.<\/p>\n<p dir=\"ltr\">\u2721\u00a0Vi\u00ean \u0110\u00f4ng Tr\u00f9ng H\u1ea1 Th\u1ea3o \u0111\u01b0\u1ee3c nh\u1eadp tr\u1ef1c ti\u1ebfp t\u1eeb H\u00e0n Qu\u1ed1c, \u0111\u1ea3m b\u1ea3o ch\u1ea5t l\u01b0\u1ee3ng ch\u00ednh h\u00e3ng v\u00e0 hi\u1ec7u qu\u1ea3 cao khi s\u1eed d\u1ee5ng. Theo c\u00e1c ghi ch\u00e9p v\u1ec1 \u0111\u00f4ng d\u01b0\u1ee3c c\u1ed5, \u0110\u00f4ng tr\u00f9ng h\u1ea1 th\u1ea3o l\u00e0 m\u1ed9t th\u1ee9 b\u1ed3i b\u1ed5 h\u1ebft s\u1ee9c qu\u00fd gi\u00e1, c\u00f3 t\u00e1c d\u1ee5ng t\u00edch c\u1ef1c \u0111\u1ed1i v\u1edbi nhi\u1ec1u b\u1ec7nh nh\u01b0 th\u1eadn h\u01b0, \u0111au l\u01b0ng, m\u1ecfi g\u1ed1i, li\u1ec7t d\u01b0\u01a1ng, di tinh, ho hen do ph\u1ebf h\u01b0, b\u1ea3o v\u1ec7 th\u1eadn\u2026<\/p>\n","protected":false},"featured_media":3701,"comment_status":"open","ping_status":"closed","template":"","meta":[],"yoast_head":"<!-- This site is optimized with the Yoast SEO Premium plugin v15.9.1 - https:\/\/yoast.com\/wordpress\/plugins\/seo\/ -->\n<title>Vi\u00ean \u0111\u00f4ng tr\u00f9ng h\u1ea1 th\u1ea3o H\u00e0n Qu\u1ed1c cao c\u1ea5p h\u1ed9p g\u1ed7 30 vi\u00ean - S\u00c2M MINH TH\u1ecaNH<\/title>\n<meta name=\"robots\" content=\"index, follow, max-snippet:-1, max-image-preview:large, max-video-preview:-1\" \/>\n<link rel=\"canonical\" href=\"https:\/\/thietbitmg.com\/demo\/samminhthinh\/vien-dong-trung-ha-thao-han-quoc-cao-cap-hop-go-30-vien\/\" \/>\n<meta property=\"og:locale\" content=\"vi_VN\" \/>\n<meta property=\"og:type\" content=\"article\" \/>\n<meta property=\"og:title\" content=\"Vi\u00ean \u0111\u00f4ng tr\u00f9ng h\u1ea1 th\u1ea3o H\u00e0n Qu\u1ed1c cao c\u1ea5p h\u1ed9p g\u1ed7 30 vi\u00ean - S\u00c2M MINH TH\u1ecaNH\" \/>\n<meta property=\"og:description\" content=\"\u2721\u00a0Vi\u00ean \u0111\u00f4ng tr\u00f9ng h\u1ea1 th\u1ea3o H\u00e0n Qu\u1ed1c cao c\u1ea5p h\u1ed9p g\u1ed7 30 vi\u00ean\u00a0\u0111\u01b0\u1ee3c b\u00e0o ch\u1ebf d\u1ea1ng vi\u00ean tr\u00f2n, chi\u1ebft xu\u1ea5t t\u1eeb \u0110\u00f4ng tr\u00f9ng h\u1ea1 th\u1ea3o, gi\u00fap b\u1ed3i b\u1ed5 s\u1ee9c kh\u1ecfe cho ng\u01b0\u1eddi l\u1edbn tu\u1ed5i, ng\u01b0\u1eddi sau \u1ed1m, t\u0103ng s\u1ee9c \u0111\u1ec1 kh\u00e1ng, b\u1ed5 th\u1eadn, ph\u1ebf ph\u1ed5i. \u2721\u00a0S\u1ea3n ph\u1ea9m \u0111\u01b0\u1ee3c b\u1ea3o qu\u1ea3n trong h\u1ed9p g\u1ed7 sang tr\u1ecdng, r\u1ea5t th\u00edch h\u1ee3p l\u00e0m qu\u00e0 bi\u1ebfu t\u1eb7ng \u00fd ngh\u0129a. S\u1ea3n ph\u1ea9m thi\u1ebft th\u1ef1c d\u00e0nh cho c\u00e1c qu\u00fd \u00f4ng c\u1ea7n h\u1ed7 tr\u1ee3 ph\u1ee5c h\u1ed3i sinh l\u1ef1c ph\u00e1i m\u1ea1nh. \u2721\u00a0Vi\u00ean \u0110\u00f4ng Tr\u00f9ng H\u1ea1 Th\u1ea3o \u0111\u01b0\u1ee3c nh\u1eadp tr\u1ef1c ti\u1ebfp t\u1eeb H\u00e0n Qu\u1ed1c, \u0111\u1ea3m b\u1ea3o ch\u1ea5t l\u01b0\u1ee3ng ch\u00ednh h\u00e3ng v\u00e0 hi\u1ec7u qu\u1ea3 cao khi s\u1eed d\u1ee5ng. Theo c\u00e1c ghi ch\u00e9p v\u1ec1 \u0111\u00f4ng d\u01b0\u1ee3c c\u1ed5, \u0110\u00f4ng tr\u00f9ng h\u1ea1 th\u1ea3o l\u00e0 m\u1ed9t th\u1ee9 b\u1ed3i b\u1ed5 h\u1ebft s\u1ee9c qu\u00fd gi\u00e1, c\u00f3 t\u00e1c d\u1ee5ng t\u00edch c\u1ef1c \u0111\u1ed1i v\u1edbi nhi\u1ec1u b\u1ec7nh nh\u01b0 th\u1eadn h\u01b0, \u0111au l\u01b0ng, m\u1ecfi g\u1ed1i, li\u1ec7t d\u01b0\u01a1ng, di tinh, ho hen do ph\u1ebf h\u01b0, b\u1ea3o v\u1ec7 th\u1eadn\u2026\" \/>\n<meta property=\"og:url\" content=\"https:\/\/thietbitmg.com\/demo\/samminhthinh\/vien-dong-trung-ha-thao-han-quoc-cao-cap-hop-go-30-vien\/\" \/>\n<meta property=\"og:site_name\" content=\"S\u00c2M MINH TH\u1ecaNH\" \/>\n<meta property=\"article:modified_time\" content=\"2022-03-01T02:07:56+00:00\" \/>\n<meta property=\"og:image\" content=\"https:\/\/thietbitmg.com\/demo\/samminhthinh\/wp-content\/uploads\/2022\/03\/vien-dong-trung-ha-thao-han-quoc-cao-cap-hop-go-30-vien_thumb.jpg\" \/>\n\t<meta property=\"og:image:width\" content=\"250\" \/>\n\t<meta property=\"og:image:height\" content=\"164\" \/>\n<meta name=\"twitter:card\" content=\"summary_large_image\" \/>\n<meta name=\"twitter:label1\" content=\"\u01af\u1edbc t\u00ednh th\u1eddi gian \u0111\u1ecdc\">\n\t<meta name=\"twitter:data1\" content=\"2 ph\u00fat\">\n<script type=\"application\/ld+json\" class=\"yoast-schema-graph\">{\"@context\":\"https:\/\/schema.org\",\"@graph\":[{\"@type\":\"WebSite\",\"@id\":\"https:\/\/thietbitmg.com\/demo\/samminhthinh\/#website\",\"url\":\"https:\/\/thietbitmg.com\/demo\/samminhthinh\/\",\"name\":\"S\\u00c2M MINH TH\\u1ecaNH\",\"description\":\"TRANG CH\\u1ee6\",\"potentialAction\":[{\"@type\":\"SearchAction\",\"target\":\"https:\/\/thietbitmg.com\/demo\/samminhthinh\/?s={search_term_string}\",\"query-input\":\"required name=search_term_string\"}],\"inLanguage\":\"vi\"},{\"@type\":\"ImageObject\",\"@id\":\"https:\/\/thietbitmg.com\/demo\/samminhthinh\/vien-dong-trung-ha-thao-han-quoc-cao-cap-hop-go-30-vien\/#primaryimage\",\"inLanguage\":\"vi\",\"url\":\"https:\/\/thietbitmg.com\/demo\/samminhthinh\/wp-content\/uploads\/2022\/03\/vien-dong-trung-ha-thao-han-quoc-cao-cap-hop-go-30-vien_thumb.jpg\",\"width\":250,\"height\":164},{\"@type\":\"WebPage\",\"@id\":\"https:\/\/thietbitmg.com\/demo\/samminhthinh\/vien-dong-trung-ha-thao-han-quoc-cao-cap-hop-go-30-vien\/#webpage\",\"url\":\"https:\/\/thietbitmg.com\/demo\/samminhthinh\/vien-dong-trung-ha-thao-han-quoc-cao-cap-hop-go-30-vien\/\",\"name\":\"Vi\\u00ean \\u0111\\u00f4ng tr\\u00f9ng h\\u1ea1 th\\u1ea3o H\\u00e0n Qu\\u1ed1c cao c\\u1ea5p h\\u1ed9p g\\u1ed7 30 vi\\u00ean - S\\u00c2M MINH TH\\u1ecaNH\",\"isPartOf\":{\"@id\":\"https:\/\/thietbitmg.com\/demo\/samminhthinh\/#website\"},\"primaryImageOfPage\":{\"@id\":\"https:\/\/thietbitmg.com\/demo\/samminhthinh\/vien-dong-trung-ha-thao-han-quoc-cao-cap-hop-go-30-vien\/#primaryimage\"},\"datePublished\":\"2022-03-01T02:07:55+00:00\",\"dateModified\":\"2022-03-01T02:07:56+00:00\",\"breadcrumb\":{\"@id\":\"https:\/\/thietbitmg.com\/demo\/samminhthinh\/vien-dong-trung-ha-thao-han-quoc-cao-cap-hop-go-30-vien\/#breadcrumb\"},\"inLanguage\":\"vi\",\"potentialAction\":[{\"@type\":\"ReadAction\",\"target\":[\"https:\/\/thietbitmg.com\/demo\/samminhthinh\/vien-dong-trung-ha-thao-han-quoc-cao-cap-hop-go-30-vien\/\"]}]},{\"@type\":\"BreadcrumbList\",\"@id\":\"https:\/\/thietbitmg.com\/demo\/samminhthinh\/vien-dong-trung-ha-thao-han-quoc-cao-cap-hop-go-30-vien\/#breadcrumb\",\"itemListElement\":[{\"@type\":\"ListItem\",\"position\":1,\"item\":{\"@type\":\"WebPage\",\"@id\":\"https:\/\/thietbitmg.com\/demo\/samminhthinh\/\",\"url\":\"https:\/\/thietbitmg.com\/demo\/samminhthinh\/\",\"name\":\"Home\"}},{\"@type\":\"ListItem\",\"position\":2,\"item\":{\"@type\":\"WebPage\",\"@id\":\"https:\/\/thietbitmg.com\/demo\/samminhthinh\/shop\/\",\"url\":\"https:\/\/thietbitmg.com\/demo\/samminhthinh\/shop\/\",\"name\":\"Shop\"}},{\"@type\":\"ListItem\",\"position\":3,\"item\":{\"@type\":\"WebPage\",\"@id\":\"https:\/\/thietbitmg.com\/demo\/samminhthinh\/vien-dong-trung-ha-thao-han-quoc-cao-cap-hop-go-30-vien\/\",\"url\":\"https:\/\/thietbitmg.com\/demo\/samminhthinh\/vien-dong-trung-ha-thao-han-quoc-cao-cap-hop-go-30-vien\/\",\"name\":\"Vi\\u00ean \\u0111\\u00f4ng tr\\u00f9ng h\\u1ea1 th\\u1ea3o H\\u00e0n Qu\\u1ed1c cao c\\u1ea5p h\\u1ed9p g\\u1ed7 30 vi\\u00ean\"}}]}]}<\/script>\n<!-- \/ Yoast SEO Premium plugin. -->","_links":{"self":[{"href":"https:\/\/thietbitmg.com\/demo\/samminhthinh\/wp-json\/wp\/v2\/product\/3700"}],"collection":[{"href":"https:\/\/thietbitmg.com\/demo\/samminhthinh\/wp-json\/wp\/v2\/product"}],"about":[{"href":"https:\/\/thietbitmg.com\/demo\/samminhthinh\/wp-json\/wp\/v2\/types\/product"}],"replies":[{"embeddable":true,"href":"https:\/\/thietbitmg.com\/demo\/samminhthinh\/wp-json\/wp\/v2\/comments?post=3700"}],"wp:featuredmedia":[{"embeddable":true,"href":"https:\/\/thietbitmg.com\/demo\/samminhthinh\/wp-json\/wp\/v2\/media\/3701"}],"wp:attachment":[{"href":"https:\/\/thietbitmg.com\/demo\/samminhthinh\/wp-json\/wp\/v2\/media?parent=3700"}],"curies":[{"name":"wp","href":"https:\/\/api.w.org\/{rel}","templated":true}]}}