{"id":3723,"date":"2022-03-01T02:40:13","date_gmt":"2022-03-01T02:40:13","guid":{"rendered":"https:\/\/samminhthinh.com\/?post_type=product&#038;p=3723"},"modified":"2022-03-01T02:40:13","modified_gmt":"2022-03-01T02:40:13","slug":"dong-trung-ha-thao-tay-tang-thien-nhien-nguyen-con-20g","status":"publish","type":"product","link":"https:\/\/thietbitmg.com\/demo\/samminhthinh\/dong-trung-ha-thao-tay-tang-thien-nhien-nguyen-con-20g\/","title":{"rendered":"\u0110\u00f4ng tr\u00f9ng h\u1ea1 th\u1ea3o T\u00e2y T\u1ea1ng thi\u00ean nhi\u00ean nguy\u00ean&hellip;"},"content":{"rendered":"<p>\u2742\u00a0<strong>T\u00e1c d\u1ee5ng:<\/strong><\/p>\n<p>\u2714\u00a0Ng\u0103n ng\u1eeba kh\u1ed1i u, ph\u00f2ng h\u1ed7 tr\u1ee3 \u0111i\u1ec1u tr\u1ecb trong qu\u00e1 tr\u00ecnh di c\u0103n<\/p>\n<p>\u2714\u00a0Ph\u00f2ng v\u00e0 h\u1ed7 tr\u1ee3 \u0111i\u1ec1u tr\u1ecb b\u1ec7nh v\u1ec1\u00a0\u0111\u01b0\u1eddng<\/p>\n<p>\u2714\u00a0T\u0103ng c\u01b0\u1eddng ho\u1ea1t \u0111\u1ed9ng h\u1ec7 mi\u1ec5n d\u1ecbch trong c\u01a1 th\u1ec3 gi\u00fap c\u1ea3i thi\u1ec7n s\u1ee9c kh\u1ecfe cho b\u1ec7nh nh\u00e2n sau ph\u1eabu thu\u1eadt v\u00e0 b\u1ec7nh v\u1ec1 th\u1eadn.<\/p>\n<p>\u2714\u00a0Ch\u1ed1ng\u00a0suy nh\u01b0\u1ee3c c\u01a1 th\u1ec3, b\u1ed3i b\u1ed5 s\u1ee9c kh\u1ecfe cho ng\u01b0\u1eddi m\u1edbi \u1ed1m d\u1eady.<\/p>\n<p>\u2714\u00a0T\u1ed1t cho ng\u01b0\u1eddi y\u1ebfu sinh l\u00ed, l\u00e0m t\u0103ng ham mu\u1ed1n t\u1ef1 nhi\u00ean nam n\u1eef, nh\u1eefng ng\u01b0\u1eddi hi\u1ebfm mu\u1ed9n, b\u1ed3i b\u1ed5 s\u1ee9c kh\u1ecfe cho ng\u01b0\u1eddi gi\u00e0.<\/p>\n<p>\u2714\u00a0Gi\u1ea3m ho v\u00e0 hen suy\u1ec5n<\/p>\n<p>\u2714\u00a0T\u0103ng s\u1ee9c \u0111\u1ec1 kh\u00e1ng, gi\u1ea3m c\u0103ng th\u1eb3ng; t\u0103ng c\u01b0\u1eddng sinh l\u00fd.<\/p>\n<p>\u2714\u00a0L\u00e0m \u0111\u1eb9p da, t\u0103ng s\u1ee9c \u0111\u1ec1 kh\u00e1ng cho ng\u01b0\u1eddi m\u1ec7t m\u1ecfi c\u0103ng th\u1eb3ng.<\/p>\n<p>\u2714\u00a0M\u1ee9c \u0111\u1ed9 hi\u1ec7u qu\u1ea3 c\u1ee7a s\u1ea3n ph\u1ea9m t\u00f9y thu\u1ed9c v\u00e0o c\u01a1 \u0111\u1ecba v\u00e0 t\u00ecnh tr\u1ea1ng s\u1ee9c kh\u1ecfe c\u1ee7a m\u1ed7i ng\u01b0\u1eddi.<\/p>\n<p>\u2714\u00a0\u0110\u1ed1i v\u1edbi ng\u01b0\u1eddi c\u00f3 ti\u1ec1n s\u1eed b\u1ec7nh n\u1eb7ng hay c\u01a1 th\u1ec3 d\u1ec5 b\u1ecb d\u1ecb \u1ee9ng v\u1edbi c\u00e1c th\u00e0nh ph\u1ea7n kh\u00e1c th\u00ec n\u00ean tham kh\u1ea3o \u00fd ki\u1ebfn b\u00e1c s\u0129 tr\u01b0\u1edbc khi s\u1eed d\u1ee5ng<\/p>\n<p>\u2714\u00a0\u0110\u00e2y l\u00e0 s\u1ea3n ph\u1ea9m b\u1ed5 sung dinh d\u01b0\u1ee1ng, kh\u00f4ng ph\u1ea3i l\u00e0 thu\u1ed1c ch\u1eefa b\u1ec7nh, kh\u00f4ng c\u00f3 ch\u1ee9c n\u0103ng thay th\u1ebf thu\u1ed1c ch\u1eefa b\u1ec7nh.<\/p>\n<p>\u2714\u00a0\u0110\u1ec3 \u0111\u1ea3m b\u1ea3o ch\u1ecdn v\u00e0 s\u1eed d\u1ee5ng \u0111\u00fang s\u1ea3n ph\u1ea9m hi\u1ec7u qu\u1ea3 nh\u1ea5t \u0111\u1ed1i v\u1edbi s\u1ee9c kh\u1ecfe c\u1ee7a m\u1ed7i kh\u00e1ch h\u00e0ng, qu\u00fd kh\u00e1ch vui l\u00f2ng xem k\u1ef9 m\u00f4 t\u1ea3, c\u00f4ng d\u1ee5ng v\u00e0 h\u01b0\u1edbng d\u1eabn s\u1eed d\u1ee5ng s\u1ea3n ph\u1ea9m ho\u1eb7c li\u00ean h\u1ec7 tr\u1ef1c ti\u1ebfp s\u1ed1 \u0110T 090.77.999.88 \u0111\u1ec3 \u0111\u01b0\u1ee3c t\u01b0 v\u1ea5n k\u1ef9 h\u01a1n.<\/p>\n","protected":false},"excerpt":{"rendered":"<p>\u2721\u00a0<strong>\u0110\u00f4ng tr\u00f9ng h\u1ea1 th\u1ea3o T\u00e2y T\u1ea1ng thi\u00ean nhi\u00ean nguy\u00ean con 20g:\u00a0<\/strong>Gi\u1ea3i ph\u00e1p ch\u0103m s\u00f3c s\u1ee9c kho\u1ebb t\u1ed1i \u01b0u v\u00e0 to\u00e0n di\u1ec7n c\u1ee7a b\u1ea1n, c\u00f3 t\u00e1c d\u00f9ng b\u1ed3i b\u1ed5 c\u01a1 th\u1ec3, n\u00e2ng cao s\u1ee9c kho\u1ebb, ph\u00f2ng ch\u1ed1ng nguy c\u01a1 c\u1ee7a nhi\u1ec1u c\u0103n b\u1ec7nh nguy hi\u1ec3m, \u0111\u1ed3ng th\u1eddi c\u1ea3i thi\u1ec7n ch\u1ee9c n\u0103ng sinh l\u00fd \u1edf c\u1ea3 2 gi\u1edbi, \u0111\u01b0\u1ee3c nhi\u1ec1u ng\u01b0\u1eddi tin t\u01b0\u1edfng s\u1eed d\u1ee5ng.<\/p>\n<p>\u2721\u00a0S\u1ea3n ph\u1ea9m c\u00f3 thi\u1ebft k\u1ebf v\u1ecf h\u1ed9p sang tr\u1ecdng, qu\u00fd ph\u00e1i v\u00e0 c\u1ef1c k\u1ef3 \u0111\u1eb3ng c\u1ea5p n\u00ean ph\u00f9 h\u1ee3p l\u00e0m qu\u00e0 bi\u1ebfu t\u1eb7ng cho c\u1ea5p tr\u00ean, b\u1ea1n b\u00e8 v\u00e0 nh\u1eefng ng\u01b0\u1eddi th\u00e2n y\u00eau.<\/p>\n","protected":false},"featured_media":3724,"comment_status":"open","ping_status":"closed","template":"","meta":[],"yoast_head":"<!-- This site is optimized with the Yoast SEO Premium plugin v15.9.1 - https:\/\/yoast.com\/wordpress\/plugins\/seo\/ -->\n<title>\u0110\u00f4ng tr\u00f9ng h\u1ea1 th\u1ea3o T\u00e2y T\u1ea1ng thi\u00ean nhi\u00ean nguy\u00ean con 20g - S\u00c2M MINH TH\u1ecaNH<\/title>\n<meta name=\"robots\" content=\"index, follow, max-snippet:-1, max-image-preview:large, max-video-preview:-1\" \/>\n<link rel=\"canonical\" href=\"https:\/\/thietbitmg.com\/demo\/samminhthinh\/dong-trung-ha-thao-tay-tang-thien-nhien-nguyen-con-20g\/\" \/>\n<meta property=\"og:locale\" content=\"vi_VN\" \/>\n<meta property=\"og:type\" content=\"article\" \/>\n<meta property=\"og:title\" content=\"\u0110\u00f4ng tr\u00f9ng h\u1ea1 th\u1ea3o T\u00e2y T\u1ea1ng thi\u00ean nhi\u00ean nguy\u00ean con 20g - S\u00c2M MINH TH\u1ecaNH\" \/>\n<meta property=\"og:description\" content=\"\u2721\u00a0\u0110\u00f4ng tr\u00f9ng h\u1ea1 th\u1ea3o T\u00e2y T\u1ea1ng thi\u00ean nhi\u00ean nguy\u00ean con 20g:\u00a0Gi\u1ea3i ph\u00e1p ch\u0103m s\u00f3c s\u1ee9c kho\u1ebb t\u1ed1i \u01b0u v\u00e0 to\u00e0n di\u1ec7n c\u1ee7a b\u1ea1n, c\u00f3 t\u00e1c d\u00f9ng b\u1ed3i b\u1ed5 c\u01a1 th\u1ec3, n\u00e2ng cao s\u1ee9c kho\u1ebb, ph\u00f2ng ch\u1ed1ng nguy c\u01a1 c\u1ee7a nhi\u1ec1u c\u0103n b\u1ec7nh nguy hi\u1ec3m, \u0111\u1ed3ng th\u1eddi c\u1ea3i thi\u1ec7n ch\u1ee9c n\u0103ng sinh l\u00fd \u1edf c\u1ea3 2 gi\u1edbi, \u0111\u01b0\u1ee3c nhi\u1ec1u ng\u01b0\u1eddi tin t\u01b0\u1edfng s\u1eed d\u1ee5ng.  \u2721\u00a0S\u1ea3n ph\u1ea9m c\u00f3 thi\u1ebft k\u1ebf v\u1ecf h\u1ed9p sang tr\u1ecdng, qu\u00fd ph\u00e1i v\u00e0 c\u1ef1c k\u1ef3 \u0111\u1eb3ng c\u1ea5p n\u00ean ph\u00f9 h\u1ee3p l\u00e0m qu\u00e0 bi\u1ebfu t\u1eb7ng cho c\u1ea5p tr\u00ean, b\u1ea1n b\u00e8 v\u00e0 nh\u1eefng ng\u01b0\u1eddi th\u00e2n y\u00eau.\" \/>\n<meta property=\"og:url\" content=\"https:\/\/thietbitmg.com\/demo\/samminhthinh\/dong-trung-ha-thao-tay-tang-thien-nhien-nguyen-con-20g\/\" \/>\n<meta property=\"og:site_name\" content=\"S\u00c2M MINH TH\u1ecaNH\" \/>\n<meta property=\"og:image\" content=\"https:\/\/thietbitmg.com\/demo\/samminhthinh\/wp-content\/uploads\/2022\/03\/dong-trung-ha-thao-tay-tang-thien-nhien-nguyen-con-20g_thumb.jpg\" \/>\n\t<meta property=\"og:image:width\" content=\"250\" \/>\n\t<meta property=\"og:image:height\" content=\"164\" \/>\n<meta name=\"twitter:card\" content=\"summary_large_image\" \/>\n<meta name=\"twitter:label1\" content=\"\u01af\u1edbc t\u00ednh th\u1eddi gian \u0111\u1ecdc\">\n\t<meta name=\"twitter:data1\" content=\"2 ph\u00fat\">\n<script type=\"application\/ld+json\" class=\"yoast-schema-graph\">{\"@context\":\"https:\/\/schema.org\",\"@graph\":[{\"@type\":\"WebSite\",\"@id\":\"https:\/\/thietbitmg.com\/demo\/samminhthinh\/#website\",\"url\":\"https:\/\/thietbitmg.com\/demo\/samminhthinh\/\",\"name\":\"S\\u00c2M MINH TH\\u1ecaNH\",\"description\":\"TRANG CH\\u1ee6\",\"potentialAction\":[{\"@type\":\"SearchAction\",\"target\":\"https:\/\/thietbitmg.com\/demo\/samminhthinh\/?s={search_term_string}\",\"query-input\":\"required name=search_term_string\"}],\"inLanguage\":\"vi\"},{\"@type\":\"ImageObject\",\"@id\":\"https:\/\/thietbitmg.com\/demo\/samminhthinh\/dong-trung-ha-thao-tay-tang-thien-nhien-nguyen-con-20g\/#primaryimage\",\"inLanguage\":\"vi\",\"url\":\"https:\/\/thietbitmg.com\/demo\/samminhthinh\/wp-content\/uploads\/2022\/03\/dong-trung-ha-thao-tay-tang-thien-nhien-nguyen-con-20g_thumb.jpg\",\"width\":250,\"height\":164},{\"@type\":\"WebPage\",\"@id\":\"https:\/\/thietbitmg.com\/demo\/samminhthinh\/dong-trung-ha-thao-tay-tang-thien-nhien-nguyen-con-20g\/#webpage\",\"url\":\"https:\/\/thietbitmg.com\/demo\/samminhthinh\/dong-trung-ha-thao-tay-tang-thien-nhien-nguyen-con-20g\/\",\"name\":\"\\u0110\\u00f4ng tr\\u00f9ng h\\u1ea1 th\\u1ea3o T\\u00e2y T\\u1ea1ng thi\\u00ean nhi\\u00ean nguy\\u00ean con 20g - S\\u00c2M MINH TH\\u1ecaNH\",\"isPartOf\":{\"@id\":\"https:\/\/thietbitmg.com\/demo\/samminhthinh\/#website\"},\"primaryImageOfPage\":{\"@id\":\"https:\/\/thietbitmg.com\/demo\/samminhthinh\/dong-trung-ha-thao-tay-tang-thien-nhien-nguyen-con-20g\/#primaryimage\"},\"datePublished\":\"2022-03-01T02:40:13+00:00\",\"dateModified\":\"2022-03-01T02:40:13+00:00\",\"breadcrumb\":{\"@id\":\"https:\/\/thietbitmg.com\/demo\/samminhthinh\/dong-trung-ha-thao-tay-tang-thien-nhien-nguyen-con-20g\/#breadcrumb\"},\"inLanguage\":\"vi\",\"potentialAction\":[{\"@type\":\"ReadAction\",\"target\":[\"https:\/\/thietbitmg.com\/demo\/samminhthinh\/dong-trung-ha-thao-tay-tang-thien-nhien-nguyen-con-20g\/\"]}]},{\"@type\":\"BreadcrumbList\",\"@id\":\"https:\/\/thietbitmg.com\/demo\/samminhthinh\/dong-trung-ha-thao-tay-tang-thien-nhien-nguyen-con-20g\/#breadcrumb\",\"itemListElement\":[{\"@type\":\"ListItem\",\"position\":1,\"item\":{\"@type\":\"WebPage\",\"@id\":\"https:\/\/thietbitmg.com\/demo\/samminhthinh\/\",\"url\":\"https:\/\/thietbitmg.com\/demo\/samminhthinh\/\",\"name\":\"Home\"}},{\"@type\":\"ListItem\",\"position\":2,\"item\":{\"@type\":\"WebPage\",\"@id\":\"https:\/\/thietbitmg.com\/demo\/samminhthinh\/shop\/\",\"url\":\"https:\/\/thietbitmg.com\/demo\/samminhthinh\/shop\/\",\"name\":\"Shop\"}},{\"@type\":\"ListItem\",\"position\":3,\"item\":{\"@type\":\"WebPage\",\"@id\":\"https:\/\/thietbitmg.com\/demo\/samminhthinh\/dong-trung-ha-thao-tay-tang-thien-nhien-nguyen-con-20g\/\",\"url\":\"https:\/\/thietbitmg.com\/demo\/samminhthinh\/dong-trung-ha-thao-tay-tang-thien-nhien-nguyen-con-20g\/\",\"name\":\"\\u0110\\u00f4ng tr\\u00f9ng h\\u1ea1 th\\u1ea3o T\\u00e2y T\\u1ea1ng thi\\u00ean nhi\\u00ean nguy\\u00ean con 20g\"}}]}]}<\/script>\n<!-- \/ Yoast SEO Premium plugin. -->","_links":{"self":[{"href":"https:\/\/thietbitmg.com\/demo\/samminhthinh\/wp-json\/wp\/v2\/product\/3723"}],"collection":[{"href":"https:\/\/thietbitmg.com\/demo\/samminhthinh\/wp-json\/wp\/v2\/product"}],"about":[{"href":"https:\/\/thietbitmg.com\/demo\/samminhthinh\/wp-json\/wp\/v2\/types\/product"}],"replies":[{"embeddable":true,"href":"https:\/\/thietbitmg.com\/demo\/samminhthinh\/wp-json\/wp\/v2\/comments?post=3723"}],"wp:featuredmedia":[{"embeddable":true,"href":"https:\/\/thietbitmg.com\/demo\/samminhthinh\/wp-json\/wp\/v2\/media\/3724"}],"wp:attachment":[{"href":"https:\/\/thietbitmg.com\/demo\/samminhthinh\/wp-json\/wp\/v2\/media?parent=3723"}],"curies":[{"name":"wp","href":"https:\/\/api.w.org\/{rel}","templated":true}]}}