{"id":3728,"date":"2022-03-01T02:43:21","date_gmt":"2022-03-01T02:43:21","guid":{"rendered":"https:\/\/samminhthinh.com\/?post_type=product&#038;p=3728"},"modified":"2022-03-01T02:43:21","modified_gmt":"2022-03-01T02:43:21","slug":"nam-linh-chi-do-thien-nhien-han-quoc-cao-cap","status":"publish","type":"product","link":"https:\/\/thietbitmg.com\/demo\/samminhthinh\/nam-linh-chi-do-thien-nhien-han-quoc-cao-cap\/","title":{"rendered":"N\u1ea5m linh chi \u0111\u1ecf thi\u00ean nhi\u00ean H\u00e0n Qu\u1ed1c cao&hellip;"},"content":{"rendered":"<p>\u2714\u00a0Ng\u0103n ch\u1eb7n qu\u00e1 tr\u00ecnh l\u00e3o h\u00f3a, l\u00e0m \u0111\u1eb9p da.<\/p>\n<p>\u2714\u00a0Ph\u00f2ng ng\u1eeba v\u00e0 h\u1ed7 tr\u1ee3 \u0111i\u1ec1u tr\u1ecb kh\u1ed1i u, t\u0103ng c\u01b0\u1eddng h\u1ec7 mi\u1ec5n d\u1ecbch<\/p>\n<p>\u2714\u00a0Gi\u1ea3m cholesterol gi\u00fap \u1ed5n \u0111\u1ecbnh huy\u1ebft \u00e1p, c\u1ea3i thi\u1ec7n tu\u1ea7n ho\u00e0n m\u00e1u t\u1ed1t cho tim m\u1ea1ch<\/p>\n<p>\u2714\u00a0\u0110i\u1ec1u h\u00f2a l\u01b0\u1ee3ng \u0111\u01b0\u1eddng trong m\u00e1u, gi\u00fap gi\u1ea3m nguy c\u01a1 m\u1eafc c\u00e1c b\u1ec7nh b\u00e9o ph\u00ec v\u00e0 b\u1ec7nh v\u1ec1\u00a0\u0111\u01b0\u1eddng<\/p>\n<p>\u2714\u00a0B\u1ea3o v\u1ec7 v\u00e0 gi\u1ea3i \u0111\u1ed9c gan, th\u00edch h\u1ee3p cho b\u1ec7nh nh\u00e2n v\u1ec1 gan nh\u01b0 vi\u00eam gan, x\u01a1 gan, gan nhi\u1ec5m m\u1ee1.<\/p>\n<p>\u2714\u00a0Ph\u1ee5c h\u1ed3i s\u1ee9c kh\u1ecfe<\/p>\n<p>\u2714\u00a0T\u0103ng c\u01b0\u1eddng kh\u1ea3 n\u0103ng sinh l\u00fd cho nam gi\u1edbi<\/p>\n<p>\u2714\u00a0H\u1ed7 tr\u1ee3 \u0111i\u1ec1u tr\u1ecb b\u1ec7nh gout<\/p>\n<p>\u2742\u00a0<strong>\u0110\u1ed1i t\u01b0\u1ee3ng s\u1eed d\u1ee5ng:\u00a0<\/strong>Th\u00edch h\u1ee3p cho nh\u1eefng ng\u01b0\u1eddi m\u1eafc b\u1ec7nh b\u00e9o ph\u00ec, cao \u00a0huy\u1ebft \u00e1p, ng\u01b0\u1eddi b\u1ecb b\u1ec7nh v\u1ec1\u00a0\u0111\u01b0\u1eddng, ng\u01b0\u1eddi c\u00f3 nhu c\u1ea7u t\u0103ng c\u01b0\u1eddng s\u1ee9c kh\u1ecfe.<\/p>\n","protected":false},"excerpt":{"rendered":"<p>\u2721\u00a0<strong>N\u1ea5m linh chi \u0111\u1ecf thi\u00ean nhi\u00ean H\u00e0n Qu\u1ed1c<\/strong>\u00a0\u0111\u01b0\u1ee3c bi\u1ebft \u0111\u1ebfn l\u00e0 m\u1ed9t lo\u1ea1i d\u01b0\u1ee3c li\u1ec7u qu\u00fd hi\u1ebfm t\u1ed1t cho c\u01a1 th\u1ec3 con ng\u01b0\u1eddi gi\u00fap b\u1ea3o v\u1ec7 gan, gi\u1ea3i \u0111\u1ed9c, c\u01b0\u1eddng th\u1eadn, b\u1ed5 n\u00e3o, l\u1ee3i ti\u1ec3u, ti\u00eau \u0111\u1eddm, ph\u00f2ng ch\u1ed1ng kh\u1ed1i u, ng\u0103n ng\u1eeba qu\u00e1 tr\u00ecnh l\u00e3o h\u00f3a, t\u0103ng tu\u1ed5i th\u1ecd, ng\u0103n ng\u1eeba b\u1ec7nh v\u1ec1\u00a0\u0111\u01b0\u1eddng.<\/p>\n<p>\u2721\u00a0N\u1ea5m linh chi thi\u00ean nhi\u00ean H\u00e0n Qu\u1ed1c\u00a0th\u00edch h\u1ee3p l\u00e0m m\u00f3n qu\u00e0 bi\u1ebfu thi\u1ebft th\u1ef1c cho ng\u01b0\u1eddi th\u00e2n, gia \u0111\u00ecnh v\u00e0 b\u1ea1n b\u00e8.<\/p>\n","protected":false},"featured_media":3729,"comment_status":"open","ping_status":"closed","template":"","meta":[],"yoast_head":"<!-- This site is optimized with the Yoast SEO Premium plugin v15.9.1 - https:\/\/yoast.com\/wordpress\/plugins\/seo\/ -->\n<title>N\u1ea5m linh chi \u0111\u1ecf thi\u00ean nhi\u00ean H\u00e0n Qu\u1ed1c cao c\u1ea5p - S\u00c2M MINH TH\u1ecaNH<\/title>\n<meta name=\"robots\" content=\"index, follow, max-snippet:-1, max-image-preview:large, max-video-preview:-1\" \/>\n<link rel=\"canonical\" href=\"https:\/\/thietbitmg.com\/demo\/samminhthinh\/nam-linh-chi-do-thien-nhien-han-quoc-cao-cap\/\" \/>\n<meta property=\"og:locale\" content=\"vi_VN\" \/>\n<meta property=\"og:type\" content=\"article\" \/>\n<meta property=\"og:title\" content=\"N\u1ea5m linh chi \u0111\u1ecf thi\u00ean nhi\u00ean H\u00e0n Qu\u1ed1c cao c\u1ea5p - S\u00c2M MINH TH\u1ecaNH\" \/>\n<meta property=\"og:description\" content=\"\u2721\u00a0N\u1ea5m linh chi \u0111\u1ecf thi\u00ean nhi\u00ean H\u00e0n Qu\u1ed1c\u00a0\u0111\u01b0\u1ee3c bi\u1ebft \u0111\u1ebfn l\u00e0 m\u1ed9t lo\u1ea1i d\u01b0\u1ee3c li\u1ec7u qu\u00fd hi\u1ebfm t\u1ed1t cho c\u01a1 th\u1ec3 con ng\u01b0\u1eddi gi\u00fap b\u1ea3o v\u1ec7 gan, gi\u1ea3i \u0111\u1ed9c, c\u01b0\u1eddng th\u1eadn, b\u1ed5 n\u00e3o, l\u1ee3i ti\u1ec3u, ti\u00eau \u0111\u1eddm, ph\u00f2ng ch\u1ed1ng kh\u1ed1i u, ng\u0103n ng\u1eeba qu\u00e1 tr\u00ecnh l\u00e3o h\u00f3a, t\u0103ng tu\u1ed5i th\u1ecd, ng\u0103n ng\u1eeba b\u1ec7nh v\u1ec1\u00a0\u0111\u01b0\u1eddng.  \u2721\u00a0N\u1ea5m linh chi thi\u00ean nhi\u00ean H\u00e0n Qu\u1ed1c\u00a0th\u00edch h\u1ee3p l\u00e0m m\u00f3n qu\u00e0 bi\u1ebfu thi\u1ebft th\u1ef1c cho ng\u01b0\u1eddi th\u00e2n, gia \u0111\u00ecnh v\u00e0 b\u1ea1n b\u00e8.\" \/>\n<meta property=\"og:url\" content=\"https:\/\/thietbitmg.com\/demo\/samminhthinh\/nam-linh-chi-do-thien-nhien-han-quoc-cao-cap\/\" \/>\n<meta property=\"og:site_name\" content=\"S\u00c2M MINH TH\u1ecaNH\" \/>\n<meta property=\"og:image\" content=\"https:\/\/thietbitmg.com\/demo\/samminhthinh\/wp-content\/uploads\/2022\/03\/nam-linh-chi-thien-nhien-han-quoc_thumb.jpg\" \/>\n\t<meta property=\"og:image:width\" content=\"250\" \/>\n\t<meta property=\"og:image:height\" content=\"164\" \/>\n<meta name=\"twitter:card\" content=\"summary_large_image\" \/>\n<meta name=\"twitter:label1\" content=\"\u01af\u1edbc t\u00ednh th\u1eddi gian \u0111\u1ecdc\">\n\t<meta name=\"twitter:data1\" content=\"1 ph\u00fat\">\n<script type=\"application\/ld+json\" class=\"yoast-schema-graph\">{\"@context\":\"https:\/\/schema.org\",\"@graph\":[{\"@type\":\"WebSite\",\"@id\":\"https:\/\/thietbitmg.com\/demo\/samminhthinh\/#website\",\"url\":\"https:\/\/thietbitmg.com\/demo\/samminhthinh\/\",\"name\":\"S\\u00c2M MINH TH\\u1ecaNH\",\"description\":\"TRANG CH\\u1ee6\",\"potentialAction\":[{\"@type\":\"SearchAction\",\"target\":\"https:\/\/thietbitmg.com\/demo\/samminhthinh\/?s={search_term_string}\",\"query-input\":\"required name=search_term_string\"}],\"inLanguage\":\"vi\"},{\"@type\":\"ImageObject\",\"@id\":\"https:\/\/thietbitmg.com\/demo\/samminhthinh\/nam-linh-chi-do-thien-nhien-han-quoc-cao-cap\/#primaryimage\",\"inLanguage\":\"vi\",\"url\":\"https:\/\/thietbitmg.com\/demo\/samminhthinh\/wp-content\/uploads\/2022\/03\/nam-linh-chi-thien-nhien-han-quoc_thumb.jpg\",\"width\":250,\"height\":164},{\"@type\":\"WebPage\",\"@id\":\"https:\/\/thietbitmg.com\/demo\/samminhthinh\/nam-linh-chi-do-thien-nhien-han-quoc-cao-cap\/#webpage\",\"url\":\"https:\/\/thietbitmg.com\/demo\/samminhthinh\/nam-linh-chi-do-thien-nhien-han-quoc-cao-cap\/\",\"name\":\"N\\u1ea5m linh chi \\u0111\\u1ecf thi\\u00ean nhi\\u00ean H\\u00e0n Qu\\u1ed1c cao c\\u1ea5p - S\\u00c2M MINH TH\\u1ecaNH\",\"isPartOf\":{\"@id\":\"https:\/\/thietbitmg.com\/demo\/samminhthinh\/#website\"},\"primaryImageOfPage\":{\"@id\":\"https:\/\/thietbitmg.com\/demo\/samminhthinh\/nam-linh-chi-do-thien-nhien-han-quoc-cao-cap\/#primaryimage\"},\"datePublished\":\"2022-03-01T02:43:21+00:00\",\"dateModified\":\"2022-03-01T02:43:21+00:00\",\"breadcrumb\":{\"@id\":\"https:\/\/thietbitmg.com\/demo\/samminhthinh\/nam-linh-chi-do-thien-nhien-han-quoc-cao-cap\/#breadcrumb\"},\"inLanguage\":\"vi\",\"potentialAction\":[{\"@type\":\"ReadAction\",\"target\":[\"https:\/\/thietbitmg.com\/demo\/samminhthinh\/nam-linh-chi-do-thien-nhien-han-quoc-cao-cap\/\"]}]},{\"@type\":\"BreadcrumbList\",\"@id\":\"https:\/\/thietbitmg.com\/demo\/samminhthinh\/nam-linh-chi-do-thien-nhien-han-quoc-cao-cap\/#breadcrumb\",\"itemListElement\":[{\"@type\":\"ListItem\",\"position\":1,\"item\":{\"@type\":\"WebPage\",\"@id\":\"https:\/\/thietbitmg.com\/demo\/samminhthinh\/\",\"url\":\"https:\/\/thietbitmg.com\/demo\/samminhthinh\/\",\"name\":\"Home\"}},{\"@type\":\"ListItem\",\"position\":2,\"item\":{\"@type\":\"WebPage\",\"@id\":\"https:\/\/thietbitmg.com\/demo\/samminhthinh\/shop\/\",\"url\":\"https:\/\/thietbitmg.com\/demo\/samminhthinh\/shop\/\",\"name\":\"Shop\"}},{\"@type\":\"ListItem\",\"position\":3,\"item\":{\"@type\":\"WebPage\",\"@id\":\"https:\/\/thietbitmg.com\/demo\/samminhthinh\/nam-linh-chi-do-thien-nhien-han-quoc-cao-cap\/\",\"url\":\"https:\/\/thietbitmg.com\/demo\/samminhthinh\/nam-linh-chi-do-thien-nhien-han-quoc-cao-cap\/\",\"name\":\"N\\u1ea5m linh chi \\u0111\\u1ecf thi\\u00ean nhi\\u00ean H\\u00e0n Qu\\u1ed1c cao c\\u1ea5p\"}}]}]}<\/script>\n<!-- \/ Yoast SEO Premium plugin. -->","_links":{"self":[{"href":"https:\/\/thietbitmg.com\/demo\/samminhthinh\/wp-json\/wp\/v2\/product\/3728"}],"collection":[{"href":"https:\/\/thietbitmg.com\/demo\/samminhthinh\/wp-json\/wp\/v2\/product"}],"about":[{"href":"https:\/\/thietbitmg.com\/demo\/samminhthinh\/wp-json\/wp\/v2\/types\/product"}],"replies":[{"embeddable":true,"href":"https:\/\/thietbitmg.com\/demo\/samminhthinh\/wp-json\/wp\/v2\/comments?post=3728"}],"wp:featuredmedia":[{"embeddable":true,"href":"https:\/\/thietbitmg.com\/demo\/samminhthinh\/wp-json\/wp\/v2\/media\/3729"}],"wp:attachment":[{"href":"https:\/\/thietbitmg.com\/demo\/samminhthinh\/wp-json\/wp\/v2\/media?parent=3728"}],"curies":[{"name":"wp","href":"https:\/\/api.w.org\/{rel}","templated":true}]}}