{"id":3730,"date":"2022-03-01T02:44:13","date_gmt":"2022-03-01T02:44:13","guid":{"rendered":"https:\/\/samminhthinh.com\/?post_type=product&#038;p=3730"},"modified":"2022-03-01T02:44:13","modified_gmt":"2022-03-01T02:44:13","slug":"nam-linh-chi-han-quoc-thuong-hang-hop-qua-tang-1kg","status":"publish","type":"product","link":"https:\/\/thietbitmg.com\/demo\/samminhthinh\/nam-linh-chi-han-quoc-thuong-hang-hop-qua-tang-1kg\/","title":{"rendered":"N\u1ea5m linh chi H\u00e0n Qu\u1ed1c th\u01b0\u1ee3ng h\u1ea1ng h\u1ed9p qu\u00e0&hellip;"},"content":{"rendered":"<p>\u2742\u00a0<strong>\u0110\u1eb7c \u0111i\u1ec3m c\u1ee7a N\u1ea5m c\u1ed5 linh chi n\u00fai H\u00e0n Qu\u1ed1c:<\/strong><\/p>\n<p>\u27a2\u00a0N\u1ea5m linh chi n\u00fai \u0111\u00e1 th\u01b0\u1eddng n\u1eb7ng g\u1ea5p r\u01b0\u1ee1i c\u00e1c lo\u1ea1i n\u1ea5m linh chi b\u00ecnh th\u01b0\u1eddng, tai n\u1ea5m tuy nh\u1ecf nh\u01b0ng r\u1ea5t c\u1ee9ng v\u00e0 d\u00e0y d\u1eb7n.<\/p>\n<p>\u27a2\u00a0Kh\u00f4ng gi\u1ed1ng nh\u01b0 c\u00e1c s\u1ea3n ph\u1ea9m n\u1ea5m linh chi th\u00f4ng th\u01b0\u1eddng, n\u1ea5m linh chi n\u00fai c\u1ed5 khi u\u1ed1ng th\u01b0\u1eddng c\u00f3 v\u1ecb th\u01a1m n\u1ed3ng v\u00e0 r\u1ea5t \u0111\u1eafng, r\u1ea5t \u0111\u1eb7c tr\u01b0ng<\/p>\n<p>\u27a2\u00a0Sau khi ch\u1ebf bi\u1ebfn, n\u01b0\u1edbc n\u1ea5m linh chi c\u1ed5 n\u00fai c\u00f3 v\u1ecb n\u1ed3ng thanh v\u00e0 \u0111\u1eadm \u0111\u1eb7c h\u01a1n, h\u01b0\u01a1ng v\u1ecb n\u1ea5m r\u1ea5t th\u01a1m, so v\u1edbi c\u00e1c s\u1ea3n ph\u1ea9m n\u1ea5m linh chi kh\u00e1c.<\/p>\n","protected":false},"excerpt":{"rendered":"<p>\u2721\u00a0<strong>N\u1ea5m linh chi H\u00e0n Qu\u1ed1c th\u01b0\u1ee3ng h\u1ea1ng h\u1ed9p qu\u00e0 t\u1eb7ng 1kg:<\/strong>\u00a0N\u1ea5m linh chi n\u00fai \u0111\u00e1 th\u01b0\u1eddng n\u1eb7ng g\u1ea5p r\u01b0\u1ee1i c\u00e1c lo\u1ea1i n\u1ea5m linh chi b\u00ecnh th\u01b0\u1eddng, tai n\u1ea5m tuy nh\u1ecf nh\u01b0ng r\u1ea5t c\u1ee9ng v\u00e0 d\u00e0y d\u1eb7n.<\/p>\n<p>\u2721\u00a0Kh\u00f4ng gi\u1ed1ng nh\u01b0 c\u00e1c s\u1ea3n ph\u1ea9m n\u1ea5m linh chi th\u00f4ng th\u01b0\u1eddng, n\u1ea5m linh chi n\u00fai c\u1ed5 khi u\u1ed1ng th\u01b0\u1eddng c\u00f3 v\u1ecb th\u01a1m n\u1ed3ng v\u00e0 r\u1ea5t \u0111\u1eafng, r\u1ea5t \u0111\u1eb7c tr\u01b0ng<\/p>\n<p>\u2721\u00a0Sau khi ch\u1ebf bi\u1ebfn, n\u01b0\u1edbc n\u1ea5m linh chi c\u1ed5 n\u00fai c\u00f3 v\u1ecb n\u1ed3ng thanh v\u00e0 \u0111\u1eadm \u0111\u1eb7c h\u01a1n, h\u01b0\u01a1ng v\u1ecb n\u1ea5m r\u1ea5t th\u01a1m, so v\u1edbi c\u00e1c s\u1ea3n ph\u1ea9m n\u1ea5m linh chi kh\u00e1c.<\/p>\n","protected":false},"featured_media":3731,"comment_status":"open","ping_status":"closed","template":"","meta":[],"yoast_head":"<!-- This site is optimized with the Yoast SEO Premium plugin v15.9.1 - https:\/\/yoast.com\/wordpress\/plugins\/seo\/ -->\n<title>N\u1ea5m linh chi H\u00e0n Qu\u1ed1c th\u01b0\u1ee3ng h\u1ea1ng h\u1ed9p qu\u00e0 t\u1eb7ng 1kg - S\u00c2M MINH TH\u1ecaNH<\/title>\n<meta name=\"robots\" content=\"index, follow, max-snippet:-1, max-image-preview:large, max-video-preview:-1\" \/>\n<link rel=\"canonical\" href=\"https:\/\/thietbitmg.com\/demo\/samminhthinh\/nam-linh-chi-han-quoc-thuong-hang-hop-qua-tang-1kg\/\" \/>\n<meta property=\"og:locale\" content=\"vi_VN\" \/>\n<meta property=\"og:type\" content=\"article\" \/>\n<meta property=\"og:title\" content=\"N\u1ea5m linh chi H\u00e0n Qu\u1ed1c th\u01b0\u1ee3ng h\u1ea1ng h\u1ed9p qu\u00e0 t\u1eb7ng 1kg - S\u00c2M MINH TH\u1ecaNH\" \/>\n<meta property=\"og:description\" content=\"\u2721\u00a0N\u1ea5m linh chi H\u00e0n Qu\u1ed1c th\u01b0\u1ee3ng h\u1ea1ng h\u1ed9p qu\u00e0 t\u1eb7ng 1kg:\u00a0N\u1ea5m linh chi n\u00fai \u0111\u00e1 th\u01b0\u1eddng n\u1eb7ng g\u1ea5p r\u01b0\u1ee1i c\u00e1c lo\u1ea1i n\u1ea5m linh chi b\u00ecnh th\u01b0\u1eddng, tai n\u1ea5m tuy nh\u1ecf nh\u01b0ng r\u1ea5t c\u1ee9ng v\u00e0 d\u00e0y d\u1eb7n.  \u2721\u00a0Kh\u00f4ng gi\u1ed1ng nh\u01b0 c\u00e1c s\u1ea3n ph\u1ea9m n\u1ea5m linh chi th\u00f4ng th\u01b0\u1eddng, n\u1ea5m linh chi n\u00fai c\u1ed5 khi u\u1ed1ng th\u01b0\u1eddng c\u00f3 v\u1ecb th\u01a1m n\u1ed3ng v\u00e0 r\u1ea5t \u0111\u1eafng, r\u1ea5t \u0111\u1eb7c tr\u01b0ng  \u2721\u00a0Sau khi ch\u1ebf bi\u1ebfn, n\u01b0\u1edbc n\u1ea5m linh chi c\u1ed5 n\u00fai c\u00f3 v\u1ecb n\u1ed3ng thanh v\u00e0 \u0111\u1eadm \u0111\u1eb7c h\u01a1n, h\u01b0\u01a1ng v\u1ecb n\u1ea5m r\u1ea5t th\u01a1m, so v\u1edbi c\u00e1c s\u1ea3n ph\u1ea9m n\u1ea5m linh chi kh\u00e1c.\" \/>\n<meta property=\"og:url\" content=\"https:\/\/thietbitmg.com\/demo\/samminhthinh\/nam-linh-chi-han-quoc-thuong-hang-hop-qua-tang-1kg\/\" \/>\n<meta property=\"og:site_name\" content=\"S\u00c2M MINH TH\u1ecaNH\" \/>\n<meta property=\"og:image\" content=\"https:\/\/thietbitmg.com\/demo\/samminhthinh\/wp-content\/uploads\/2022\/03\/nam-linh-chi-han-quoc-thuong-hang-hop-qua-tang-1kg_thumb.jpg\" \/>\n\t<meta property=\"og:image:width\" content=\"250\" \/>\n\t<meta property=\"og:image:height\" content=\"164\" \/>\n<meta name=\"twitter:card\" content=\"summary_large_image\" \/>\n<meta name=\"twitter:label1\" content=\"\u01af\u1edbc t\u00ednh th\u1eddi gian \u0111\u1ecdc\">\n\t<meta name=\"twitter:data1\" content=\"1 ph\u00fat\">\n<script type=\"application\/ld+json\" class=\"yoast-schema-graph\">{\"@context\":\"https:\/\/schema.org\",\"@graph\":[{\"@type\":\"WebSite\",\"@id\":\"https:\/\/thietbitmg.com\/demo\/samminhthinh\/#website\",\"url\":\"https:\/\/thietbitmg.com\/demo\/samminhthinh\/\",\"name\":\"S\\u00c2M MINH TH\\u1ecaNH\",\"description\":\"TRANG CH\\u1ee6\",\"potentialAction\":[{\"@type\":\"SearchAction\",\"target\":\"https:\/\/thietbitmg.com\/demo\/samminhthinh\/?s={search_term_string}\",\"query-input\":\"required name=search_term_string\"}],\"inLanguage\":\"vi\"},{\"@type\":\"ImageObject\",\"@id\":\"https:\/\/thietbitmg.com\/demo\/samminhthinh\/nam-linh-chi-han-quoc-thuong-hang-hop-qua-tang-1kg\/#primaryimage\",\"inLanguage\":\"vi\",\"url\":\"https:\/\/thietbitmg.com\/demo\/samminhthinh\/wp-content\/uploads\/2022\/03\/nam-linh-chi-han-quoc-thuong-hang-hop-qua-tang-1kg_thumb.jpg\",\"width\":250,\"height\":164},{\"@type\":\"WebPage\",\"@id\":\"https:\/\/thietbitmg.com\/demo\/samminhthinh\/nam-linh-chi-han-quoc-thuong-hang-hop-qua-tang-1kg\/#webpage\",\"url\":\"https:\/\/thietbitmg.com\/demo\/samminhthinh\/nam-linh-chi-han-quoc-thuong-hang-hop-qua-tang-1kg\/\",\"name\":\"N\\u1ea5m linh chi H\\u00e0n Qu\\u1ed1c th\\u01b0\\u1ee3ng h\\u1ea1ng h\\u1ed9p qu\\u00e0 t\\u1eb7ng 1kg - S\\u00c2M MINH TH\\u1ecaNH\",\"isPartOf\":{\"@id\":\"https:\/\/thietbitmg.com\/demo\/samminhthinh\/#website\"},\"primaryImageOfPage\":{\"@id\":\"https:\/\/thietbitmg.com\/demo\/samminhthinh\/nam-linh-chi-han-quoc-thuong-hang-hop-qua-tang-1kg\/#primaryimage\"},\"datePublished\":\"2022-03-01T02:44:13+00:00\",\"dateModified\":\"2022-03-01T02:44:13+00:00\",\"breadcrumb\":{\"@id\":\"https:\/\/thietbitmg.com\/demo\/samminhthinh\/nam-linh-chi-han-quoc-thuong-hang-hop-qua-tang-1kg\/#breadcrumb\"},\"inLanguage\":\"vi\",\"potentialAction\":[{\"@type\":\"ReadAction\",\"target\":[\"https:\/\/thietbitmg.com\/demo\/samminhthinh\/nam-linh-chi-han-quoc-thuong-hang-hop-qua-tang-1kg\/\"]}]},{\"@type\":\"BreadcrumbList\",\"@id\":\"https:\/\/thietbitmg.com\/demo\/samminhthinh\/nam-linh-chi-han-quoc-thuong-hang-hop-qua-tang-1kg\/#breadcrumb\",\"itemListElement\":[{\"@type\":\"ListItem\",\"position\":1,\"item\":{\"@type\":\"WebPage\",\"@id\":\"https:\/\/thietbitmg.com\/demo\/samminhthinh\/\",\"url\":\"https:\/\/thietbitmg.com\/demo\/samminhthinh\/\",\"name\":\"Home\"}},{\"@type\":\"ListItem\",\"position\":2,\"item\":{\"@type\":\"WebPage\",\"@id\":\"https:\/\/thietbitmg.com\/demo\/samminhthinh\/shop\/\",\"url\":\"https:\/\/thietbitmg.com\/demo\/samminhthinh\/shop\/\",\"name\":\"Shop\"}},{\"@type\":\"ListItem\",\"position\":3,\"item\":{\"@type\":\"WebPage\",\"@id\":\"https:\/\/thietbitmg.com\/demo\/samminhthinh\/nam-linh-chi-han-quoc-thuong-hang-hop-qua-tang-1kg\/\",\"url\":\"https:\/\/thietbitmg.com\/demo\/samminhthinh\/nam-linh-chi-han-quoc-thuong-hang-hop-qua-tang-1kg\/\",\"name\":\"N\\u1ea5m linh chi H\\u00e0n Qu\\u1ed1c th\\u01b0\\u1ee3ng h\\u1ea1ng h\\u1ed9p qu\\u00e0 t\\u1eb7ng 1kg\"}}]}]}<\/script>\n<!-- \/ Yoast SEO Premium plugin. -->","_links":{"self":[{"href":"https:\/\/thietbitmg.com\/demo\/samminhthinh\/wp-json\/wp\/v2\/product\/3730"}],"collection":[{"href":"https:\/\/thietbitmg.com\/demo\/samminhthinh\/wp-json\/wp\/v2\/product"}],"about":[{"href":"https:\/\/thietbitmg.com\/demo\/samminhthinh\/wp-json\/wp\/v2\/types\/product"}],"replies":[{"embeddable":true,"href":"https:\/\/thietbitmg.com\/demo\/samminhthinh\/wp-json\/wp\/v2\/comments?post=3730"}],"wp:featuredmedia":[{"embeddable":true,"href":"https:\/\/thietbitmg.com\/demo\/samminhthinh\/wp-json\/wp\/v2\/media\/3731"}],"wp:attachment":[{"href":"https:\/\/thietbitmg.com\/demo\/samminhthinh\/wp-json\/wp\/v2\/media?parent=3730"}],"curies":[{"name":"wp","href":"https:\/\/api.w.org\/{rel}","templated":true}]}}