{"id":3734,"date":"2022-03-01T02:46:53","date_gmt":"2022-03-01T02:46:53","guid":{"rendered":"https:\/\/samminhthinh.com\/?post_type=product&#038;p=3734"},"modified":"2022-03-01T02:46:53","modified_gmt":"2022-03-01T02:46:53","slug":"nam-thuong-hoang-han-quoc-365-hop-qua-tang-05kg","status":"publish","type":"product","link":"https:\/\/thietbitmg.com\/demo\/samminhthinh\/nam-thuong-hoang-han-quoc-365-hop-qua-tang-05kg\/","title":{"rendered":"N\u1ea5m Th\u01b0\u1ee3ng Ho\u00e0ng H\u00e0n Qu\u1ed1c 365 h\u1ed9p qu\u00e0 t\u1eb7ng&hellip;"},"content":{"rendered":"<p>\u27a2\u00a0Lo\u1ea1i n\u1ea5m n\u00e0y \u0111\u01b0\u1ee3c bi\u1ebft \u0111\u1ebfn nh\u01b0 \u201cvua tr\u1ecb kh\u1ed1i u\u201d b\u1edfi trong th\u00e0nh ph\u1ea7n c\u00f3 ch\u1ee9a ho\u1ea1t ch\u1ea5t Polysaccharicdes. Theo ph\u00e2n t\u00edch, n\u1ea5m Th\u01b0\u1ee3ng Ho\u00e0ng c\u00f3 t\u1ef7 l\u1ec7 \u1ee9c ch\u1ebf kh\u1ed1i u cao nh\u1ea5t (\u0111\u1ea1t 96,7%) so v\u1edbi c\u00e1c ch\u1ee7ng lo\u1ea1i n\u1ea5m kh\u00e1c (N\u1ea5m Th\u01b0\u1ee3ng Ho\u00e0ng\u00a065 \u2013 70%, n\u1ea5m V\u00e2n Chi 75 \u2013 77%, n\u1ea5m M\u00e8o 42,6%, n\u1ea5m M\u1ee1 l\u00e0 2,7%). Vai tr\u00f2 c\u1ee7a n\u1ea5m Th\u01b0\u1ee3ng Ho\u00e0ng trong \u0111i\u1ec1u tr\u1ecb v\u00e0 ng\u0103n ng\u1eeba kh\u1ed1i u:<\/p>\n<p>\u2721\u00a0\u1ee8c ch\u1ebf s\u1ef1 di chuy\u1ec3n v\u00e0 di c\u0103n c\u1ee7a kh\u1ed1i u \u00e1c t\u00ednh m\u00e0 kh\u00f4ng l\u00e0m t\u1ed5n h\u1ea1i \u0111\u1ebfn c\u00e1c t\u1ebf b\u00e0o kh\u00e1c.<\/p>\n<p>\u2721\u00a0S\u1ea3n sinh nh\u1eefng ph\u1ea3n \u1ee9ng sinh h\u1ecdc s\u1eeda \u0111\u1ed5i c\u00f3 l\u1ee3i trong \u0111i\u1ec1u tr\u1ecb kh\u1ed1i u.<\/p>\n<p>\u2721\u00a0Gi\u1ea3m \u0111au, gi\u1ea3m b\u1edbt b\u1edbt t\u00e1c h\u1ea1i do x\u1ea1 tr\u1ecb, h\u00f3a tr\u1ecb.<\/p>\n<p>\u2721\u00a0N\u00e2ng cao kh\u1ea3 n\u0103ng mi\u1ec5n d\u1ecbch, l\u00e0m gi\u1ea3m nhi\u1ec5m tr\u00f9ng th\u1ee9.<\/p>\n<p>\u2721\u00a0Gi\u1ea3m nguy c\u01a1 kh\u1ed1i u, h\u1eefu d\u1ee5ng trong vi\u1ec7c ph\u00f2ng ng\u1eeba kh\u1ed1i u (\u0111\u1ed1i v\u1edbi nh\u1eefng ng\u01b0\u1eddi ch\u01b0a b\u1ec7nh).<\/p>\n<p>\u27a2\u00a0N\u1ea5m Th\u01b0\u1ee3ng Ho\u00e0ng H\u00e0n Qu\u1ed1c 365\u00a0l\u00e0 s\u1ea3n ph\u1ea9m ph\u00f9 h\u1ee3p l\u00e0m Qu\u00e0 t\u1eb7ng, qu\u00e0 bi\u1ebfu ho\u1eb7c s\u1eed d\u1ee5ng \u0111\u1ec1u r\u1ea5t ch\u1ea5t l\u01b0\u1ee3ng, m\u00f9i th\u01a1m \u0111\u1eb7c tr\u01b0ng.<\/p>\n<p>\u27a2\u00a0N\u1ea5m Th\u01b0\u1ee3ng Ho\u00e0ng H\u00e0n Qu\u1ed1c 365\u00a0l\u00e0 lo\u1ea1i n\u1ea5m cao c\u1ea5p qu\u00fd gi\u00e1.\u00a0N\u1ea5m Th\u01b0\u1ee3ng Ho\u00e0ng\u00a0v\u1eeba d\u00f9ng l\u00e0m th\u1ef1c ph\u1ea9m, v\u1eeba c\u00f3 t\u00e1c d\u1ee5ng l\u00e0m thu\u1ed1c, l\u00e0 b\u1ea3o v\u1eadt trong kho b\u00e1u y d\u01b0\u1ee3c truy\u1ec1n th\u1ed1ng.\u00a0N\u1ea5m Th\u01b0\u1ee3ng Ho\u00e0ng\u00a0\u0111\u01b0\u1ee3c x\u1ebfp \u1edf v\u1ecb tr\u00ed cao h\u01a1n Nh\u00e2n s\u00e2m, li\u1ec7t v\u00e0o h\u00e0ng th\u01b0\u1ee3ng ph\u1ea9m.\u00a0N\u1ea5m Th\u01b0\u1ee3ng Ho\u00e0ng\u00a0H\u00e0n Qu\u1ed1c t\u1eeb l\u00e2u \u0111\u00e3 \u0111\u01b0\u1ee3c ch\u1ee9ng minh l\u00e0 r\u1ea5t t\u1ed1t nh\u1ea5t cho s\u1ee9c kh\u1ecfe v\u00ec n\u1ea5m gi\u00fap b\u1ed3i b\u1ed5 c\u01a1 th\u1ec3, gi\u1ea3m m\u1ec7t m\u1ecfi, c\u0103ng th\u1eb3ng. Ngo\u00e0i ra n\u00f3 c\u00f2n l\u00e0 m\u00f3n qu\u00e0 bi\u1ebfu t\u1eb7ng \u00fd ngh\u0129a m\u00e0 b\u1ea1n c\u00f3 th\u1ec3 d\u00e0nh t\u1eb7ng cho \u00f4ng b\u00e0, cha m\u1eb9, s\u1ebfp hay b\u1ea1n b\u00e8 c\u1ee7a m\u00ecnh v\u00e0o nh\u1eefng d\u1ecbp \u0111\u1eb7c bi\u1ec7t.<\/p>\n","protected":false},"excerpt":{"rendered":"<p>\u2721\u00a0<strong>N\u1ea5m Th\u01b0\u1ee3ng Ho\u00e0ng H\u00e0n Qu\u1ed1c h\u1ed9p qu\u00e0 t\u1eb7ng\u00a0365<\/strong>\u00a0c\u00f2n \u0111\u01b0\u1ee3c g\u1ecdi l\u00e0 n\u1ea5m ho\u00e0ng s\u01a1n (Sang Hwang), c\u00f3 m\u00e0u v\u00e0ng \u0111\u00f4i khi c\u00f2n g\u1ecdi l\u00e0 Ho\u00e0ng Linh Chi. \u0110\u00e2y l\u00e0 lo\u1ea1i n\u1ea5m m\u1ecdc t\u1eeb thi\u00ean nhi\u00ean h\u1ea5p th\u1ee5 nh\u1eefng tinh hoa tr\u1eddi \u0111\u1ea5t \u0111em l\u1ea1i cho con ng\u01b0\u1eddi nh\u1eefng c\u00f4ng d\u1ee5ng v\u00f4 c\u00f9ng lo l\u1edbn.<\/p>\n<p>\u2721\u00a0N\u1ea5m Th\u01b0\u1ee3ng Ho\u00e0ng H\u00e0n Qu\u1ed1c 365 h\u1ed9p qu\u00e0 t\u1eb7ng 1kg\u00a0c\u00f3 t\u00e1c d\u1ee5ng ch\u1ee7 y\u1ebfu v\u1edbi ng\u01b0\u1eddi b\u1ecb kh\u1ed1i u, h\u1ea1n ch\u1ebf s\u1ef1 ph\u00e1t tri\u1ec3n c\u1ee7a t\u1ebf b\u00e0o\u00a0kh\u1ed1i u\u00a0r\u1ea5t hi\u1ec7u qu\u1ea3, \u0111\u1eb7c bi\u1ec7t l\u00e0\u00a0kh\u1ed1i u\u00a0v\u00fa \u1edf ph\u1ee5 n\u1eef. Ngo\u00e0i ra, n\u00f3\u00a0c\u0169ng\u00a0c\u00f3 c\u00e1c\u00a0t\u00e1c d\u1ee5ng t\u1ed1t c\u1ee7a\u00a0n\u1ea5m Linh chi nh\u01b0 b\u1ea3o can (b\u1ea3o v\u1ec7 gan), gi\u1ea3i \u0111\u1ed9c, c\u01b0\u1eddng t\u00e2m, ki\u1ec7n n\u00e3o (b\u1ed5 \u00f3c), ti\u00eau \u0111\u1eddm, l\u1ee3i ni\u1ec7u, \u00edch v\u1ecb (b\u1ed5 d\u1ea1 d\u00e0y).<\/p>\n","protected":false},"featured_media":3735,"comment_status":"open","ping_status":"closed","template":"","meta":[],"yoast_head":"<!-- This site is optimized with the Yoast SEO Premium plugin v15.9.1 - https:\/\/yoast.com\/wordpress\/plugins\/seo\/ -->\n<title>N\u1ea5m Th\u01b0\u1ee3ng Ho\u00e0ng H\u00e0n Qu\u1ed1c 365 h\u1ed9p qu\u00e0 t\u1eb7ng 0,5kg - S\u00c2M MINH TH\u1ecaNH<\/title>\n<meta name=\"robots\" content=\"index, follow, max-snippet:-1, max-image-preview:large, max-video-preview:-1\" \/>\n<link rel=\"canonical\" href=\"https:\/\/thietbitmg.com\/demo\/samminhthinh\/nam-thuong-hoang-han-quoc-365-hop-qua-tang-05kg\/\" \/>\n<meta property=\"og:locale\" content=\"vi_VN\" \/>\n<meta property=\"og:type\" content=\"article\" \/>\n<meta property=\"og:title\" content=\"N\u1ea5m Th\u01b0\u1ee3ng Ho\u00e0ng H\u00e0n Qu\u1ed1c 365 h\u1ed9p qu\u00e0 t\u1eb7ng 0,5kg - S\u00c2M MINH TH\u1ecaNH\" \/>\n<meta property=\"og:description\" content=\"\u2721\u00a0N\u1ea5m Th\u01b0\u1ee3ng Ho\u00e0ng H\u00e0n Qu\u1ed1c h\u1ed9p qu\u00e0 t\u1eb7ng\u00a0365\u00a0c\u00f2n \u0111\u01b0\u1ee3c g\u1ecdi l\u00e0 n\u1ea5m ho\u00e0ng s\u01a1n (Sang Hwang), c\u00f3 m\u00e0u v\u00e0ng \u0111\u00f4i khi c\u00f2n g\u1ecdi l\u00e0 Ho\u00e0ng Linh Chi. \u0110\u00e2y l\u00e0 lo\u1ea1i n\u1ea5m m\u1ecdc t\u1eeb thi\u00ean nhi\u00ean h\u1ea5p th\u1ee5 nh\u1eefng tinh hoa tr\u1eddi \u0111\u1ea5t \u0111em l\u1ea1i cho con ng\u01b0\u1eddi nh\u1eefng c\u00f4ng d\u1ee5ng v\u00f4 c\u00f9ng lo l\u1edbn.  \u2721\u00a0N\u1ea5m Th\u01b0\u1ee3ng Ho\u00e0ng H\u00e0n Qu\u1ed1c 365 h\u1ed9p qu\u00e0 t\u1eb7ng 1kg\u00a0c\u00f3 t\u00e1c d\u1ee5ng ch\u1ee7 y\u1ebfu v\u1edbi ng\u01b0\u1eddi b\u1ecb kh\u1ed1i u, h\u1ea1n ch\u1ebf s\u1ef1 ph\u00e1t tri\u1ec3n c\u1ee7a t\u1ebf b\u00e0o\u00a0kh\u1ed1i u\u00a0r\u1ea5t hi\u1ec7u qu\u1ea3, \u0111\u1eb7c bi\u1ec7t l\u00e0\u00a0kh\u1ed1i u\u00a0v\u00fa \u1edf ph\u1ee5 n\u1eef. Ngo\u00e0i ra, n\u00f3\u00a0c\u0169ng\u00a0c\u00f3 c\u00e1c\u00a0t\u00e1c d\u1ee5ng t\u1ed1t c\u1ee7a\u00a0n\u1ea5m Linh chi nh\u01b0 b\u1ea3o can (b\u1ea3o v\u1ec7 gan), gi\u1ea3i \u0111\u1ed9c, c\u01b0\u1eddng t\u00e2m, ki\u1ec7n n\u00e3o (b\u1ed5 \u00f3c), ti\u00eau \u0111\u1eddm, l\u1ee3i ni\u1ec7u, \u00edch v\u1ecb (b\u1ed5 d\u1ea1 d\u00e0y).\" \/>\n<meta property=\"og:url\" content=\"https:\/\/thietbitmg.com\/demo\/samminhthinh\/nam-thuong-hoang-han-quoc-365-hop-qua-tang-05kg\/\" \/>\n<meta property=\"og:site_name\" content=\"S\u00c2M MINH TH\u1ecaNH\" \/>\n<meta property=\"og:image\" content=\"https:\/\/thietbitmg.com\/demo\/samminhthinh\/wp-content\/uploads\/2022\/03\/nam-thuong-hoang-han-quoc-365-hop-qua-tang-05kg_thumb.jpg\" \/>\n\t<meta property=\"og:image:width\" content=\"250\" \/>\n\t<meta property=\"og:image:height\" content=\"164\" \/>\n<meta name=\"twitter:card\" content=\"summary_large_image\" \/>\n<meta name=\"twitter:label1\" content=\"\u01af\u1edbc t\u00ednh th\u1eddi gian \u0111\u1ecdc\">\n\t<meta name=\"twitter:data1\" content=\"2 ph\u00fat\">\n<script type=\"application\/ld+json\" class=\"yoast-schema-graph\">{\"@context\":\"https:\/\/schema.org\",\"@graph\":[{\"@type\":\"WebSite\",\"@id\":\"https:\/\/thietbitmg.com\/demo\/samminhthinh\/#website\",\"url\":\"https:\/\/thietbitmg.com\/demo\/samminhthinh\/\",\"name\":\"S\\u00c2M MINH TH\\u1ecaNH\",\"description\":\"TRANG CH\\u1ee6\",\"potentialAction\":[{\"@type\":\"SearchAction\",\"target\":\"https:\/\/thietbitmg.com\/demo\/samminhthinh\/?s={search_term_string}\",\"query-input\":\"required name=search_term_string\"}],\"inLanguage\":\"vi\"},{\"@type\":\"ImageObject\",\"@id\":\"https:\/\/thietbitmg.com\/demo\/samminhthinh\/nam-thuong-hoang-han-quoc-365-hop-qua-tang-05kg\/#primaryimage\",\"inLanguage\":\"vi\",\"url\":\"https:\/\/thietbitmg.com\/demo\/samminhthinh\/wp-content\/uploads\/2022\/03\/nam-thuong-hoang-han-quoc-365-hop-qua-tang-05kg_thumb.jpg\",\"width\":250,\"height\":164},{\"@type\":\"WebPage\",\"@id\":\"https:\/\/thietbitmg.com\/demo\/samminhthinh\/nam-thuong-hoang-han-quoc-365-hop-qua-tang-05kg\/#webpage\",\"url\":\"https:\/\/thietbitmg.com\/demo\/samminhthinh\/nam-thuong-hoang-han-quoc-365-hop-qua-tang-05kg\/\",\"name\":\"N\\u1ea5m Th\\u01b0\\u1ee3ng Ho\\u00e0ng H\\u00e0n Qu\\u1ed1c 365 h\\u1ed9p qu\\u00e0 t\\u1eb7ng 0,5kg - S\\u00c2M MINH TH\\u1ecaNH\",\"isPartOf\":{\"@id\":\"https:\/\/thietbitmg.com\/demo\/samminhthinh\/#website\"},\"primaryImageOfPage\":{\"@id\":\"https:\/\/thietbitmg.com\/demo\/samminhthinh\/nam-thuong-hoang-han-quoc-365-hop-qua-tang-05kg\/#primaryimage\"},\"datePublished\":\"2022-03-01T02:46:53+00:00\",\"dateModified\":\"2022-03-01T02:46:53+00:00\",\"breadcrumb\":{\"@id\":\"https:\/\/thietbitmg.com\/demo\/samminhthinh\/nam-thuong-hoang-han-quoc-365-hop-qua-tang-05kg\/#breadcrumb\"},\"inLanguage\":\"vi\",\"potentialAction\":[{\"@type\":\"ReadAction\",\"target\":[\"https:\/\/thietbitmg.com\/demo\/samminhthinh\/nam-thuong-hoang-han-quoc-365-hop-qua-tang-05kg\/\"]}]},{\"@type\":\"BreadcrumbList\",\"@id\":\"https:\/\/thietbitmg.com\/demo\/samminhthinh\/nam-thuong-hoang-han-quoc-365-hop-qua-tang-05kg\/#breadcrumb\",\"itemListElement\":[{\"@type\":\"ListItem\",\"position\":1,\"item\":{\"@type\":\"WebPage\",\"@id\":\"https:\/\/thietbitmg.com\/demo\/samminhthinh\/\",\"url\":\"https:\/\/thietbitmg.com\/demo\/samminhthinh\/\",\"name\":\"Home\"}},{\"@type\":\"ListItem\",\"position\":2,\"item\":{\"@type\":\"WebPage\",\"@id\":\"https:\/\/thietbitmg.com\/demo\/samminhthinh\/shop\/\",\"url\":\"https:\/\/thietbitmg.com\/demo\/samminhthinh\/shop\/\",\"name\":\"Shop\"}},{\"@type\":\"ListItem\",\"position\":3,\"item\":{\"@type\":\"WebPage\",\"@id\":\"https:\/\/thietbitmg.com\/demo\/samminhthinh\/nam-thuong-hoang-han-quoc-365-hop-qua-tang-05kg\/\",\"url\":\"https:\/\/thietbitmg.com\/demo\/samminhthinh\/nam-thuong-hoang-han-quoc-365-hop-qua-tang-05kg\/\",\"name\":\"N\\u1ea5m Th\\u01b0\\u1ee3ng Ho\\u00e0ng H\\u00e0n Qu\\u1ed1c 365 h\\u1ed9p qu\\u00e0 t\\u1eb7ng 0,5kg\"}}]}]}<\/script>\n<!-- \/ Yoast SEO Premium plugin. -->","_links":{"self":[{"href":"https:\/\/thietbitmg.com\/demo\/samminhthinh\/wp-json\/wp\/v2\/product\/3734"}],"collection":[{"href":"https:\/\/thietbitmg.com\/demo\/samminhthinh\/wp-json\/wp\/v2\/product"}],"about":[{"href":"https:\/\/thietbitmg.com\/demo\/samminhthinh\/wp-json\/wp\/v2\/types\/product"}],"replies":[{"embeddable":true,"href":"https:\/\/thietbitmg.com\/demo\/samminhthinh\/wp-json\/wp\/v2\/comments?post=3734"}],"wp:featuredmedia":[{"embeddable":true,"href":"https:\/\/thietbitmg.com\/demo\/samminhthinh\/wp-json\/wp\/v2\/media\/3735"}],"wp:attachment":[{"href":"https:\/\/thietbitmg.com\/demo\/samminhthinh\/wp-json\/wp\/v2\/media?parent=3734"}],"curies":[{"name":"wp","href":"https:\/\/api.w.org\/{rel}","templated":true}]}}