{"id":3758,"date":"2022-03-01T03:03:35","date_gmt":"2022-03-01T03:03:35","guid":{"rendered":"https:\/\/samminhthinh.com\/?post_type=product&#038;p=3758"},"modified":"2022-03-01T03:03:36","modified_gmt":"2022-03-01T03:03:36","slug":"yen-sao-can-gio-lam-sach-loai-2-100g-loai-ngon","status":"publish","type":"product","link":"https:\/\/thietbitmg.com\/demo\/samminhthinh\/yen-sao-can-gio-lam-sach-loai-2-100g-loai-ngon\/","title":{"rendered":"Y\u1ebfn s\u00e0o C\u1ea7n Gi\u1edd l\u00e0m s\u1ea1ch lo\u1ea1i 2 100g&hellip;"},"content":{"rendered":"<p>\u27a2\u00a0<strong>Y\u1ebfn s\u00e0o C\u1ea7n Gi\u1edd l\u00e0m s\u1ea1ch lo\u1ea1i 2 100g<\/strong>\u00a0t\u1ea1i c\u1eeda h\u00e0ng\u00a0s\u00e2m y\u1ebfn Th\u1ecbnh Ph\u00e1t\u00a0c\u1ee7a ch\u00fang t\u00f4i l\u00e0 s\u1ea3n ph\u1ea9m c\u00f3 ngu\u1ed3n g\u1ed1c t\u1eeb y\u1ebfn nu\u00f4i trong nh\u00e0 t\u1ea1i C\u1ea7n Gi\u1edd .\u0110\u00e2y l\u00e0 lo\u1ea1i t\u1ed5 y\u1ebfn nu\u00f4i c\u00f3 v\u1ebb ngo\u00e0i kh\u00f4ng\u00a0\u0111\u01b0\u1ee3c b\u1eaft m\u1eaft nh\u01b0 s\u1ea3n ph\u00e2m thu\u1ed9c lo\u1ea1i m\u1ed9t, v\u1edbi c\u00e1c s\u1ee3i y\u1ebfn to h\u01a1n, th\u00f4 h\u01a1n .Tuy nhi\u00ean ,\u00a0\u0111\u00f3 ch\u1ec9 l\u00e0 v\u1ec1 v\u1ebb ngo\u00e0i c\u00f2n gi\u00e1 tr\u1ecb m\u00e0 n\u00f3 mang l\u1ea1i th\u00ec ho\u00e0n to\u00e0n kh\u00f4ng kh\u00e1c v\u1edbi s\u1ea3n ph\u1ea9m thu\u1ed9c lo\u1ea1i 1 .<\/p>\n<p>\u27a2\u00a0Trong Y\u1ebfn s\u00e0o C\u1ea7n Gi\u1edd l\u00e0m s\u1ea1ch lo\u1ea1i 2 100g c\u00f3\u00a0ch\u1ee9a h\u00e0m l\u01b0\u1ee3ng protein cao (45-55%), trong \u0111\u00f3 ch\u1ee9a 18 lo\u1ea1i axit amin, m\u1ed9t s\u1ed1 axit amin c\u00f3 h\u00e0m l\u01b0\u1ee3ng r\u1ea5t cao nh\u01b0 aspartic acid (4,69%), proline (5,27%) c\u00f3 t\u00e1c d\u1ee5ng t\u00e1i t\u1ea1o t\u1ebf b\u00e0o c\u01a1,c\u00e1c m\u00f4 v\u00e0 da; c\u00f3 nh\u1eefng axit amin kh\u00f4ng th\u1ec3 thay th\u1ebf nh\u01b0 cystein, phenylalamine (4,50%) c\u00f3 t\u00e1c d\u1ee5ng t\u0103ng c\u01b0\u1eddng tr\u00ed nh\u1edb, t\u0103ng d\u1eabn truy\u1ec1n xung \u0111\u1ed9ng th\u1ea7n kinh, t\u0103ng h\u1ea5p thu vitamin D t\u1eeb \u00e1nh s\u00e1ng m\u1eb7t tr\u1eddi; tyrosine v\u00e0 acid syalic (8,6%) c\u00f3 t\u00e1c d\u1ee5ng ph\u1ee5c h\u1ed3i nhanh khi c\u01a1 th\u1ec3 b\u1ecb nhi\u1ec5m x\u1ea1 hay t\u1ed5n th\u01b0\u01a1ng h\u1ed3ng c\u1ea7u, glucosamine gi\u00fap ph\u1ee5c h\u1ed3i s\u1ee5n bao kh\u1edbp trong nh\u1eefng tr\u01b0\u1eddng h\u1ee3p tho\u00e1i h\u00f3a kh\u1edbp&#8230;<\/p>\n","protected":false},"excerpt":{"rendered":"<p>\u2721\u00a0<strong>Y\u1ebfn s\u00e0o C\u1ea7n Gi\u1edd l\u00e0m s\u1ea1ch lo\u1ea1i 2 100g<\/strong>\u00a0l\u00e0 s\u1ea3n ph\u1ea9m t\u1ed5 y\u1ebfn nguy\u00ean chi\u1ebfc, c\u00f3 tai y\u1ebfn l\u1edbn, d\u00e0y, c\u00f3 gi\u00e1 th\u00e0nh v\u1eeba ph\u1ea3i l\u1ea1i kh\u00f4ng lo b\u1ecb l\u1eabn t\u1ea1p ch\u1ea5t c\u0169ng nh\u01b0 c\u00e1c ch\u1ea5t h\u00f3a h\u1ecdc nh\u01b0 c\u00e1c s\u1ea3n ph\u1ea9m t\u1ed5 y\u1ebfn kh\u00e1c.<\/p>\n<p>\u2721\u00a0Y\u1ebfn s\u00e0o C\u1ea7n Gi\u1edd l\u00e0m s\u1ea1ch lo\u1ea1i 2\u00a0\u0111\u01b0\u1ee3c s\u1eed d\u1ee5ng \u0111\u1ec3 b\u1ed3i b\u1ed5 v\u00e0 t\u0103ng c\u01b0\u1eddng s\u1ee9c kh\u1ecfe,\u00a0t\u1ec9nh t\u00e1o tinh th\u1ea7n, t\u0103ng c\u01b0\u1eddng tr\u00ed nh\u1edb, l\u00e0m \u0111\u1eb9p da, ch\u1ed1ng l\u00e3o ho\u00e1, n\u00e2ng cao tu\u1ed5i th\u1ecd.<\/p>\n","protected":false},"featured_media":3765,"comment_status":"open","ping_status":"closed","template":"","meta":[],"yoast_head":"<!-- This site is optimized with the Yoast SEO Premium plugin v15.9.1 - https:\/\/yoast.com\/wordpress\/plugins\/seo\/ -->\n<title>Y\u1ebfn s\u00e0o C\u1ea7n Gi\u1edd l\u00e0m s\u1ea1ch lo\u1ea1i 2 100g (lo\u1ea1i ngon) - S\u00c2M MINH TH\u1ecaNH<\/title>\n<meta name=\"robots\" content=\"index, follow, max-snippet:-1, max-image-preview:large, max-video-preview:-1\" \/>\n<link rel=\"canonical\" href=\"https:\/\/thietbitmg.com\/demo\/samminhthinh\/yen-sao-can-gio-lam-sach-loai-2-100g-loai-ngon\/\" \/>\n<meta property=\"og:locale\" content=\"vi_VN\" \/>\n<meta property=\"og:type\" content=\"article\" \/>\n<meta property=\"og:title\" content=\"Y\u1ebfn s\u00e0o C\u1ea7n Gi\u1edd l\u00e0m s\u1ea1ch lo\u1ea1i 2 100g (lo\u1ea1i ngon) - S\u00c2M MINH TH\u1ecaNH\" \/>\n<meta property=\"og:description\" content=\"\u2721\u00a0Y\u1ebfn s\u00e0o C\u1ea7n Gi\u1edd l\u00e0m s\u1ea1ch lo\u1ea1i 2 100g\u00a0l\u00e0 s\u1ea3n ph\u1ea9m t\u1ed5 y\u1ebfn nguy\u00ean chi\u1ebfc, c\u00f3 tai y\u1ebfn l\u1edbn, d\u00e0y, c\u00f3 gi\u00e1 th\u00e0nh v\u1eeba ph\u1ea3i l\u1ea1i kh\u00f4ng lo b\u1ecb l\u1eabn t\u1ea1p ch\u1ea5t c\u0169ng nh\u01b0 c\u00e1c ch\u1ea5t h\u00f3a h\u1ecdc nh\u01b0 c\u00e1c s\u1ea3n ph\u1ea9m t\u1ed5 y\u1ebfn kh\u00e1c.  \u2721\u00a0Y\u1ebfn s\u00e0o C\u1ea7n Gi\u1edd l\u00e0m s\u1ea1ch lo\u1ea1i 2\u00a0\u0111\u01b0\u1ee3c s\u1eed d\u1ee5ng \u0111\u1ec3 b\u1ed3i b\u1ed5 v\u00e0 t\u0103ng c\u01b0\u1eddng s\u1ee9c kh\u1ecfe,\u00a0t\u1ec9nh t\u00e1o tinh th\u1ea7n, t\u0103ng c\u01b0\u1eddng tr\u00ed nh\u1edb, l\u00e0m \u0111\u1eb9p da, ch\u1ed1ng l\u00e3o ho\u00e1, n\u00e2ng cao tu\u1ed5i th\u1ecd.\" \/>\n<meta property=\"og:url\" content=\"https:\/\/thietbitmg.com\/demo\/samminhthinh\/yen-sao-can-gio-lam-sach-loai-2-100g-loai-ngon\/\" \/>\n<meta property=\"og:site_name\" content=\"S\u00c2M MINH TH\u1ecaNH\" \/>\n<meta property=\"article:modified_time\" content=\"2022-03-01T03:03:36+00:00\" \/>\n<meta property=\"og:image\" content=\"https:\/\/thietbitmg.com\/demo\/samminhthinh\/wp-content\/uploads\/2022\/03\/yen-sao-can-gio-lam-sach-loai-2-100g_thumb.jpg\" \/>\n\t<meta property=\"og:image:width\" content=\"250\" \/>\n\t<meta property=\"og:image:height\" content=\"164\" \/>\n<meta name=\"twitter:card\" content=\"summary_large_image\" \/>\n<meta name=\"twitter:label1\" content=\"\u01af\u1edbc t\u00ednh th\u1eddi gian \u0111\u1ecdc\">\n\t<meta name=\"twitter:data1\" content=\"2 ph\u00fat\">\n<script type=\"application\/ld+json\" class=\"yoast-schema-graph\">{\"@context\":\"https:\/\/schema.org\",\"@graph\":[{\"@type\":\"WebSite\",\"@id\":\"https:\/\/thietbitmg.com\/demo\/samminhthinh\/#website\",\"url\":\"https:\/\/thietbitmg.com\/demo\/samminhthinh\/\",\"name\":\"S\\u00c2M MINH TH\\u1ecaNH\",\"description\":\"TRANG CH\\u1ee6\",\"potentialAction\":[{\"@type\":\"SearchAction\",\"target\":\"https:\/\/thietbitmg.com\/demo\/samminhthinh\/?s={search_term_string}\",\"query-input\":\"required name=search_term_string\"}],\"inLanguage\":\"vi\"},{\"@type\":\"ImageObject\",\"@id\":\"https:\/\/thietbitmg.com\/demo\/samminhthinh\/yen-sao-can-gio-lam-sach-loai-2-100g-loai-ngon\/#primaryimage\",\"inLanguage\":\"vi\",\"url\":\"https:\/\/thietbitmg.com\/demo\/samminhthinh\/wp-content\/uploads\/2022\/03\/yen-sao-can-gio-lam-sach-loai-2-100g_thumb.jpg\",\"width\":250,\"height\":164},{\"@type\":\"WebPage\",\"@id\":\"https:\/\/thietbitmg.com\/demo\/samminhthinh\/yen-sao-can-gio-lam-sach-loai-2-100g-loai-ngon\/#webpage\",\"url\":\"https:\/\/thietbitmg.com\/demo\/samminhthinh\/yen-sao-can-gio-lam-sach-loai-2-100g-loai-ngon\/\",\"name\":\"Y\\u1ebfn s\\u00e0o C\\u1ea7n Gi\\u1edd l\\u00e0m s\\u1ea1ch lo\\u1ea1i 2 100g (lo\\u1ea1i ngon) - S\\u00c2M MINH TH\\u1ecaNH\",\"isPartOf\":{\"@id\":\"https:\/\/thietbitmg.com\/demo\/samminhthinh\/#website\"},\"primaryImageOfPage\":{\"@id\":\"https:\/\/thietbitmg.com\/demo\/samminhthinh\/yen-sao-can-gio-lam-sach-loai-2-100g-loai-ngon\/#primaryimage\"},\"datePublished\":\"2022-03-01T03:03:35+00:00\",\"dateModified\":\"2022-03-01T03:03:36+00:00\",\"breadcrumb\":{\"@id\":\"https:\/\/thietbitmg.com\/demo\/samminhthinh\/yen-sao-can-gio-lam-sach-loai-2-100g-loai-ngon\/#breadcrumb\"},\"inLanguage\":\"vi\",\"potentialAction\":[{\"@type\":\"ReadAction\",\"target\":[\"https:\/\/thietbitmg.com\/demo\/samminhthinh\/yen-sao-can-gio-lam-sach-loai-2-100g-loai-ngon\/\"]}]},{\"@type\":\"BreadcrumbList\",\"@id\":\"https:\/\/thietbitmg.com\/demo\/samminhthinh\/yen-sao-can-gio-lam-sach-loai-2-100g-loai-ngon\/#breadcrumb\",\"itemListElement\":[{\"@type\":\"ListItem\",\"position\":1,\"item\":{\"@type\":\"WebPage\",\"@id\":\"https:\/\/thietbitmg.com\/demo\/samminhthinh\/\",\"url\":\"https:\/\/thietbitmg.com\/demo\/samminhthinh\/\",\"name\":\"Home\"}},{\"@type\":\"ListItem\",\"position\":2,\"item\":{\"@type\":\"WebPage\",\"@id\":\"https:\/\/thietbitmg.com\/demo\/samminhthinh\/shop\/\",\"url\":\"https:\/\/thietbitmg.com\/demo\/samminhthinh\/shop\/\",\"name\":\"Shop\"}},{\"@type\":\"ListItem\",\"position\":3,\"item\":{\"@type\":\"WebPage\",\"@id\":\"https:\/\/thietbitmg.com\/demo\/samminhthinh\/yen-sao-can-gio-lam-sach-loai-2-100g-loai-ngon\/\",\"url\":\"https:\/\/thietbitmg.com\/demo\/samminhthinh\/yen-sao-can-gio-lam-sach-loai-2-100g-loai-ngon\/\",\"name\":\"Y\\u1ebfn s\\u00e0o C\\u1ea7n Gi\\u1edd l\\u00e0m s\\u1ea1ch lo\\u1ea1i 2 100g (lo\\u1ea1i ngon)\"}}]}]}<\/script>\n<!-- \/ Yoast SEO Premium plugin. -->","_links":{"self":[{"href":"https:\/\/thietbitmg.com\/demo\/samminhthinh\/wp-json\/wp\/v2\/product\/3758"}],"collection":[{"href":"https:\/\/thietbitmg.com\/demo\/samminhthinh\/wp-json\/wp\/v2\/product"}],"about":[{"href":"https:\/\/thietbitmg.com\/demo\/samminhthinh\/wp-json\/wp\/v2\/types\/product"}],"replies":[{"embeddable":true,"href":"https:\/\/thietbitmg.com\/demo\/samminhthinh\/wp-json\/wp\/v2\/comments?post=3758"}],"wp:featuredmedia":[{"embeddable":true,"href":"https:\/\/thietbitmg.com\/demo\/samminhthinh\/wp-json\/wp\/v2\/media\/3765"}],"wp:attachment":[{"href":"https:\/\/thietbitmg.com\/demo\/samminhthinh\/wp-json\/wp\/v2\/media?parent=3758"}],"curies":[{"name":"wp","href":"https:\/\/api.w.org\/{rel}","templated":true}]}}