{"id":3774,"date":"2022-03-01T03:12:52","date_gmt":"2022-03-01T03:12:52","guid":{"rendered":"https:\/\/samminhthinh.com\/?post_type=product&#038;p=3774"},"modified":"2022-03-01T03:12:52","modified_gmt":"2022-03-01T03:12:52","slug":"hop-to-yen-huyet-100g-thiet-ke-sang-trong","status":"publish","type":"product","link":"https:\/\/thietbitmg.com\/demo\/samminhthinh\/hop-to-yen-huyet-100g-thiet-ke-sang-trong\/","title":{"rendered":"H\u1ed9p t\u1ed5 y\u1ebfn huy\u1ebft 100g thi\u1ebft k\u1ebf sang tr\u1ecdng"},"content":{"rendered":"<p>\u27a2\u00a0H\u1ed9p t\u1ed5 y\u1ebfn huy\u1ebft\u00a0100g \u00a0\u0111\u01b0\u1ee3c thi\u1ebft k\u1ebf sang tr\u1ecdng, cao c\u1ea5p, mang nhi\u1ec1u \u00fd ngh\u0129a, l\u00e0 s\u1ea3n ph\u1ea9m ch\u1ea5t l\u01b0\u1ee3ng cao v\u1edbi T\u1ed5 Y\u1ebfn nguy\u00ean ch\u1ea5t 100%.<\/p>\n<p>\u27a2\u00a0B\u00ean c\u1ea1nh \u0111\u00f3 Qu\u00fd kh\u00e1ch h\u00e0ng ho\u00e0n to\u00e0n an t\u00e2m khi s\u1eed d\u1ee5ng s\u1ea3n ph\u1ea9m c\u1ee7a Nest Art, ch\u00fang t\u00f4i ch\u1ec9 b\u00e1n s\u1ea3n ph\u1ea9m t\u1eeb T\u1ed5 y\u1ebfn th\u1eadt 100%, \u0111\u1ea1t c\u00e1c gi\u1ea5y ch\u1ee9ng nh\u1eadn An to\u00e0n th\u1ef1c ph\u1ea9m , ki\u1ec3m \u0111\u1ecbnh ch\u1ea5t l\u01b0\u1ee3ng nh\u01b0 ISO 22000:2005, HACCP (ti\u00eau chu\u1ea9n an to\u00e0n th\u1ef1c ph\u1ea9m s\u1eed d\u1ee5ng trong vi\u1ec7c thi\u1ebft l\u1eadp h\u1ec7 th\u1ed1ng qu\u1ea3n l\u00fd an to\u00e0n th\u1ef1c ph\u1ea9m), GMP (Th\u1ef1c h\u00e0nh s\u1ea3n xu\u1ea5t t\u1ed1t h\u1ec7 th\u1ed1ng qu\u1ea3n l\u00fd ch\u1ea5t l\u01b0\u1ee3ng)\u2026 Nest Art \u2013 Ki\u1ec7t t\u00e1c t\u1eeb T\u1ed5 Y\u1ebfn.<\/p>\n<p>\u27a2\u00a0B\u1ed9 s\u1ea3n ph\u1ea9m :<\/p>\n<p>\u2727\u00a001 T\u1ed5 y\u1ebfn huy\u1ebft 100gr<\/p>\n<p>\u2727\u00a001 h\u1ed9p \u0111\u01b0\u1eddng ph\u00e8n<\/p>\n","protected":false},"excerpt":{"rendered":"<ul>\n<li>H\u1ed9p t\u1ed5 y\u1ebfn huy\u1ebft\u00a0100g \u0111\u01b0\u1ee3c thi\u1ebft k\u1ebf sang tr\u1ecdng, cao c\u1ea5p, mang nhi\u1ec1u \u00fd ngh\u0129a, l\u00e0 s\u1ea3n ph\u1ea9m ch\u1ea5t l\u01b0\u1ee3ng cao v\u1edbi T\u1ed5 Y\u1ebfn nguy\u00ean ch\u1ea5t 100%.<\/li>\n<li>Y\u1ebfn huy\u1ebft thi\u00ean nhi\u00ean nguy\u00ean t\u1ed5 l\u00e0 lo\u1ea1i t\u1ed5 y\u1ebfn c\u00f3 m\u00e0u \u0111\u1ecf t\u1ef1 nhi\u00ean \u0111\u01b0\u1ee3c khai th\u00e1c tr\u1ef1c ti\u1ebfp t\u1eeb c\u00e1c \u0111\u1ea3o y\u1ebfn thi\u00ean nhi\u00ean Kh\u00e1nh H\u00f2a, c\u00f3 m\u00f9i v\u1ecb \u0111\u1eb7c tr\u01b0ng c\u1ee7a t\u1ed5 y\u1ebfn thi\u00ean nhi\u00ean v\u1edbi h\u00e0m l\u01b0\u1ee3ng dinh d\u01b0\u1ee1ng r\u1ea5t cao v\u00e0 \u0111\u01b0\u1ee3c c\u00e1c chuy\u00ean gia dinh d\u01b0\u1ee1ng \u0111\u00e1nh gi\u00e1 c\u00f3 ch\u1ea5t l\u01b0\u1ee3ng h\u00e0ng \u0111\u1ea7u th\u1ebf gi\u1edbi.<\/li>\n<\/ul>\n","protected":false},"featured_media":3775,"comment_status":"open","ping_status":"closed","template":"","meta":[],"yoast_head":"<!-- This site is optimized with the Yoast SEO Premium plugin v15.9.1 - https:\/\/yoast.com\/wordpress\/plugins\/seo\/ -->\n<title>H\u1ed9p t\u1ed5 y\u1ebfn huy\u1ebft 100g thi\u1ebft k\u1ebf sang tr\u1ecdng - S\u00c2M MINH TH\u1ecaNH<\/title>\n<meta name=\"robots\" content=\"index, follow, max-snippet:-1, max-image-preview:large, max-video-preview:-1\" \/>\n<link rel=\"canonical\" href=\"https:\/\/thietbitmg.com\/demo\/samminhthinh\/hop-to-yen-huyet-100g-thiet-ke-sang-trong\/\" \/>\n<meta property=\"og:locale\" content=\"vi_VN\" \/>\n<meta property=\"og:type\" content=\"article\" \/>\n<meta property=\"og:title\" content=\"H\u1ed9p t\u1ed5 y\u1ebfn huy\u1ebft 100g thi\u1ebft k\u1ebf sang tr\u1ecdng - S\u00c2M MINH TH\u1ecaNH\" \/>\n<meta property=\"og:description\" content=\"H\u1ed9p t\u1ed5 y\u1ebfn huy\u1ebft\u00a0100g \u0111\u01b0\u1ee3c thi\u1ebft k\u1ebf sang tr\u1ecdng, cao c\u1ea5p, mang nhi\u1ec1u \u00fd ngh\u0129a, l\u00e0 s\u1ea3n ph\u1ea9m ch\u1ea5t l\u01b0\u1ee3ng cao v\u1edbi T\u1ed5 Y\u1ebfn nguy\u00ean ch\u1ea5t 100%.  Y\u1ebfn huy\u1ebft thi\u00ean nhi\u00ean nguy\u00ean t\u1ed5 l\u00e0 lo\u1ea1i t\u1ed5 y\u1ebfn c\u00f3 m\u00e0u \u0111\u1ecf t\u1ef1 nhi\u00ean \u0111\u01b0\u1ee3c khai th\u00e1c tr\u1ef1c ti\u1ebfp t\u1eeb c\u00e1c \u0111\u1ea3o y\u1ebfn thi\u00ean nhi\u00ean Kh\u00e1nh H\u00f2a, c\u00f3 m\u00f9i v\u1ecb \u0111\u1eb7c tr\u01b0ng c\u1ee7a t\u1ed5 y\u1ebfn thi\u00ean nhi\u00ean v\u1edbi h\u00e0m l\u01b0\u1ee3ng dinh d\u01b0\u1ee1ng r\u1ea5t cao v\u00e0 \u0111\u01b0\u1ee3c c\u00e1c chuy\u00ean gia dinh d\u01b0\u1ee1ng \u0111\u00e1nh gi\u00e1 c\u00f3 ch\u1ea5t l\u01b0\u1ee3ng h\u00e0ng \u0111\u1ea7u th\u1ebf gi\u1edbi.\" \/>\n<meta property=\"og:url\" content=\"https:\/\/thietbitmg.com\/demo\/samminhthinh\/hop-to-yen-huyet-100g-thiet-ke-sang-trong\/\" \/>\n<meta property=\"og:site_name\" content=\"S\u00c2M MINH TH\u1ecaNH\" \/>\n<meta property=\"og:image\" content=\"https:\/\/thietbitmg.com\/demo\/samminhthinh\/wp-content\/uploads\/2022\/03\/to-yen-huyet-100g_thumb.jpg\" \/>\n\t<meta property=\"og:image:width\" content=\"250\" \/>\n\t<meta property=\"og:image:height\" content=\"164\" \/>\n<meta name=\"twitter:card\" content=\"summary_large_image\" \/>\n<meta name=\"twitter:label1\" content=\"\u01af\u1edbc t\u00ednh th\u1eddi gian \u0111\u1ecdc\">\n\t<meta name=\"twitter:data1\" content=\"1 ph\u00fat\">\n<script type=\"application\/ld+json\" class=\"yoast-schema-graph\">{\"@context\":\"https:\/\/schema.org\",\"@graph\":[{\"@type\":\"WebSite\",\"@id\":\"https:\/\/thietbitmg.com\/demo\/samminhthinh\/#website\",\"url\":\"https:\/\/thietbitmg.com\/demo\/samminhthinh\/\",\"name\":\"S\\u00c2M MINH TH\\u1ecaNH\",\"description\":\"TRANG CH\\u1ee6\",\"potentialAction\":[{\"@type\":\"SearchAction\",\"target\":\"https:\/\/thietbitmg.com\/demo\/samminhthinh\/?s={search_term_string}\",\"query-input\":\"required name=search_term_string\"}],\"inLanguage\":\"vi\"},{\"@type\":\"ImageObject\",\"@id\":\"https:\/\/thietbitmg.com\/demo\/samminhthinh\/hop-to-yen-huyet-100g-thiet-ke-sang-trong\/#primaryimage\",\"inLanguage\":\"vi\",\"url\":\"https:\/\/thietbitmg.com\/demo\/samminhthinh\/wp-content\/uploads\/2022\/03\/to-yen-huyet-100g_thumb.jpg\",\"width\":250,\"height\":164},{\"@type\":\"WebPage\",\"@id\":\"https:\/\/thietbitmg.com\/demo\/samminhthinh\/hop-to-yen-huyet-100g-thiet-ke-sang-trong\/#webpage\",\"url\":\"https:\/\/thietbitmg.com\/demo\/samminhthinh\/hop-to-yen-huyet-100g-thiet-ke-sang-trong\/\",\"name\":\"H\\u1ed9p t\\u1ed5 y\\u1ebfn huy\\u1ebft 100g thi\\u1ebft k\\u1ebf sang tr\\u1ecdng - S\\u00c2M MINH TH\\u1ecaNH\",\"isPartOf\":{\"@id\":\"https:\/\/thietbitmg.com\/demo\/samminhthinh\/#website\"},\"primaryImageOfPage\":{\"@id\":\"https:\/\/thietbitmg.com\/demo\/samminhthinh\/hop-to-yen-huyet-100g-thiet-ke-sang-trong\/#primaryimage\"},\"datePublished\":\"2022-03-01T03:12:52+00:00\",\"dateModified\":\"2022-03-01T03:12:52+00:00\",\"breadcrumb\":{\"@id\":\"https:\/\/thietbitmg.com\/demo\/samminhthinh\/hop-to-yen-huyet-100g-thiet-ke-sang-trong\/#breadcrumb\"},\"inLanguage\":\"vi\",\"potentialAction\":[{\"@type\":\"ReadAction\",\"target\":[\"https:\/\/thietbitmg.com\/demo\/samminhthinh\/hop-to-yen-huyet-100g-thiet-ke-sang-trong\/\"]}]},{\"@type\":\"BreadcrumbList\",\"@id\":\"https:\/\/thietbitmg.com\/demo\/samminhthinh\/hop-to-yen-huyet-100g-thiet-ke-sang-trong\/#breadcrumb\",\"itemListElement\":[{\"@type\":\"ListItem\",\"position\":1,\"item\":{\"@type\":\"WebPage\",\"@id\":\"https:\/\/thietbitmg.com\/demo\/samminhthinh\/\",\"url\":\"https:\/\/thietbitmg.com\/demo\/samminhthinh\/\",\"name\":\"Home\"}},{\"@type\":\"ListItem\",\"position\":2,\"item\":{\"@type\":\"WebPage\",\"@id\":\"https:\/\/thietbitmg.com\/demo\/samminhthinh\/shop\/\",\"url\":\"https:\/\/thietbitmg.com\/demo\/samminhthinh\/shop\/\",\"name\":\"Shop\"}},{\"@type\":\"ListItem\",\"position\":3,\"item\":{\"@type\":\"WebPage\",\"@id\":\"https:\/\/thietbitmg.com\/demo\/samminhthinh\/hop-to-yen-huyet-100g-thiet-ke-sang-trong\/\",\"url\":\"https:\/\/thietbitmg.com\/demo\/samminhthinh\/hop-to-yen-huyet-100g-thiet-ke-sang-trong\/\",\"name\":\"H\\u1ed9p t\\u1ed5 y\\u1ebfn huy\\u1ebft 100g thi\\u1ebft k\\u1ebf sang tr\\u1ecdng\"}}]}]}<\/script>\n<!-- \/ Yoast SEO Premium plugin. -->","_links":{"self":[{"href":"https:\/\/thietbitmg.com\/demo\/samminhthinh\/wp-json\/wp\/v2\/product\/3774"}],"collection":[{"href":"https:\/\/thietbitmg.com\/demo\/samminhthinh\/wp-json\/wp\/v2\/product"}],"about":[{"href":"https:\/\/thietbitmg.com\/demo\/samminhthinh\/wp-json\/wp\/v2\/types\/product"}],"replies":[{"embeddable":true,"href":"https:\/\/thietbitmg.com\/demo\/samminhthinh\/wp-json\/wp\/v2\/comments?post=3774"}],"wp:featuredmedia":[{"embeddable":true,"href":"https:\/\/thietbitmg.com\/demo\/samminhthinh\/wp-json\/wp\/v2\/media\/3775"}],"wp:attachment":[{"href":"https:\/\/thietbitmg.com\/demo\/samminhthinh\/wp-json\/wp\/v2\/media?parent=3774"}],"curies":[{"name":"wp","href":"https:\/\/api.w.org\/{rel}","templated":true}]}}